{"id":5681,"date":"2023-09-21T22:35:58","date_gmt":"2023-09-21T20:35:58","guid":{"rendered":"https:\/\/www.leshivernales.be\/danseur\/chloe-albaret-freelance-pays-bas\/"},"modified":"2023-10-03T09:56:36","modified_gmt":"2023-10-03T07:56:36","slug":"chloe-albaret-freelance-netherlands","status":"publish","type":"danseur","link":"https:\/\/www.leshivernales.be\/en\/dancer\/chloe-albaret-freelance-netherlands\/","title":{"rendered":"Chlo\u00e9 Albaret, Freelance, Netherlands"},"content":{"rendered":"\n<div class=\"wp-block-columns is-layout-flex wp-container-core-columns-is-layout-9d6595d7 wp-block-columns-is-layout-flex\">\n<div class=\"wp-block-column is-layout-flow wp-block-column-is-layout-flow\">\n<p>Hailing from France, Chlo\u00e9 Albaret started dancing in 2007 at the \u201cMondap\u2019art\u201d training Centre in N\u00eemes. The following year, she continued her dance study at the \u201cBallet Junior de Gen\u00e8ve\u201d, in Switzerland. In 2010, she joined the \u201cNederlands&nbsp;Dans Theater 2\u201d and then moved to the main company \u201cNDT1\u201d in 2013 under the artistic direction of Paul Lightfoot. Chloe has now decided to take her freedom back to dance as a freelance artist and is working with various choreographers on new contemporary works.<\/p>\n\n\n\n<p>Throughout her career, Chlo\u00e9 worked with numerous choreographers such as&nbsp;Paul Lightfoot and Sol Le\u00f3n,&nbsp;Ji\u0159\u00ed Kyli\u00e1n, Ohad Naharin, Mats&nbsp;Ek, William Forsythe, Marco Goecke, Franck Chartier and Gabriela Carrizo (Peeping Tom), Crystal Pite, Hofesh Shechter and Sharon Eyal.<\/p>\n\n\n\n<p>In 2019, Chlo\u00e9 was nominated for the prestigious Dutch \u201cZwaan\u201d Award in the category of &#8220;most impressive performance&#8221; and has won the prize for the same category in 2020.<\/p>\n<\/div>\n\n\n\n<div class=\"wp-block-column is-layout-flow wp-block-column-is-layout-flow\">\n<figure class=\"wp-block-image size-full\"><a href=\"https:\/\/www.leshivernales.be\/wp-content\/uploads\/2022\/11\/photo3.jpg\" data-rel=\"lightbox-gallery-lTJWXs4m\" data-rl_title=\"\" data-rl_caption=\"\" title=\"\"><img decoding=\"async\" width=\"775\" height=\"537\" data-src=\"https:\/\/www.leshivernales.be\/wp-content\/uploads\/2022\/11\/photo3.jpg\" alt=\"\" class=\"wp-image-3604 lazyload\" data-srcset=\"https:\/\/www.leshivernales.be\/wp-content\/uploads\/2022\/11\/photo3.jpg 775w, https:\/\/www.leshivernales.be\/wp-content\/uploads\/2022\/11\/photo3-500x346.jpg 500w, https:\/\/www.leshivernales.be\/wp-content\/uploads\/2022\/11\/photo3-768x532.jpg 768w\" data-sizes=\"(max-width: 775px) 100vw, 775px\" src=\"data:image\/svg+xml;base64,PHN2ZyB3aWR0aD0iMSIgaGVpZ2h0PSIxIiB4bWxucz0iaHR0cDovL3d3dy53My5vcmcvMjAwMC9zdmciPjwvc3ZnPg==\" style=\"--smush-placeholder-width: 775px; --smush-placeholder-aspect-ratio: 775\/537;\" \/><\/a><\/figure>\n<\/div>\n<\/div>\n","protected":false},"featured_media":3607,"template":"","annee":[124],"class_list":["post-5681","danseur","type-danseur","status-publish","has-post-thumbnail","hentry","annee-124"],"acf":[],"yoast_head":"<!-- This site is optimized with the Yoast SEO plugin v27.4 - https:\/\/yoast.com\/product\/yoast-seo-wordpress\/ -->\n<title>Chlo\u00e9 Albaret, Freelance, Netherlands - Les Hivernales de la Danse<\/title>\n<meta name=\"description\" content=\"Originaire de France, Chlo\u00e9 Albaret d\u00e9bute la danse en 2007 au Centre de formation artistique \u00ab\u00a0Mondap\u2019art\u00a0\u00bb de N\u00eemes.\" \/>\n<meta name=\"robots\" content=\"index, follow, max-snippet:-1, max-image-preview:large, max-video-preview:-1\" \/>\n<link rel=\"canonical\" href=\"https:\/\/www.leshivernales.be\/en\/dancer\/chloe-albaret-freelance-netherlands\/\" \/>\n<meta property=\"og:locale\" content=\"en_US\" \/>\n<meta property=\"og:type\" content=\"article\" \/>\n<meta property=\"og:title\" content=\"Chlo\u00e9 Albaret, Freelance, Netherlands - Les Hivernales de la Danse\" \/>\n<meta property=\"og:description\" content=\"Originaire de France, Chlo\u00e9 Albaret d\u00e9bute la danse en 2007 au Centre de formation artistique \u00ab\u00a0Mondap\u2019art\u00a0\u00bb de N\u00eemes.\" \/>\n<meta property=\"og:url\" content=\"https:\/\/www.leshivernales.be\/en\/dancer\/chloe-albaret-freelance-netherlands\/\" \/>\n<meta property=\"og:site_name\" content=\"Les Hivernales de la Danse\" \/>\n<meta property=\"article:publisher\" content=\"https:\/\/www.facebook.com\/leshivernalesdeladanse\/\" \/>\n<meta property=\"article:modified_time\" content=\"2023-10-03T07:56:36+00:00\" \/>\n<meta property=\"og:image\" content=\"https:\/\/www.leshivernales.be\/wp-content\/uploads\/2022\/11\/portrait.jpg\" \/>\n\t<meta property=\"og:image:width\" content=\"667\" \/>\n\t<meta property=\"og:image:height\" content=\"1000\" \/>\n\t<meta property=\"og:image:type\" content=\"image\/jpeg\" \/>\n<meta name=\"twitter:card\" content=\"summary_large_image\" \/>\n<script type=\"application\/ld+json\" class=\"yoast-schema-graph\">{\"@context\":\"https:\\\/\\\/schema.org\",\"@graph\":[{\"@type\":\"WebPage\",\"@id\":\"https:\\\/\\\/www.leshivernales.be\\\/en\\\/dancer\\\/chloe-albaret-freelance-netherlands\\\/\",\"url\":\"https:\\\/\\\/www.leshivernales.be\\\/en\\\/dancer\\\/chloe-albaret-freelance-netherlands\\\/\",\"name\":\"Chlo\u00e9 Albaret, Freelance, Netherlands - Les Hivernales de la Danse\",\"isPartOf\":{\"@id\":\"https:\\\/\\\/www.leshivernales.be\\\/en\\\/#website\"},\"primaryImageOfPage\":{\"@id\":\"https:\\\/\\\/www.leshivernales.be\\\/en\\\/dancer\\\/chloe-albaret-freelance-netherlands\\\/#primaryimage\"},\"image\":{\"@id\":\"https:\\\/\\\/www.leshivernales.be\\\/en\\\/dancer\\\/chloe-albaret-freelance-netherlands\\\/#primaryimage\"},\"thumbnailUrl\":\"https:\\\/\\\/www.leshivernales.be\\\/wp-content\\\/uploads\\\/2022\\\/11\\\/portrait.jpg\",\"datePublished\":\"2023-09-21T20:35:58+00:00\",\"dateModified\":\"2023-10-03T07:56:36+00:00\",\"description\":\"Originaire de France, Chlo\u00e9 Albaret d\u00e9bute la danse en 2007 au Centre de formation artistique \u00ab\u00a0Mondap\u2019art\u00a0\u00bb de N\u00eemes.\",\"breadcrumb\":{\"@id\":\"https:\\\/\\\/www.leshivernales.be\\\/en\\\/dancer\\\/chloe-albaret-freelance-netherlands\\\/#breadcrumb\"},\"inLanguage\":\"en-US\",\"potentialAction\":[{\"@type\":\"ReadAction\",\"target\":[\"https:\\\/\\\/www.leshivernales.be\\\/en\\\/dancer\\\/chloe-albaret-freelance-netherlands\\\/\"]}]},{\"@type\":\"ImageObject\",\"inLanguage\":\"en-US\",\"@id\":\"https:\\\/\\\/www.leshivernales.be\\\/en\\\/dancer\\\/chloe-albaret-freelance-netherlands\\\/#primaryimage\",\"url\":\"https:\\\/\\\/www.leshivernales.be\\\/wp-content\\\/uploads\\\/2022\\\/11\\\/portrait.jpg\",\"contentUrl\":\"https:\\\/\\\/www.leshivernales.be\\\/wp-content\\\/uploads\\\/2022\\\/11\\\/portrait.jpg\",\"width\":667,\"height\":1000,\"caption\":\"Chlo\u00e9 Albaret\"},{\"@type\":\"BreadcrumbList\",\"@id\":\"https:\\\/\\\/www.leshivernales.be\\\/en\\\/dancer\\\/chloe-albaret-freelance-netherlands\\\/#breadcrumb\",\"itemListElement\":[{\"@type\":\"ListItem\",\"position\":1,\"name\":\"Home\",\"item\":\"https:\\\/\\\/www.leshivernales.be\\\/en\\\/\"},{\"@type\":\"ListItem\",\"position\":2,\"name\":\"Chlo\u00e9 Albaret, Freelance, Netherlands\"}]},{\"@type\":\"WebSite\",\"@id\":\"https:\\\/\\\/www.leshivernales.be\\\/en\\\/#website\",\"url\":\"https:\\\/\\\/www.leshivernales.be\\\/en\\\/\",\"name\":\"Les Hivernales de la Danse\",\"description\":\"\",\"potentialAction\":[{\"@type\":\"SearchAction\",\"target\":{\"@type\":\"EntryPoint\",\"urlTemplate\":\"https:\\\/\\\/www.leshivernales.be\\\/en\\\/?s={search_term_string}\"},\"query-input\":{\"@type\":\"PropertyValueSpecification\",\"valueRequired\":true,\"valueName\":\"search_term_string\"}}],\"inLanguage\":\"en-US\"}]}<\/script>\n<!-- \/ Yoast SEO plugin. -->","yoast_head_json":{"title":"Chlo\u00e9 Albaret, Freelance, Netherlands - Les Hivernales de la Danse","description":"Originaire de France, Chlo\u00e9 Albaret d\u00e9bute la danse en 2007 au Centre de formation artistique \u00ab\u00a0Mondap\u2019art\u00a0\u00bb de N\u00eemes.","robots":{"index":"index","follow":"follow","max-snippet":"max-snippet:-1","max-image-preview":"max-image-preview:large","max-video-preview":"max-video-preview:-1"},"canonical":"https:\/\/www.leshivernales.be\/en\/dancer\/chloe-albaret-freelance-netherlands\/","og_locale":"en_US","og_type":"article","og_title":"Chlo\u00e9 Albaret, Freelance, Netherlands - Les Hivernales de la Danse","og_description":"Originaire de France, Chlo\u00e9 Albaret d\u00e9bute la danse en 2007 au Centre de formation artistique \u00ab\u00a0Mondap\u2019art\u00a0\u00bb de N\u00eemes.","og_url":"https:\/\/www.leshivernales.be\/en\/dancer\/chloe-albaret-freelance-netherlands\/","og_site_name":"Les Hivernales de la Danse","article_publisher":"https:\/\/www.facebook.com\/leshivernalesdeladanse\/","article_modified_time":"2023-10-03T07:56:36+00:00","og_image":[{"width":667,"height":1000,"url":"https:\/\/www.leshivernales.be\/wp-content\/uploads\/2022\/11\/portrait.jpg","type":"image\/jpeg"}],"twitter_card":"summary_large_image","schema":{"@context":"https:\/\/schema.org","@graph":[{"@type":"WebPage","@id":"https:\/\/www.leshivernales.be\/en\/dancer\/chloe-albaret-freelance-netherlands\/","url":"https:\/\/www.leshivernales.be\/en\/dancer\/chloe-albaret-freelance-netherlands\/","name":"Chlo\u00e9 Albaret, Freelance, Netherlands - Les Hivernales de la Danse","isPartOf":{"@id":"https:\/\/www.leshivernales.be\/en\/#website"},"primaryImageOfPage":{"@id":"https:\/\/www.leshivernales.be\/en\/dancer\/chloe-albaret-freelance-netherlands\/#primaryimage"},"image":{"@id":"https:\/\/www.leshivernales.be\/en\/dancer\/chloe-albaret-freelance-netherlands\/#primaryimage"},"thumbnailUrl":"https:\/\/www.leshivernales.be\/wp-content\/uploads\/2022\/11\/portrait.jpg","datePublished":"2023-09-21T20:35:58+00:00","dateModified":"2023-10-03T07:56:36+00:00","description":"Originaire de France, Chlo\u00e9 Albaret d\u00e9bute la danse en 2007 au Centre de formation artistique \u00ab\u00a0Mondap\u2019art\u00a0\u00bb de N\u00eemes.","breadcrumb":{"@id":"https:\/\/www.leshivernales.be\/en\/dancer\/chloe-albaret-freelance-netherlands\/#breadcrumb"},"inLanguage":"en-US","potentialAction":[{"@type":"ReadAction","target":["https:\/\/www.leshivernales.be\/en\/dancer\/chloe-albaret-freelance-netherlands\/"]}]},{"@type":"ImageObject","inLanguage":"en-US","@id":"https:\/\/www.leshivernales.be\/en\/dancer\/chloe-albaret-freelance-netherlands\/#primaryimage","url":"https:\/\/www.leshivernales.be\/wp-content\/uploads\/2022\/11\/portrait.jpg","contentUrl":"https:\/\/www.leshivernales.be\/wp-content\/uploads\/2022\/11\/portrait.jpg","width":667,"height":1000,"caption":"Chlo\u00e9 Albaret"},{"@type":"BreadcrumbList","@id":"https:\/\/www.leshivernales.be\/en\/dancer\/chloe-albaret-freelance-netherlands\/#breadcrumb","itemListElement":[{"@type":"ListItem","position":1,"name":"Home","item":"https:\/\/www.leshivernales.be\/en\/"},{"@type":"ListItem","position":2,"name":"Chlo\u00e9 Albaret, Freelance, Netherlands"}]},{"@type":"WebSite","@id":"https:\/\/www.leshivernales.be\/en\/#website","url":"https:\/\/www.leshivernales.be\/en\/","name":"Les Hivernales de la Danse","description":"","potentialAction":[{"@type":"SearchAction","target":{"@type":"EntryPoint","urlTemplate":"https:\/\/www.leshivernales.be\/en\/?s={search_term_string}"},"query-input":{"@type":"PropertyValueSpecification","valueRequired":true,"valueName":"search_term_string"}}],"inLanguage":"en-US"}]}},"_links":{"self":[{"href":"https:\/\/www.leshivernales.be\/en\/wp-json\/wp\/v2\/danseur\/5681","targetHints":{"allow":["GET"]}}],"collection":[{"href":"https:\/\/www.leshivernales.be\/en\/wp-json\/wp\/v2\/danseur"}],"about":[{"href":"https:\/\/www.leshivernales.be\/en\/wp-json\/wp\/v2\/types\/danseur"}],"wp:featuredmedia":[{"embeddable":true,"href":"https:\/\/www.leshivernales.be\/en\/wp-json\/wp\/v2\/media\/3607"}],"wp:attachment":[{"href":"https:\/\/www.leshivernales.be\/en\/wp-json\/wp\/v2\/media?parent=5681"}],"wp:term":[{"taxonomy":"annee","embeddable":true,"href":"https:\/\/www.leshivernales.be\/en\/wp-json\/wp\/v2\/annee?post=5681"}],"curies":[{"name":"wp","href":"https:\/\/api.w.org\/{rel}","templated":true}]}}

Chloé Albaret, Freelance, Netherlands

<div class="wp-block-columns is-layout-flex wp-container-core-columns-is-layout-9d6595d7 wp-block-columns-is-layout-flex">
<div class="wp-block-column is-layout-flow wp-block-column-is-layout-flow">
<p>Hailing from France, Chloé Albaret started dancing in 2007 at the “Mondap’art” training Centre in Nîmes. The following year, she continued her dance study at the “Ballet Junior de Genève”, in Switzerland. In 2010, she joined the “Nederlands&nbsp;Dans Theater 2” and then moved to the main company “NDT1” in 2013 under the artistic direction of Paul Lightfoot. Chloe has now decided to take her freedom back to dance as a freelance artist and is working with various choreographers on new contemporary works.</p>



<p>Throughout her career, Chloé worked with numerous choreographers such as&nbsp;Paul Lightfoot and Sol León,&nbsp;Jiří Kylián, Ohad Naharin, Mats&nbsp;Ek, William Forsythe, Marco Goecke, Franck Chartier and Gabriela Carrizo (Peeping Tom), Crystal Pite, Hofesh Shechter and Sharon Eyal.</p>



<p>In 2019, Chloé was nominated for the prestigious Dutch “Zwaan” Award in the category of &#8220;most impressive performance&#8221; and has won the prize for the same category in 2020.</p>
</div>



<div class="wp-block-column is-layout-flow wp-block-column-is-layout-flow">
<figure class="wp-block-image size-full"><a href="https://www.leshivernales.be/wp-content/uploads/2022/11/photo3.jpg" data-rel="lightbox-gallery-lTJWXs4m" data-rl_title="" data-rl_caption="" title=""><img decoding="async" width="775" height="537" data-src="https://www.leshivernales.be/wp-content/uploads/2022/11/photo3.jpg" alt="" class="wp-image-3604 lazyload" data-srcset="https://www.leshivernales.be/wp-content/uploads/2022/11/photo3.jpg 775w, https://www.leshivernales.be/wp-content/uploads/2022/11/photo3-500x346.jpg 500w, https://www.leshivernales.be/wp-content/uploads/2022/11/photo3-768x532.jpg 768w" data-sizes="(max-width: 775px) 100vw, 775px" src="data:image/svg+xml;base64,PHN2ZyB3aWR0aD0iMSIgaGVpZ2h0PSIxIiB4bWxucz0iaHR0cDovL3d3dy53My5vcmcvMjAwMC9zdmciPjwvc3ZnPg==" style="--smush-placeholder-width: 775px; --smush-placeholder-aspect-ratio: 775/537;" /></a></figure>
</div>
</div>

<!-- This site is optimized with the Yoast SEO plugin v27.4 - https://yoast.com/product/yoast-seo-wordpress/ -->
<title>Chloé Albaret, Freelance, Netherlands - Les Hivernales de la Danse</title>
<meta name="description" content="Originaire de France, Chloé Albaret débute la danse en 2007 au Centre de formation artistique « Mondap’art » de Nîmes." />
<meta name="robots" content="index, follow, max-snippet:-1, max-image-preview:large, max-video-preview:-1" />
<link rel="canonical" href="https://www.leshivernales.be/en/dancer/chloe-albaret-freelance-netherlands/" />
<meta property="og:locale" content="en_US" />
<meta property="og:type" content="article" />
<meta property="og:title" content="Chloé Albaret, Freelance, Netherlands - Les Hivernales de la Danse" />
<meta property="og:description" content="Originaire de France, Chloé Albaret débute la danse en 2007 au Centre de formation artistique « Mondap’art » de Nîmes." />
<meta property="og:url" content="https://www.leshivernales.be/en/dancer/chloe-albaret-freelance-netherlands/" />
<meta property="og:site_name" content="Les Hivernales de la Danse" />
<meta property="article:publisher" content="https://www.facebook.com/leshivernalesdeladanse/" />
<meta property="article:modified_time" content="2023-10-03T07:56:36+00:00" />
<meta property="og:image" content="https://www.leshivernales.be/wp-content/uploads/2022/11/portrait.jpg" />
	<meta property="og:image:width" content="667" />
	<meta property="og:image:height" content="1000" />
	<meta property="og:image:type" content="image/jpeg" />
<meta name="twitter:card" content="summary_large_image" />
<script type="application/ld+json" class="yoast-schema-graph">{"@context":"https:\/\/schema.org","@graph":[{"@type":"WebPage","@id":"https:\/\/www.leshivernales.be\/en\/dancer\/chloe-albaret-freelance-netherlands\/","url":"https:\/\/www.leshivernales.be\/en\/dancer\/chloe-albaret-freelance-netherlands\/","name":"Chloé Albaret, Freelance, Netherlands - Les Hivernales de la Danse","isPartOf":{"@id":"https:\/\/www.leshivernales.be\/en\/#website"},"primaryImageOfPage":{"@id":"https:\/\/www.leshivernales.be\/en\/dancer\/chloe-albaret-freelance-netherlands\/#primaryimage"},"image":{"@id":"https:\/\/www.leshivernales.be\/en\/dancer\/chloe-albaret-freelance-netherlands\/#primaryimage"},"thumbnailUrl":"https:\/\/www.leshivernales.be\/wp-content\/uploads\/2022\/11\/portrait.jpg","datePublished":"2023-09-21T20:35:58+00:00","dateModified":"2023-10-03T07:56:36+00:00","description":"Originaire de France, Chloé Albaret débute la danse en 2007 au Centre de formation artistique « Mondap’art » de Nîmes.","breadcrumb":{"@id":"https:\/\/www.leshivernales.be\/en\/dancer\/chloe-albaret-freelance-netherlands\/#breadcrumb"},"inLanguage":"en-US","potentialAction":[{"@type":"ReadAction","target":["https:\/\/www.leshivernales.be\/en\/dancer\/chloe-albaret-freelance-netherlands\/"]}]},{"@type":"ImageObject","inLanguage":"en-US","@id":"https:\/\/www.leshivernales.be\/en\/dancer\/chloe-albaret-freelance-netherlands\/#primaryimage","url":"https:\/\/www.leshivernales.be\/wp-content\/uploads\/2022\/11\/portrait.jpg","contentUrl":"https:\/\/www.leshivernales.be\/wp-content\/uploads\/2022\/11\/portrait.jpg","width":667,"height":1000,"caption":"Chloé Albaret"},{"@type":"BreadcrumbList","@id":"https:\/\/www.leshivernales.be\/en\/dancer\/chloe-albaret-freelance-netherlands\/#breadcrumb","itemListElement":[{"@type":"ListItem","position":1,"name":"Home","item":"https:\/\/www.leshivernales.be\/en\/"},{"@type":"ListItem","position":2,"name":"Chloé Albaret, Freelance, Netherlands"}]},{"@type":"WebSite","@id":"https:\/\/www.leshivernales.be\/en\/#website","url":"https:\/\/www.leshivernales.be\/en\/","name":"Les Hivernales de la Danse","description":"","potentialAction":[{"@type":"SearchAction","target":{"@type":"EntryPoint","urlTemplate":"https:\/\/www.leshivernales.be\/en\/?s={search_term_string}"},"query-input":{"@type":"PropertyValueSpecification","valueRequired":true,"valueName":"search_term_string"}}],"inLanguage":"en-US"}]}</script>
<!-- / Yoast SEO plugin. -->

Chloé Albaret, Freelance, Netherlands - Les Hivernales de la Danse

Originaire de France, Chloé Albaret débute la danse en 2007 au Centre de formation artistique « Mondap’art » de Nîmes.

Chloé Albaret
