{"id":5852,"date":"2023-10-03T10:47:26","date_gmt":"2023-10-03T08:47:26","guid":{"rendered":"https:\/\/www.leshivernales.be\/?post_type=danseur&#038;p=5852"},"modified":"2023-10-03T10:47:27","modified_gmt":"2023-10-03T08:47:27","slug":"aki-saito-ballet-royal-de-flandres-belgique","status":"publish","type":"danseur","link":"https:\/\/www.leshivernales.be\/en\/dancer\/aki-saito-ballet-royal-de-flandres-belgique\/","title":{"rendered":"Aki Saito, Ballet Royal de Flandres, Belgique"},"content":{"rendered":"\n<div class=\"wp-block-columns is-layout-flex wp-container-core-columns-is-layout-9d6595d7 wp-block-columns-is-layout-flex\">\n<div class=\"wp-block-column is-layout-flow wp-block-column-is-layout-flow\">\n<p><span class=\"s1\">N\u00e9e au Japon, Aki y apprend l\u2019art de la danse d\u00e8s son plus jeune \u00e2ge. Elle remporte le 1<sup>er<\/sup> Prix au Coucours des Jeunes Danseurs au Japon en 1990 et la m\u00e9daille d\u2019or au Concours International de Houlgate en France. Elle est r\u00e9compens\u00e9e du \u00ab&nbsp;Fresh Prize&nbsp;\u00bb par le comit\u00e9 d\u2019\u00e9ducation d\u2019Iwate au Japon et re\u00e7oit une bourse d\u2019\u00e9tude au Prix de Lausanne en 1991 qui lui permet de continuer son apprentissage de la danse \u00e0 l\u2019\u00e9cole de Ballet d\u2019Anvers. En 1994, elle entre au Ballet Royal de Flandres sous la direction de Robert Denvers en tant que demi-soliste pour devenir, en 1998, premi\u00e8re soliste. C\u2019est en 2004 qu\u2019elle acc\u00e8de au grade tr\u00e8s convoit\u00e9 de Principal, et a dans\u00e9 depuis, tous les grands r\u00f4les du r\u00e9pertoire classique et contemporain de la compagnie. Une nouvelle version du Lac des Cygnes a \u00e9t\u00e9 cr\u00e9\u00e9e pour elle et son partenaire Wym Vanlessen par Marcia Hayd\u00e9e.<\/span><\/p>\n\n\n\n<p><span class=\"s1\">Aki est r\u00e9guli\u00e8rement invit\u00e9e dans de nombreux Galas Internationaux comme le Gala des Etoiles \u00e0 Paris, le Prix de Lausanne, le \u00ab&nbsp;Dancesalad&nbsp;\u00bb \u00e0 Huston, le Gala de Prague, le Festival du Ballet de Aoyama \u00e0 Tokyo; ou comme danseuse invit\u00e9e dans diverses compagnies, telle le Ballet de Santiago. Elle a \u00e9galement fait partie du Gala International pr\u00e9c\u00e9dent les Jeux Olympiques de Nagano en 1998.<\/span><\/p>\n\n\n\n<p><span class=\"s1\">Quand son emploi du temps lui autorise, elle juge les talents de la nouvelle g\u00e9n\u00e9ration. On a pu la compter dans le jury du Prix de Lausanne en 2003, 2005 et 2007 ainsi qu\u2019au Prix Carpeaux en 2009. En 2007, elle re\u00e7oit le Prix de la Critique de \u00ab&nbsp;Ballet 2000&nbsp;\u00bb \u00e0 Cannes.<\/span><\/p>\n\n\n\n<p><span class=\"s1\">Sa carri\u00e8re exceptionnelle au Ballet de Flandres vient d\u2019\u00eatre c\u00e9l\u00e9br\u00e9e lors de sa derni\u00e8re apparition en tant qu\u2019Etoile, fin 2018, marquant sa transition professionnelle. Elle officie actuellement en tant que professeur \u00e0 l\u2019Ecole de Ballet d\u2019Anvers, pour le plaisir et la fiert\u00e9 de ses nouveaux \u00e9l\u00e8ves.<\/span><\/p>\n<\/div>\n\n\n\n<div class=\"wp-block-column is-layout-flow wp-block-column-is-layout-flow\"><div class=\"wp-block-image\">\n<figure class=\"aligncenter\"><a href=\"http:\/\/leshivernales.be\/wp-content\/uploads\/2012\/06\/aki.jpg\" data-rel=\"lightbox-gallery-Rxcv1LaI\" data-rl_title=\"\" data-rl_caption=\"\" title=\"\"><img decoding=\"async\" width=\"267\" height=\"400\" data-src=\"http:\/\/leshivernales.be\/wp-content\/uploads\/2012\/06\/aki-267x400.jpg\" alt=\"aki\" class=\"wp-image-1014 lazyload\" data-srcset=\"https:\/\/www.leshivernales.be\/wp-content\/uploads\/2012\/06\/aki-267x400.jpg 267w, https:\/\/www.leshivernales.be\/wp-content\/uploads\/2012\/06\/aki-683x1024.jpg 683w, https:\/\/www.leshivernales.be\/wp-content\/uploads\/2012\/06\/aki.jpg 800w\" data-sizes=\"(max-width: 267px) 100vw, 267px\" src=\"data:image\/svg+xml;base64,PHN2ZyB3aWR0aD0iMSIgaGVpZ2h0PSIxIiB4bWxucz0iaHR0cDovL3d3dy53My5vcmcvMjAwMC9zdmciPjwvc3ZnPg==\" style=\"--smush-placeholder-width: 267px; --smush-placeholder-aspect-ratio: 267\/400;\" \/><\/a><\/figure>\n<\/div><\/div>\n<\/div>\n\n\n\n<p class=\"has-text-align-center\"><\/p>\n\n\n\n<p class=\"has-text-align-center\">&nbsp;<\/p>\n","protected":false},"featured_media":2372,"template":"","annee":[128,132,134,135],"class_list":["post-5852","danseur","type-danseur","status-publish","has-post-thumbnail","hentry","annee-128","annee-132","annee-134","annee-135"],"acf":[],"yoast_head":"<!-- This site is optimized with the Yoast SEO plugin v27.4 - https:\/\/yoast.com\/product\/yoast-seo-wordpress\/ -->\n<title>Aki Saito, Ballet Royal de Flandres, Belgique - Les Hivernales de la Danse<\/title>\n<meta name=\"robots\" content=\"index, follow, max-snippet:-1, max-image-preview:large, max-video-preview:-1\" \/>\n<link rel=\"canonical\" href=\"https:\/\/www.leshivernales.be\/en\/dancer\/aki-saito-ballet-royal-de-flandres-belgique\/\" \/>\n<meta property=\"og:locale\" content=\"en_US\" \/>\n<meta property=\"og:type\" content=\"article\" \/>\n<meta property=\"og:title\" content=\"Aki Saito, Ballet Royal de Flandres, Belgique - Les Hivernales de la Danse\" \/>\n<meta property=\"og:description\" content=\"N\u00e9e au Japon, Aki y apprend l\u2019art de la danse d\u00e8s son plus jeune \u00e2ge. Elle remporte le (...)En savoir plus\" \/>\n<meta property=\"og:url\" content=\"https:\/\/www.leshivernales.be\/en\/dancer\/aki-saito-ballet-royal-de-flandres-belgique\/\" \/>\n<meta property=\"og:site_name\" content=\"Les Hivernales de la Danse\" \/>\n<meta property=\"article:publisher\" content=\"https:\/\/www.facebook.com\/leshivernalesdeladanse\/\" \/>\n<meta property=\"article:modified_time\" content=\"2023-10-03T08:47:27+00:00\" \/>\n<meta property=\"og:image\" content=\"https:\/\/www.leshivernales.be\/wp-content\/uploads\/2012\/06\/aki-saito.jpg\" \/>\n\t<meta property=\"og:image:width\" content=\"600\" \/>\n\t<meta property=\"og:image:height\" content=\"400\" \/>\n\t<meta property=\"og:image:type\" content=\"image\/jpeg\" \/>\n<meta name=\"twitter:card\" content=\"summary_large_image\" \/>\n<script type=\"application\/ld+json\" class=\"yoast-schema-graph\">{\"@context\":\"https:\\\/\\\/schema.org\",\"@graph\":[{\"@type\":\"WebPage\",\"@id\":\"https:\\\/\\\/www.leshivernales.be\\\/en\\\/dancer\\\/aki-saito-ballet-royal-de-flandres-belgique\\\/\",\"url\":\"https:\\\/\\\/www.leshivernales.be\\\/en\\\/dancer\\\/aki-saito-ballet-royal-de-flandres-belgique\\\/\",\"name\":\"Aki Saito, Ballet Royal de Flandres, Belgique - Les Hivernales de la Danse\",\"isPartOf\":{\"@id\":\"https:\\\/\\\/www.leshivernales.be\\\/en\\\/#website\"},\"primaryImageOfPage\":{\"@id\":\"https:\\\/\\\/www.leshivernales.be\\\/en\\\/dancer\\\/aki-saito-ballet-royal-de-flandres-belgique\\\/#primaryimage\"},\"image\":{\"@id\":\"https:\\\/\\\/www.leshivernales.be\\\/en\\\/dancer\\\/aki-saito-ballet-royal-de-flandres-belgique\\\/#primaryimage\"},\"thumbnailUrl\":\"https:\\\/\\\/www.leshivernales.be\\\/wp-content\\\/uploads\\\/2012\\\/06\\\/aki-saito.jpg\",\"datePublished\":\"2023-10-03T08:47:26+00:00\",\"dateModified\":\"2023-10-03T08:47:27+00:00\",\"breadcrumb\":{\"@id\":\"https:\\\/\\\/www.leshivernales.be\\\/en\\\/dancer\\\/aki-saito-ballet-royal-de-flandres-belgique\\\/#breadcrumb\"},\"inLanguage\":\"en-US\",\"potentialAction\":[{\"@type\":\"ReadAction\",\"target\":[\"https:\\\/\\\/www.leshivernales.be\\\/en\\\/dancer\\\/aki-saito-ballet-royal-de-flandres-belgique\\\/\"]}]},{\"@type\":\"ImageObject\",\"inLanguage\":\"en-US\",\"@id\":\"https:\\\/\\\/www.leshivernales.be\\\/en\\\/dancer\\\/aki-saito-ballet-royal-de-flandres-belgique\\\/#primaryimage\",\"url\":\"https:\\\/\\\/www.leshivernales.be\\\/wp-content\\\/uploads\\\/2012\\\/06\\\/aki-saito.jpg\",\"contentUrl\":\"https:\\\/\\\/www.leshivernales.be\\\/wp-content\\\/uploads\\\/2012\\\/06\\\/aki-saito.jpg\",\"width\":600,\"height\":400},{\"@type\":\"BreadcrumbList\",\"@id\":\"https:\\\/\\\/www.leshivernales.be\\\/en\\\/dancer\\\/aki-saito-ballet-royal-de-flandres-belgique\\\/#breadcrumb\",\"itemListElement\":[{\"@type\":\"ListItem\",\"position\":1,\"name\":\"Home\",\"item\":\"https:\\\/\\\/www.leshivernales.be\\\/en\\\/\"},{\"@type\":\"ListItem\",\"position\":2,\"name\":\"Aki Saito, Ballet Royal de Flandres, Belgique\"}]},{\"@type\":\"WebSite\",\"@id\":\"https:\\\/\\\/www.leshivernales.be\\\/en\\\/#website\",\"url\":\"https:\\\/\\\/www.leshivernales.be\\\/en\\\/\",\"name\":\"Les Hivernales de la Danse\",\"description\":\"\",\"potentialAction\":[{\"@type\":\"SearchAction\",\"target\":{\"@type\":\"EntryPoint\",\"urlTemplate\":\"https:\\\/\\\/www.leshivernales.be\\\/en\\\/?s={search_term_string}\"},\"query-input\":{\"@type\":\"PropertyValueSpecification\",\"valueRequired\":true,\"valueName\":\"search_term_string\"}}],\"inLanguage\":\"en-US\"}]}<\/script>\n<!-- \/ Yoast SEO plugin. -->","yoast_head_json":{"title":"Aki Saito, Ballet Royal de Flandres, Belgique - Les Hivernales de la Danse","robots":{"index":"index","follow":"follow","max-snippet":"max-snippet:-1","max-image-preview":"max-image-preview:large","max-video-preview":"max-video-preview:-1"},"canonical":"https:\/\/www.leshivernales.be\/en\/dancer\/aki-saito-ballet-royal-de-flandres-belgique\/","og_locale":"en_US","og_type":"article","og_title":"Aki Saito, Ballet Royal de Flandres, Belgique - Les Hivernales de la Danse","og_description":"N\u00e9e au Japon, Aki y apprend l\u2019art de la danse d\u00e8s son plus jeune \u00e2ge. Elle remporte le (...)En savoir plus","og_url":"https:\/\/www.leshivernales.be\/en\/dancer\/aki-saito-ballet-royal-de-flandres-belgique\/","og_site_name":"Les Hivernales de la Danse","article_publisher":"https:\/\/www.facebook.com\/leshivernalesdeladanse\/","article_modified_time":"2023-10-03T08:47:27+00:00","og_image":[{"width":600,"height":400,"url":"https:\/\/www.leshivernales.be\/wp-content\/uploads\/2012\/06\/aki-saito.jpg","type":"image\/jpeg"}],"twitter_card":"summary_large_image","schema":{"@context":"https:\/\/schema.org","@graph":[{"@type":"WebPage","@id":"https:\/\/www.leshivernales.be\/en\/dancer\/aki-saito-ballet-royal-de-flandres-belgique\/","url":"https:\/\/www.leshivernales.be\/en\/dancer\/aki-saito-ballet-royal-de-flandres-belgique\/","name":"Aki Saito, Ballet Royal de Flandres, Belgique - Les Hivernales de la Danse","isPartOf":{"@id":"https:\/\/www.leshivernales.be\/en\/#website"},"primaryImageOfPage":{"@id":"https:\/\/www.leshivernales.be\/en\/dancer\/aki-saito-ballet-royal-de-flandres-belgique\/#primaryimage"},"image":{"@id":"https:\/\/www.leshivernales.be\/en\/dancer\/aki-saito-ballet-royal-de-flandres-belgique\/#primaryimage"},"thumbnailUrl":"https:\/\/www.leshivernales.be\/wp-content\/uploads\/2012\/06\/aki-saito.jpg","datePublished":"2023-10-03T08:47:26+00:00","dateModified":"2023-10-03T08:47:27+00:00","breadcrumb":{"@id":"https:\/\/www.leshivernales.be\/en\/dancer\/aki-saito-ballet-royal-de-flandres-belgique\/#breadcrumb"},"inLanguage":"en-US","potentialAction":[{"@type":"ReadAction","target":["https:\/\/www.leshivernales.be\/en\/dancer\/aki-saito-ballet-royal-de-flandres-belgique\/"]}]},{"@type":"ImageObject","inLanguage":"en-US","@id":"https:\/\/www.leshivernales.be\/en\/dancer\/aki-saito-ballet-royal-de-flandres-belgique\/#primaryimage","url":"https:\/\/www.leshivernales.be\/wp-content\/uploads\/2012\/06\/aki-saito.jpg","contentUrl":"https:\/\/www.leshivernales.be\/wp-content\/uploads\/2012\/06\/aki-saito.jpg","width":600,"height":400},{"@type":"BreadcrumbList","@id":"https:\/\/www.leshivernales.be\/en\/dancer\/aki-saito-ballet-royal-de-flandres-belgique\/#breadcrumb","itemListElement":[{"@type":"ListItem","position":1,"name":"Home","item":"https:\/\/www.leshivernales.be\/en\/"},{"@type":"ListItem","position":2,"name":"Aki Saito, Ballet Royal de Flandres, Belgique"}]},{"@type":"WebSite","@id":"https:\/\/www.leshivernales.be\/en\/#website","url":"https:\/\/www.leshivernales.be\/en\/","name":"Les Hivernales de la Danse","description":"","potentialAction":[{"@type":"SearchAction","target":{"@type":"EntryPoint","urlTemplate":"https:\/\/www.leshivernales.be\/en\/?s={search_term_string}"},"query-input":{"@type":"PropertyValueSpecification","valueRequired":true,"valueName":"search_term_string"}}],"inLanguage":"en-US"}]}},"_links":{"self":[{"href":"https:\/\/www.leshivernales.be\/en\/wp-json\/wp\/v2\/danseur\/5852","targetHints":{"allow":["GET"]}}],"collection":[{"href":"https:\/\/www.leshivernales.be\/en\/wp-json\/wp\/v2\/danseur"}],"about":[{"href":"https:\/\/www.leshivernales.be\/en\/wp-json\/wp\/v2\/types\/danseur"}],"wp:featuredmedia":[{"embeddable":true,"href":"https:\/\/www.leshivernales.be\/en\/wp-json\/wp\/v2\/media\/2372"}],"wp:attachment":[{"href":"https:\/\/www.leshivernales.be\/en\/wp-json\/wp\/v2\/media?parent=5852"}],"wp:term":[{"taxonomy":"annee","embeddable":true,"href":"https:\/\/www.leshivernales.be\/en\/wp-json\/wp\/v2\/annee?post=5852"}],"curies":[{"name":"wp","href":"https:\/\/api.w.org\/{rel}","templated":true}]}}

<div class="wp-block-columns is-layout-flex wp-container-core-columns-is-layout-9d6595d7 wp-block-columns-is-layout-flex">
<div class="wp-block-column is-layout-flow wp-block-column-is-layout-flow">
<p><span class="s1">Née au Japon, Aki y apprend l’art de la danse dès son plus jeune âge. Elle remporte le 1<sup>er</sup> Prix au Coucours des Jeunes Danseurs au Japon en 1990 et la médaille d’or au Concours International de Houlgate en France. Elle est récompensée du «&nbsp;Fresh Prize&nbsp;» par le comité d’éducation d’Iwate au Japon et reçoit une bourse d’étude au Prix de Lausanne en 1991 qui lui permet de continuer son apprentissage de la danse à l’école de Ballet d’Anvers. En 1994, elle entre au Ballet Royal de Flandres sous la direction de Robert Denvers en tant que demi-soliste pour devenir, en 1998, première soliste. C’est en 2004 qu’elle accède au grade très convoité de Principal, et a dansé depuis, tous les grands rôles du répertoire classique et contemporain de la compagnie. Une nouvelle version du Lac des Cygnes a été créée pour elle et son partenaire Wym Vanlessen par Marcia Haydée.</span></p>



<p><span class="s1">Aki est régulièrement invitée dans de nombreux Galas Internationaux comme le Gala des Etoiles à Paris, le Prix de Lausanne, le «&nbsp;Dancesalad&nbsp;» à Huston, le Gala de Prague, le Festival du Ballet de Aoyama à Tokyo; ou comme danseuse invitée dans diverses compagnies, telle le Ballet de Santiago. Elle a également fait partie du Gala International précédent les Jeux Olympiques de Nagano en 1998.</span></p>



<p><span class="s1">Quand son emploi du temps lui autorise, elle juge les talents de la nouvelle génération. On a pu la compter dans le jury du Prix de Lausanne en 2003, 2005 et 2007 ainsi qu’au Prix Carpeaux en 2009. En 2007, elle reçoit le Prix de la Critique de «&nbsp;Ballet 2000&nbsp;» à Cannes.</span></p>



<p><span class="s1">Sa carrière exceptionnelle au Ballet de Flandres vient d’être célébrée lors de sa dernière apparition en tant qu’Etoile, fin 2018, marquant sa transition professionnelle. Elle officie actuellement en tant que professeur à l’Ecole de Ballet d’Anvers, pour le plaisir et la fierté de ses nouveaux élèves.</span></p>
</div>



<div class="wp-block-column is-layout-flow wp-block-column-is-layout-flow"><div class="wp-block-image">
<figure class="aligncenter"><a href="http://leshivernales.be/wp-content/uploads/2012/06/aki.jpg" data-rel="lightbox-gallery-Rxcv1LaI" data-rl_title="" data-rl_caption="" title=""><img decoding="async" width="267" height="400" data-src="http://leshivernales.be/wp-content/uploads/2012/06/aki-267x400.jpg" alt="aki" class="wp-image-1014 lazyload" data-srcset="https://www.leshivernales.be/wp-content/uploads/2012/06/aki-267x400.jpg 267w, https://www.leshivernales.be/wp-content/uploads/2012/06/aki-683x1024.jpg 683w, https://www.leshivernales.be/wp-content/uploads/2012/06/aki.jpg 800w" data-sizes="(max-width: 267px) 100vw, 267px" src="data:image/svg+xml;base64,PHN2ZyB3aWR0aD0iMSIgaGVpZ2h0PSIxIiB4bWxucz0iaHR0cDovL3d3dy53My5vcmcvMjAwMC9zdmciPjwvc3ZnPg==" style="--smush-placeholder-width: 267px; --smush-placeholder-aspect-ratio: 267/400;" /></a></figure>
</div></div>
</div>



<p class="has-text-align-center"></p>



<p class="has-text-align-center">&nbsp;</p>

<!-- This site is optimized with the Yoast SEO plugin v27.4 - https://yoast.com/product/yoast-seo-wordpress/ -->
<title>Aki Saito, Ballet Royal de Flandres, Belgique - Les Hivernales de la Danse</title>
<meta name="robots" content="index, follow, max-snippet:-1, max-image-preview:large, max-video-preview:-1" />
<link rel="canonical" href="https://www.leshivernales.be/en/dancer/aki-saito-ballet-royal-de-flandres-belgique/" />
<meta property="og:locale" content="en_US" />
<meta property="og:type" content="article" />
<meta property="og:title" content="Aki Saito, Ballet Royal de Flandres, Belgique - Les Hivernales de la Danse" />
<meta property="og:description" content="Née au Japon, Aki y apprend l’art de la danse dès son plus jeune âge. Elle remporte le (...)En savoir plus" />
<meta property="og:url" content="https://www.leshivernales.be/en/dancer/aki-saito-ballet-royal-de-flandres-belgique/" />
<meta property="og:site_name" content="Les Hivernales de la Danse" />
<meta property="article:publisher" content="https://www.facebook.com/leshivernalesdeladanse/" />
<meta property="article:modified_time" content="2023-10-03T08:47:27+00:00" />
<meta property="og:image" content="https://www.leshivernales.be/wp-content/uploads/2012/06/aki-saito.jpg" />
	<meta property="og:image:width" content="600" />
	<meta property="og:image:height" content="400" />
	<meta property="og:image:type" content="image/jpeg" />
<meta name="twitter:card" content="summary_large_image" />
<script type="application/ld+json" class="yoast-schema-graph">{"@context":"https:\/\/schema.org","@graph":[{"@type":"WebPage","@id":"https:\/\/www.leshivernales.be\/en\/dancer\/aki-saito-ballet-royal-de-flandres-belgique\/","url":"https:\/\/www.leshivernales.be\/en\/dancer\/aki-saito-ballet-royal-de-flandres-belgique\/","name":"Aki Saito, Ballet Royal de Flandres, Belgique - Les Hivernales de la Danse","isPartOf":{"@id":"https:\/\/www.leshivernales.be\/en\/#website"},"primaryImageOfPage":{"@id":"https:\/\/www.leshivernales.be\/en\/dancer\/aki-saito-ballet-royal-de-flandres-belgique\/#primaryimage"},"image":{"@id":"https:\/\/www.leshivernales.be\/en\/dancer\/aki-saito-ballet-royal-de-flandres-belgique\/#primaryimage"},"thumbnailUrl":"https:\/\/www.leshivernales.be\/wp-content\/uploads\/2012\/06\/aki-saito.jpg","datePublished":"2023-10-03T08:47:26+00:00","dateModified":"2023-10-03T08:47:27+00:00","breadcrumb":{"@id":"https:\/\/www.leshivernales.be\/en\/dancer\/aki-saito-ballet-royal-de-flandres-belgique\/#breadcrumb"},"inLanguage":"en-US","potentialAction":[{"@type":"ReadAction","target":["https:\/\/www.leshivernales.be\/en\/dancer\/aki-saito-ballet-royal-de-flandres-belgique\/"]}]},{"@type":"ImageObject","inLanguage":"en-US","@id":"https:\/\/www.leshivernales.be\/en\/dancer\/aki-saito-ballet-royal-de-flandres-belgique\/#primaryimage","url":"https:\/\/www.leshivernales.be\/wp-content\/uploads\/2012\/06\/aki-saito.jpg","contentUrl":"https:\/\/www.leshivernales.be\/wp-content\/uploads\/2012\/06\/aki-saito.jpg","width":600,"height":400},{"@type":"BreadcrumbList","@id":"https:\/\/www.leshivernales.be\/en\/dancer\/aki-saito-ballet-royal-de-flandres-belgique\/#breadcrumb","itemListElement":[{"@type":"ListItem","position":1,"name":"Home","item":"https:\/\/www.leshivernales.be\/en\/"},{"@type":"ListItem","position":2,"name":"Aki Saito, Ballet Royal de Flandres, Belgique"}]},{"@type":"WebSite","@id":"https:\/\/www.leshivernales.be\/en\/#website","url":"https:\/\/www.leshivernales.be\/en\/","name":"Les Hivernales de la Danse","description":"","potentialAction":[{"@type":"SearchAction","target":{"@type":"EntryPoint","urlTemplate":"https:\/\/www.leshivernales.be\/en\/?s={search_term_string}"},"query-input":{"@type":"PropertyValueSpecification","valueRequired":true,"valueName":"search_term_string"}}],"inLanguage":"en-US"}]}</script>
<!-- / Yoast SEO plugin. -->

Née au Japon, Aki y apprend l’art de la danse dès son plus jeune âge. Elle remporte le (...)En savoir plus
