{"id":5886,"date":"2023-10-03T11:34:10","date_gmt":"2023-10-03T09:34:10","guid":{"rendered":"https:\/\/www.leshivernales.be\/?post_type=danseur&#038;p=5886"},"modified":"2023-10-03T11:34:11","modified_gmt":"2023-10-03T09:34:11","slug":"eric-underwood-royal-ballet-de-londres-england","status":"publish","type":"danseur","link":"https:\/\/www.leshivernales.be\/en\/dancer\/eric-underwood-royal-ballet-de-londres-england\/","title":{"rendered":"Eric Underwood, Royal Ballet de Londres, England"},"content":{"rendered":"\n<div class=\"wp-block-columns is-layout-flex wp-container-core-columns-is-layout-9d6595d7 wp-block-columns-is-layout-flex\">\n<div class=\"wp-block-column is-layout-flow wp-block-column-is-layout-flow\">\n<p>Am\u00e9ricain d\u2019origine, Eric d\u00e9bute son apprentissage de la danse sous la direction de Barabra Marks avant de rejoindre <a href=\"http:\/\/www.abt.org\/education\/\" target=\"_blank\" rel=\"noopener\"><strong>l\u2019\u00e9cole d\u2019 l\u2019American Ballet Theater<\/strong><\/a>&nbsp;\u00e0 New York. Il re\u00e7oit alors la bourse d\u2019\u00e9tude de la <strong>Philip Morris Foundation<\/strong>.<\/p>\n\n\n\n<p>En 2000, il rejoint le <a href=\"http:\/\/www.dancetheatreofharlem.org\/\" target=\"_blank\" rel=\"noopener\"><strong>Dance Theatre of Harlem<\/strong><\/a>&nbsp;o\u00f9 il sera promu soliste l\u2019ann\u00e9e suivante. C\u2019est en 2003 qu\u2019il rejoint <a href=\"http:\/\/www.abt.org\/default.aspx\" target=\"_blank\" rel=\"noopener\"><strong>l\u2019American Ballet Theater<\/strong><\/a>, dansant de nombreux r\u00f4les notamment dans The Four Temperaments, Agon, Work within Work de Forsythe, In the Upper Room de Tharp, Le Lac des Cygnes, Cendrillon, Manon et Sylvia.<\/p>\n\n\n\n<p>Il quitte les Etats-Unis pour de nouvelles aventures au <a href=\"http:\/\/www.roh.org.uk\/\" target=\"_blank\" rel=\"noopener\"><strong>Royal Ballet<\/strong> <strong>de Londres<\/strong><\/a> en 2006, o\u00f9 il danse actuellement en qualit\u00e9 de soliste. Il a particip\u00e9 au Gala d\u2019hommage \u00e0 la Reine et se voit invit\u00e9 \u00e0 de nombreux Galas internationaux. Chroma, DGV&nbsp;: Danse \u00e0 Grande Vitesse, Seven deadly Sins et le r\u00e9cent Electric Counterpoint de Christopher Wheeldon ont \u00e9t\u00e9 cr\u00e9\u00e9s sur lui.&nbsp;<\/p>\n<\/div>\n\n\n\n<div class=\"wp-block-column is-layout-flow wp-block-column-is-layout-flow\">\n<figure class=\"wp-block-image\"><a href=\"http:\/\/leshivernales.be\/wp-content\/uploads\/2014\/05\/Eric-Underwood.jpg\" data-rel=\"lightbox-gallery-PDB94CEd\" data-rl_title=\"\" data-rl_caption=\"\" title=\"\"><img decoding=\"async\" width=\"300\" height=\"400\" data-src=\"http:\/\/leshivernales.be\/wp-content\/uploads\/2014\/05\/Eric-Underwood-300x400.jpg\" alt=\"Eric Underwood\" class=\"wp-image-830 lazyload\" data-srcset=\"https:\/\/www.leshivernales.be\/wp-content\/uploads\/2014\/05\/Eric-Underwood-300x400.jpg 300w, https:\/\/www.leshivernales.be\/wp-content\/uploads\/2014\/05\/Eric-Underwood.jpg 720w\" data-sizes=\"(max-width: 300px) 100vw, 300px\" src=\"data:image\/svg+xml;base64,PHN2ZyB3aWR0aD0iMSIgaGVpZ2h0PSIxIiB4bWxucz0iaHR0cDovL3d3dy53My5vcmcvMjAwMC9zdmciPjwvc3ZnPg==\" style=\"--smush-placeholder-width: 300px; --smush-placeholder-aspect-ratio: 300\/400;\" \/><\/a><\/figure>\n<\/div>\n<\/div>\n\n\n\n<p class=\"has-text-align-center\">&nbsp;<\/p>\n\n\n\n<p class=\"has-text-align-center\"><\/p>\n\n\n\n<p class=\"has-text-align-center\">&nbsp;<\/p>\n","protected":false},"featured_media":2313,"template":"","annee":[133],"class_list":["post-5886","danseur","type-danseur","status-publish","has-post-thumbnail","hentry","annee-133"],"acf":[],"yoast_head":"<!-- This site is optimized with the Yoast SEO plugin v27.4 - https:\/\/yoast.com\/product\/yoast-seo-wordpress\/ -->\n<title>Eric Underwood, Royal Ballet de Londres, England - Les Hivernales de la Danse<\/title>\n<meta name=\"robots\" content=\"index, follow, max-snippet:-1, max-image-preview:large, max-video-preview:-1\" \/>\n<link rel=\"canonical\" href=\"https:\/\/www.leshivernales.be\/en\/dancer\/eric-underwood-royal-ballet-de-londres-england\/\" \/>\n<meta property=\"og:locale\" content=\"en_US\" \/>\n<meta property=\"og:type\" content=\"article\" \/>\n<meta property=\"og:title\" content=\"Eric Underwood, Royal Ballet de Londres, England - Les Hivernales de la Danse\" \/>\n<meta property=\"og:description\" content=\"Am\u00e9ricain d\u2019origine, Eric d\u00e9bute son apprentissage de la danse sous la direction de Barabra Marks avant de rejoindre (...)En savoir plus\" \/>\n<meta property=\"og:url\" content=\"https:\/\/www.leshivernales.be\/en\/dancer\/eric-underwood-royal-ballet-de-londres-england\/\" \/>\n<meta property=\"og:site_name\" content=\"Les Hivernales de la Danse\" \/>\n<meta property=\"article:publisher\" content=\"https:\/\/www.facebook.com\/leshivernalesdeladanse\/\" \/>\n<meta property=\"article:modified_time\" content=\"2023-10-03T09:34:11+00:00\" \/>\n<meta property=\"og:image\" content=\"https:\/\/www.leshivernales.be\/wp-content\/uploads\/2014\/05\/Eric-Underwood-portrait.jpg\" \/>\n\t<meta property=\"og:image:width\" content=\"400\" \/>\n\t<meta property=\"og:image:height\" content=\"400\" \/>\n\t<meta property=\"og:image:type\" content=\"image\/jpeg\" \/>\n<meta name=\"twitter:card\" content=\"summary_large_image\" \/>\n<script type=\"application\/ld+json\" class=\"yoast-schema-graph\">{\"@context\":\"https:\\\/\\\/schema.org\",\"@graph\":[{\"@type\":\"WebPage\",\"@id\":\"https:\\\/\\\/www.leshivernales.be\\\/en\\\/dancer\\\/eric-underwood-royal-ballet-de-londres-england\\\/\",\"url\":\"https:\\\/\\\/www.leshivernales.be\\\/en\\\/dancer\\\/eric-underwood-royal-ballet-de-londres-england\\\/\",\"name\":\"Eric Underwood, Royal Ballet de Londres, England - Les Hivernales de la Danse\",\"isPartOf\":{\"@id\":\"https:\\\/\\\/www.leshivernales.be\\\/en\\\/#website\"},\"primaryImageOfPage\":{\"@id\":\"https:\\\/\\\/www.leshivernales.be\\\/en\\\/dancer\\\/eric-underwood-royal-ballet-de-londres-england\\\/#primaryimage\"},\"image\":{\"@id\":\"https:\\\/\\\/www.leshivernales.be\\\/en\\\/dancer\\\/eric-underwood-royal-ballet-de-londres-england\\\/#primaryimage\"},\"thumbnailUrl\":\"https:\\\/\\\/www.leshivernales.be\\\/wp-content\\\/uploads\\\/2014\\\/05\\\/Eric-Underwood-portrait.jpg\",\"datePublished\":\"2023-10-03T09:34:10+00:00\",\"dateModified\":\"2023-10-03T09:34:11+00:00\",\"breadcrumb\":{\"@id\":\"https:\\\/\\\/www.leshivernales.be\\\/en\\\/dancer\\\/eric-underwood-royal-ballet-de-londres-england\\\/#breadcrumb\"},\"inLanguage\":\"en-US\",\"potentialAction\":[{\"@type\":\"ReadAction\",\"target\":[\"https:\\\/\\\/www.leshivernales.be\\\/en\\\/dancer\\\/eric-underwood-royal-ballet-de-londres-england\\\/\"]}]},{\"@type\":\"ImageObject\",\"inLanguage\":\"en-US\",\"@id\":\"https:\\\/\\\/www.leshivernales.be\\\/en\\\/dancer\\\/eric-underwood-royal-ballet-de-londres-england\\\/#primaryimage\",\"url\":\"https:\\\/\\\/www.leshivernales.be\\\/wp-content\\\/uploads\\\/2014\\\/05\\\/Eric-Underwood-portrait.jpg\",\"contentUrl\":\"https:\\\/\\\/www.leshivernales.be\\\/wp-content\\\/uploads\\\/2014\\\/05\\\/Eric-Underwood-portrait.jpg\",\"width\":400,\"height\":400},{\"@type\":\"BreadcrumbList\",\"@id\":\"https:\\\/\\\/www.leshivernales.be\\\/en\\\/dancer\\\/eric-underwood-royal-ballet-de-londres-england\\\/#breadcrumb\",\"itemListElement\":[{\"@type\":\"ListItem\",\"position\":1,\"name\":\"Home\",\"item\":\"https:\\\/\\\/www.leshivernales.be\\\/en\\\/\"},{\"@type\":\"ListItem\",\"position\":2,\"name\":\"Eric Underwood, Royal Ballet de Londres, England\"}]},{\"@type\":\"WebSite\",\"@id\":\"https:\\\/\\\/www.leshivernales.be\\\/en\\\/#website\",\"url\":\"https:\\\/\\\/www.leshivernales.be\\\/en\\\/\",\"name\":\"Les Hivernales de la Danse\",\"description\":\"\",\"potentialAction\":[{\"@type\":\"SearchAction\",\"target\":{\"@type\":\"EntryPoint\",\"urlTemplate\":\"https:\\\/\\\/www.leshivernales.be\\\/en\\\/?s={search_term_string}\"},\"query-input\":{\"@type\":\"PropertyValueSpecification\",\"valueRequired\":true,\"valueName\":\"search_term_string\"}}],\"inLanguage\":\"en-US\"}]}<\/script>\n<!-- \/ Yoast SEO plugin. -->","yoast_head_json":{"title":"Eric Underwood, Royal Ballet de Londres, England - Les Hivernales de la Danse","robots":{"index":"index","follow":"follow","max-snippet":"max-snippet:-1","max-image-preview":"max-image-preview:large","max-video-preview":"max-video-preview:-1"},"canonical":"https:\/\/www.leshivernales.be\/en\/dancer\/eric-underwood-royal-ballet-de-londres-england\/","og_locale":"en_US","og_type":"article","og_title":"Eric Underwood, Royal Ballet de Londres, England - Les Hivernales de la Danse","og_description":"Am\u00e9ricain d\u2019origine, Eric d\u00e9bute son apprentissage de la danse sous la direction de Barabra Marks avant de rejoindre (...)En savoir plus","og_url":"https:\/\/www.leshivernales.be\/en\/dancer\/eric-underwood-royal-ballet-de-londres-england\/","og_site_name":"Les Hivernales de la Danse","article_publisher":"https:\/\/www.facebook.com\/leshivernalesdeladanse\/","article_modified_time":"2023-10-03T09:34:11+00:00","og_image":[{"width":400,"height":400,"url":"https:\/\/www.leshivernales.be\/wp-content\/uploads\/2014\/05\/Eric-Underwood-portrait.jpg","type":"image\/jpeg"}],"twitter_card":"summary_large_image","schema":{"@context":"https:\/\/schema.org","@graph":[{"@type":"WebPage","@id":"https:\/\/www.leshivernales.be\/en\/dancer\/eric-underwood-royal-ballet-de-londres-england\/","url":"https:\/\/www.leshivernales.be\/en\/dancer\/eric-underwood-royal-ballet-de-londres-england\/","name":"Eric Underwood, Royal Ballet de Londres, England - Les Hivernales de la Danse","isPartOf":{"@id":"https:\/\/www.leshivernales.be\/en\/#website"},"primaryImageOfPage":{"@id":"https:\/\/www.leshivernales.be\/en\/dancer\/eric-underwood-royal-ballet-de-londres-england\/#primaryimage"},"image":{"@id":"https:\/\/www.leshivernales.be\/en\/dancer\/eric-underwood-royal-ballet-de-londres-england\/#primaryimage"},"thumbnailUrl":"https:\/\/www.leshivernales.be\/wp-content\/uploads\/2014\/05\/Eric-Underwood-portrait.jpg","datePublished":"2023-10-03T09:34:10+00:00","dateModified":"2023-10-03T09:34:11+00:00","breadcrumb":{"@id":"https:\/\/www.leshivernales.be\/en\/dancer\/eric-underwood-royal-ballet-de-londres-england\/#breadcrumb"},"inLanguage":"en-US","potentialAction":[{"@type":"ReadAction","target":["https:\/\/www.leshivernales.be\/en\/dancer\/eric-underwood-royal-ballet-de-londres-england\/"]}]},{"@type":"ImageObject","inLanguage":"en-US","@id":"https:\/\/www.leshivernales.be\/en\/dancer\/eric-underwood-royal-ballet-de-londres-england\/#primaryimage","url":"https:\/\/www.leshivernales.be\/wp-content\/uploads\/2014\/05\/Eric-Underwood-portrait.jpg","contentUrl":"https:\/\/www.leshivernales.be\/wp-content\/uploads\/2014\/05\/Eric-Underwood-portrait.jpg","width":400,"height":400},{"@type":"BreadcrumbList","@id":"https:\/\/www.leshivernales.be\/en\/dancer\/eric-underwood-royal-ballet-de-londres-england\/#breadcrumb","itemListElement":[{"@type":"ListItem","position":1,"name":"Home","item":"https:\/\/www.leshivernales.be\/en\/"},{"@type":"ListItem","position":2,"name":"Eric Underwood, Royal Ballet de Londres, England"}]},{"@type":"WebSite","@id":"https:\/\/www.leshivernales.be\/en\/#website","url":"https:\/\/www.leshivernales.be\/en\/","name":"Les Hivernales de la Danse","description":"","potentialAction":[{"@type":"SearchAction","target":{"@type":"EntryPoint","urlTemplate":"https:\/\/www.leshivernales.be\/en\/?s={search_term_string}"},"query-input":{"@type":"PropertyValueSpecification","valueRequired":true,"valueName":"search_term_string"}}],"inLanguage":"en-US"}]}},"_links":{"self":[{"href":"https:\/\/www.leshivernales.be\/en\/wp-json\/wp\/v2\/danseur\/5886","targetHints":{"allow":["GET"]}}],"collection":[{"href":"https:\/\/www.leshivernales.be\/en\/wp-json\/wp\/v2\/danseur"}],"about":[{"href":"https:\/\/www.leshivernales.be\/en\/wp-json\/wp\/v2\/types\/danseur"}],"wp:featuredmedia":[{"embeddable":true,"href":"https:\/\/www.leshivernales.be\/en\/wp-json\/wp\/v2\/media\/2313"}],"wp:attachment":[{"href":"https:\/\/www.leshivernales.be\/en\/wp-json\/wp\/v2\/media?parent=5886"}],"wp:term":[{"taxonomy":"annee","embeddable":true,"href":"https:\/\/www.leshivernales.be\/en\/wp-json\/wp\/v2\/annee?post=5886"}],"curies":[{"name":"wp","href":"https:\/\/api.w.org\/{rel}","templated":true}]}}

<div class="wp-block-columns is-layout-flex wp-container-core-columns-is-layout-9d6595d7 wp-block-columns-is-layout-flex">
<div class="wp-block-column is-layout-flow wp-block-column-is-layout-flow">
<p>Américain d’origine, Eric débute son apprentissage de la danse sous la direction de Barabra Marks avant de rejoindre <a href="http://www.abt.org/education/" target="_blank" rel="noopener"><strong>l’école d’ l’American Ballet Theater</strong></a>&nbsp;à New York. Il reçoit alors la bourse d’étude de la <strong>Philip Morris Foundation</strong>.</p>



<p>En 2000, il rejoint le <a href="http://www.dancetheatreofharlem.org/" target="_blank" rel="noopener"><strong>Dance Theatre of Harlem</strong></a>&nbsp;où il sera promu soliste l’année suivante. C’est en 2003 qu’il rejoint <a href="http://www.abt.org/default.aspx" target="_blank" rel="noopener"><strong>l’American Ballet Theater</strong></a>, dansant de nombreux rôles notamment dans The Four Temperaments, Agon, Work within Work de Forsythe, In the Upper Room de Tharp, Le Lac des Cygnes, Cendrillon, Manon et Sylvia.</p>



<p>Il quitte les Etats-Unis pour de nouvelles aventures au <a href="http://www.roh.org.uk/" target="_blank" rel="noopener"><strong>Royal Ballet</strong> <strong>de Londres</strong></a> en 2006, où il danse actuellement en qualité de soliste. Il a participé au Gala d’hommage à la Reine et se voit invité à de nombreux Galas internationaux. Chroma, DGV&nbsp;: Danse à Grande Vitesse, Seven deadly Sins et le récent Electric Counterpoint de Christopher Wheeldon ont été créés sur lui.&nbsp;</p>
</div>



<div class="wp-block-column is-layout-flow wp-block-column-is-layout-flow">
<figure class="wp-block-image"><a href="http://leshivernales.be/wp-content/uploads/2014/05/Eric-Underwood.jpg" data-rel="lightbox-gallery-PDB94CEd" data-rl_title="" data-rl_caption="" title=""><img decoding="async" width="300" height="400" data-src="http://leshivernales.be/wp-content/uploads/2014/05/Eric-Underwood-300x400.jpg" alt="Eric Underwood" class="wp-image-830 lazyload" data-srcset="https://www.leshivernales.be/wp-content/uploads/2014/05/Eric-Underwood-300x400.jpg 300w, https://www.leshivernales.be/wp-content/uploads/2014/05/Eric-Underwood.jpg 720w" data-sizes="(max-width: 300px) 100vw, 300px" src="data:image/svg+xml;base64,PHN2ZyB3aWR0aD0iMSIgaGVpZ2h0PSIxIiB4bWxucz0iaHR0cDovL3d3dy53My5vcmcvMjAwMC9zdmciPjwvc3ZnPg==" style="--smush-placeholder-width: 300px; --smush-placeholder-aspect-ratio: 300/400;" /></a></figure>
</div>
</div>



<p class="has-text-align-center">&nbsp;</p>



<p class="has-text-align-center"></p>



<p class="has-text-align-center">&nbsp;</p>

<!-- This site is optimized with the Yoast SEO plugin v27.4 - https://yoast.com/product/yoast-seo-wordpress/ -->
<title>Eric Underwood, Royal Ballet de Londres, England - Les Hivernales de la Danse</title>
<meta name="robots" content="index, follow, max-snippet:-1, max-image-preview:large, max-video-preview:-1" />
<link rel="canonical" href="https://www.leshivernales.be/en/dancer/eric-underwood-royal-ballet-de-londres-england/" />
<meta property="og:locale" content="en_US" />
<meta property="og:type" content="article" />
<meta property="og:title" content="Eric Underwood, Royal Ballet de Londres, England - Les Hivernales de la Danse" />
<meta property="og:description" content="Américain d’origine, Eric débute son apprentissage de la danse sous la direction de Barabra Marks avant de rejoindre (...)En savoir plus" />
<meta property="og:url" content="https://www.leshivernales.be/en/dancer/eric-underwood-royal-ballet-de-londres-england/" />
<meta property="og:site_name" content="Les Hivernales de la Danse" />
<meta property="article:publisher" content="https://www.facebook.com/leshivernalesdeladanse/" />
<meta property="article:modified_time" content="2023-10-03T09:34:11+00:00" />
<meta property="og:image" content="https://www.leshivernales.be/wp-content/uploads/2014/05/Eric-Underwood-portrait.jpg" />
	<meta property="og:image:width" content="400" />
	<meta property="og:image:height" content="400" />
	<meta property="og:image:type" content="image/jpeg" />
<meta name="twitter:card" content="summary_large_image" />
<script type="application/ld+json" class="yoast-schema-graph">{"@context":"https:\/\/schema.org","@graph":[{"@type":"WebPage","@id":"https:\/\/www.leshivernales.be\/en\/dancer\/eric-underwood-royal-ballet-de-londres-england\/","url":"https:\/\/www.leshivernales.be\/en\/dancer\/eric-underwood-royal-ballet-de-londres-england\/","name":"Eric Underwood, Royal Ballet de Londres, England - Les Hivernales de la Danse","isPartOf":{"@id":"https:\/\/www.leshivernales.be\/en\/#website"},"primaryImageOfPage":{"@id":"https:\/\/www.leshivernales.be\/en\/dancer\/eric-underwood-royal-ballet-de-londres-england\/#primaryimage"},"image":{"@id":"https:\/\/www.leshivernales.be\/en\/dancer\/eric-underwood-royal-ballet-de-londres-england\/#primaryimage"},"thumbnailUrl":"https:\/\/www.leshivernales.be\/wp-content\/uploads\/2014\/05\/Eric-Underwood-portrait.jpg","datePublished":"2023-10-03T09:34:10+00:00","dateModified":"2023-10-03T09:34:11+00:00","breadcrumb":{"@id":"https:\/\/www.leshivernales.be\/en\/dancer\/eric-underwood-royal-ballet-de-londres-england\/#breadcrumb"},"inLanguage":"en-US","potentialAction":[{"@type":"ReadAction","target":["https:\/\/www.leshivernales.be\/en\/dancer\/eric-underwood-royal-ballet-de-londres-england\/"]}]},{"@type":"ImageObject","inLanguage":"en-US","@id":"https:\/\/www.leshivernales.be\/en\/dancer\/eric-underwood-royal-ballet-de-londres-england\/#primaryimage","url":"https:\/\/www.leshivernales.be\/wp-content\/uploads\/2014\/05\/Eric-Underwood-portrait.jpg","contentUrl":"https:\/\/www.leshivernales.be\/wp-content\/uploads\/2014\/05\/Eric-Underwood-portrait.jpg","width":400,"height":400},{"@type":"BreadcrumbList","@id":"https:\/\/www.leshivernales.be\/en\/dancer\/eric-underwood-royal-ballet-de-londres-england\/#breadcrumb","itemListElement":[{"@type":"ListItem","position":1,"name":"Home","item":"https:\/\/www.leshivernales.be\/en\/"},{"@type":"ListItem","position":2,"name":"Eric Underwood, Royal Ballet de Londres, England"}]},{"@type":"WebSite","@id":"https:\/\/www.leshivernales.be\/en\/#website","url":"https:\/\/www.leshivernales.be\/en\/","name":"Les Hivernales de la Danse","description":"","potentialAction":[{"@type":"SearchAction","target":{"@type":"EntryPoint","urlTemplate":"https:\/\/www.leshivernales.be\/en\/?s={search_term_string}"},"query-input":{"@type":"PropertyValueSpecification","valueRequired":true,"valueName":"search_term_string"}}],"inLanguage":"en-US"}]}</script>
<!-- / Yoast SEO plugin. -->

Américain d’origine, Eric débute son apprentissage de la danse sous la direction de Barabra Marks avant de rejoindre (...)En savoir plus
