{"id":5904,"date":"2023-10-03T11:59:59","date_gmt":"2023-10-03T09:59:59","guid":{"rendered":"https:\/\/www.leshivernales.be\/?post_type=danseur&#038;p=5904"},"modified":"2023-10-03T11:59:59","modified_gmt":"2023-10-03T09:59:59","slug":"gabriele-corrado-ballet-de-la-scala-italy","status":"publish","type":"danseur","link":"https:\/\/www.leshivernales.be\/en\/dancer\/gabriele-corrado-ballet-de-la-scala-italy\/","title":{"rendered":"Gabriele Corrado, Ballet de la Scala, Italy"},"content":{"rendered":"\n<div class=\"wp-block-columns is-layout-flex wp-container-core-columns-is-layout-9d6595d7 wp-block-columns-is-layout-flex\">\n<div class=\"wp-block-column is-layout-flow wp-block-column-is-layout-flow\">\n<p>Originaire de Casarano en Italie, Gabriele est admis \u00e0 l\u2019Ecole de Ballet de la Scala, dirig\u00e9e par Anna Maria Prima \u00e0 l\u2019\u00e2ge de 11 ans. Il en sort dipl\u00f4m\u00e9 en 2005 tout en remportant le prix du Rotary Club du meilleur \u00e9l\u00e8ve de l\u2019ann\u00e9e. <\/p>\n\n\n\n<p>Il est alors invit\u00e9 \u00e0 rejoindre le corps de ballet du Ballet de la Scala de Milan o\u00f9 il dansera d\u00e9j\u00e0 de nombreux r\u00f4les de soliste : La Dame aux Cam\u00e9lias de Neumeier, Le Parc de Preljocaj, Vanitas de Monteverde, Le Lac des Cygnes de Bourmeister, La Bayad\u00e8re de Makarova, Rom\u00e9o et Juliette et Manon de Mac Millan, Apollo de Balanchine, Voluntaries de Tetley, Pink Floyd Ballet de Petit, A Midsummer Night\u2019s Dream de Balanchine, Mediterranea de Bigonzettu, Chant du Copagnon Errant de B\u00e9jart, Don Quichotte et Le Lac de Nureyev, Ballet Imperial de Balanchine, In The Middle, Somewhat Elevated, Jewels et Artifact de Forsythe, Onegin de Cranko, Raymonda de Petipa, L\u2019Altro Casanova de Schiavoni, Aida de Vassiliev, Marguerite et Armand d\u2019Ashton, etc\u2026 <\/p>\n\n\n\n<p>En 2008, il danse aux c\u00f4t\u00e9s de l\u2019Etoile Eleonora Abbagnato dans les ar\u00e8nes de Verone, il participe \u00e9galement \u00e0 l\u2019\u00e9mission t\u00e9l\u00e9vis\u00e9e \u00ab Premio Barocco \u00bb et re\u00e7oit le prix international \u00ab Les Etoiles de Ballet 2000 \u00bb \u00e0 Cannes. <\/p>\n\n\n\n<p>En 2011, il est promu au rang de soliste est est invit\u00e9 par l\u2019Op\u00e9ra de Rome \u00e0 danser le pas de deux de Manon. <\/p>\n\n\n\n<p>En 2012, il rejoint les Ballets de Monte-Carlo en tant que soliste, il y restera trois saisons avant de retourner \u00e0 la Scala de Milan o\u00f9 il danse actuellement en tant que soliste.&nbsp;<\/p>\n<\/div>\n\n\n\n<div class=\"wp-block-column is-layout-flow wp-block-column-is-layout-flow\"><div class=\"wp-block-image\">\n<figure class=\"aligncenter\"><a href=\"http:\/\/leshivernales.be\/wp-content\/uploads\/2016\/12\/cid_9D02503C-B37C-46DD-91C0-BDA903EBB725.jpg\" data-rel=\"lightbox-gallery-AumVzxdt\" data-rl_title=\"\" data-rl_caption=\"\" title=\"\"><img decoding=\"async\" width=\"266\" height=\"400\" data-src=\"http:\/\/leshivernales.be\/wp-content\/uploads\/2016\/12\/cid_9D02503C-B37C-46DD-91C0-BDA903EBB725-266x400.jpg\" alt=\"\" class=\"wp-image-1190 lazyload\" data-srcset=\"https:\/\/www.leshivernales.be\/wp-content\/uploads\/2016\/12\/cid_9D02503C-B37C-46DD-91C0-BDA903EBB725-266x400.jpg 266w, https:\/\/www.leshivernales.be\/wp-content\/uploads\/2016\/12\/cid_9D02503C-B37C-46DD-91C0-BDA903EBB725-768x1156.jpg 768w, https:\/\/www.leshivernales.be\/wp-content\/uploads\/2016\/12\/cid_9D02503C-B37C-46DD-91C0-BDA903EBB725-680x1024.jpg 680w, https:\/\/www.leshivernales.be\/wp-content\/uploads\/2016\/12\/cid_9D02503C-B37C-46DD-91C0-BDA903EBB725.jpg 797w\" data-sizes=\"(max-width: 266px) 100vw, 266px\" src=\"data:image\/svg+xml;base64,PHN2ZyB3aWR0aD0iMSIgaGVpZ2h0PSIxIiB4bWxucz0iaHR0cDovL3d3dy53My5vcmcvMjAwMC9zdmciPjwvc3ZnPg==\" style=\"--smush-placeholder-width: 266px; --smush-placeholder-aspect-ratio: 266\/400;\" \/><\/a><\/figure>\n<\/div><\/div>\n<\/div>\n\n\n\n<p class=\"has-text-align-center\">&nbsp;<\/p>\n\n\n\n<p class=\"has-text-align-center\">&nbsp;<\/p>\n","protected":false},"featured_media":2459,"template":"","annee":[130],"class_list":["post-5904","danseur","type-danseur","status-publish","has-post-thumbnail","hentry","annee-130"],"acf":[],"yoast_head":"<!-- This site is optimized with the Yoast SEO plugin v27.4 - https:\/\/yoast.com\/product\/yoast-seo-wordpress\/ -->\n<title>Gabriele Corrado, Ballet de la Scala, Italy - Les Hivernales de la Danse<\/title>\n<meta name=\"robots\" content=\"index, follow, max-snippet:-1, max-image-preview:large, max-video-preview:-1\" \/>\n<link rel=\"canonical\" href=\"https:\/\/www.leshivernales.be\/en\/dancer\/gabriele-corrado-ballet-de-la-scala-italy\/\" \/>\n<meta property=\"og:locale\" content=\"en_US\" \/>\n<meta property=\"og:type\" content=\"article\" \/>\n<meta property=\"og:title\" content=\"Gabriele Corrado, Ballet de la Scala, Italy - Les Hivernales de la Danse\" \/>\n<meta property=\"og:description\" content=\"Originaire de Casarano en Italie, Gabriele est admis \u00e0 l\u2019Ecole de Ballet de la Scala, dirig\u00e9e par Anna (...)En savoir plus\" \/>\n<meta property=\"og:url\" content=\"https:\/\/www.leshivernales.be\/en\/dancer\/gabriele-corrado-ballet-de-la-scala-italy\/\" \/>\n<meta property=\"og:site_name\" content=\"Les Hivernales de la Danse\" \/>\n<meta property=\"article:publisher\" content=\"https:\/\/www.facebook.com\/leshivernalesdeladanse\/\" \/>\n<meta property=\"og:image\" content=\"https:\/\/www.leshivernales.be\/wp-content\/uploads\/2016\/12\/2016-12-05-PHOTO-00002364.jpg\" \/>\n\t<meta property=\"og:image:width\" content=\"319\" \/>\n\t<meta property=\"og:image:height\" content=\"425\" \/>\n\t<meta property=\"og:image:type\" content=\"image\/jpeg\" \/>\n<meta name=\"twitter:card\" content=\"summary_large_image\" \/>\n<script type=\"application\/ld+json\" class=\"yoast-schema-graph\">{\"@context\":\"https:\\\/\\\/schema.org\",\"@graph\":[{\"@type\":\"WebPage\",\"@id\":\"https:\\\/\\\/www.leshivernales.be\\\/en\\\/dancer\\\/gabriele-corrado-ballet-de-la-scala-italy\\\/\",\"url\":\"https:\\\/\\\/www.leshivernales.be\\\/en\\\/dancer\\\/gabriele-corrado-ballet-de-la-scala-italy\\\/\",\"name\":\"Gabriele Corrado, Ballet de la Scala, Italy - Les Hivernales de la Danse\",\"isPartOf\":{\"@id\":\"https:\\\/\\\/www.leshivernales.be\\\/en\\\/#website\"},\"primaryImageOfPage\":{\"@id\":\"https:\\\/\\\/www.leshivernales.be\\\/en\\\/dancer\\\/gabriele-corrado-ballet-de-la-scala-italy\\\/#primaryimage\"},\"image\":{\"@id\":\"https:\\\/\\\/www.leshivernales.be\\\/en\\\/dancer\\\/gabriele-corrado-ballet-de-la-scala-italy\\\/#primaryimage\"},\"thumbnailUrl\":\"https:\\\/\\\/www.leshivernales.be\\\/wp-content\\\/uploads\\\/2016\\\/12\\\/2016-12-05-PHOTO-00002364.jpg\",\"datePublished\":\"2023-10-03T09:59:59+00:00\",\"breadcrumb\":{\"@id\":\"https:\\\/\\\/www.leshivernales.be\\\/en\\\/dancer\\\/gabriele-corrado-ballet-de-la-scala-italy\\\/#breadcrumb\"},\"inLanguage\":\"en-US\",\"potentialAction\":[{\"@type\":\"ReadAction\",\"target\":[\"https:\\\/\\\/www.leshivernales.be\\\/en\\\/dancer\\\/gabriele-corrado-ballet-de-la-scala-italy\\\/\"]}]},{\"@type\":\"ImageObject\",\"inLanguage\":\"en-US\",\"@id\":\"https:\\\/\\\/www.leshivernales.be\\\/en\\\/dancer\\\/gabriele-corrado-ballet-de-la-scala-italy\\\/#primaryimage\",\"url\":\"https:\\\/\\\/www.leshivernales.be\\\/wp-content\\\/uploads\\\/2016\\\/12\\\/2016-12-05-PHOTO-00002364.jpg\",\"contentUrl\":\"https:\\\/\\\/www.leshivernales.be\\\/wp-content\\\/uploads\\\/2016\\\/12\\\/2016-12-05-PHOTO-00002364.jpg\",\"width\":319,\"height\":425},{\"@type\":\"BreadcrumbList\",\"@id\":\"https:\\\/\\\/www.leshivernales.be\\\/en\\\/dancer\\\/gabriele-corrado-ballet-de-la-scala-italy\\\/#breadcrumb\",\"itemListElement\":[{\"@type\":\"ListItem\",\"position\":1,\"name\":\"Home\",\"item\":\"https:\\\/\\\/www.leshivernales.be\\\/en\\\/\"},{\"@type\":\"ListItem\",\"position\":2,\"name\":\"Gabriele Corrado, Ballet de la Scala, Italy\"}]},{\"@type\":\"WebSite\",\"@id\":\"https:\\\/\\\/www.leshivernales.be\\\/en\\\/#website\",\"url\":\"https:\\\/\\\/www.leshivernales.be\\\/en\\\/\",\"name\":\"Les Hivernales de la Danse\",\"description\":\"\",\"potentialAction\":[{\"@type\":\"SearchAction\",\"target\":{\"@type\":\"EntryPoint\",\"urlTemplate\":\"https:\\\/\\\/www.leshivernales.be\\\/en\\\/?s={search_term_string}\"},\"query-input\":{\"@type\":\"PropertyValueSpecification\",\"valueRequired\":true,\"valueName\":\"search_term_string\"}}],\"inLanguage\":\"en-US\"}]}<\/script>\n<!-- \/ Yoast SEO plugin. -->","yoast_head_json":{"title":"Gabriele Corrado, Ballet de la Scala, Italy - Les Hivernales de la Danse","robots":{"index":"index","follow":"follow","max-snippet":"max-snippet:-1","max-image-preview":"max-image-preview:large","max-video-preview":"max-video-preview:-1"},"canonical":"https:\/\/www.leshivernales.be\/en\/dancer\/gabriele-corrado-ballet-de-la-scala-italy\/","og_locale":"en_US","og_type":"article","og_title":"Gabriele Corrado, Ballet de la Scala, Italy - Les Hivernales de la Danse","og_description":"Originaire de Casarano en Italie, Gabriele est admis \u00e0 l\u2019Ecole de Ballet de la Scala, dirig\u00e9e par Anna (...)En savoir plus","og_url":"https:\/\/www.leshivernales.be\/en\/dancer\/gabriele-corrado-ballet-de-la-scala-italy\/","og_site_name":"Les Hivernales de la Danse","article_publisher":"https:\/\/www.facebook.com\/leshivernalesdeladanse\/","og_image":[{"width":319,"height":425,"url":"https:\/\/www.leshivernales.be\/wp-content\/uploads\/2016\/12\/2016-12-05-PHOTO-00002364.jpg","type":"image\/jpeg"}],"twitter_card":"summary_large_image","schema":{"@context":"https:\/\/schema.org","@graph":[{"@type":"WebPage","@id":"https:\/\/www.leshivernales.be\/en\/dancer\/gabriele-corrado-ballet-de-la-scala-italy\/","url":"https:\/\/www.leshivernales.be\/en\/dancer\/gabriele-corrado-ballet-de-la-scala-italy\/","name":"Gabriele Corrado, Ballet de la Scala, Italy - Les Hivernales de la Danse","isPartOf":{"@id":"https:\/\/www.leshivernales.be\/en\/#website"},"primaryImageOfPage":{"@id":"https:\/\/www.leshivernales.be\/en\/dancer\/gabriele-corrado-ballet-de-la-scala-italy\/#primaryimage"},"image":{"@id":"https:\/\/www.leshivernales.be\/en\/dancer\/gabriele-corrado-ballet-de-la-scala-italy\/#primaryimage"},"thumbnailUrl":"https:\/\/www.leshivernales.be\/wp-content\/uploads\/2016\/12\/2016-12-05-PHOTO-00002364.jpg","datePublished":"2023-10-03T09:59:59+00:00","breadcrumb":{"@id":"https:\/\/www.leshivernales.be\/en\/dancer\/gabriele-corrado-ballet-de-la-scala-italy\/#breadcrumb"},"inLanguage":"en-US","potentialAction":[{"@type":"ReadAction","target":["https:\/\/www.leshivernales.be\/en\/dancer\/gabriele-corrado-ballet-de-la-scala-italy\/"]}]},{"@type":"ImageObject","inLanguage":"en-US","@id":"https:\/\/www.leshivernales.be\/en\/dancer\/gabriele-corrado-ballet-de-la-scala-italy\/#primaryimage","url":"https:\/\/www.leshivernales.be\/wp-content\/uploads\/2016\/12\/2016-12-05-PHOTO-00002364.jpg","contentUrl":"https:\/\/www.leshivernales.be\/wp-content\/uploads\/2016\/12\/2016-12-05-PHOTO-00002364.jpg","width":319,"height":425},{"@type":"BreadcrumbList","@id":"https:\/\/www.leshivernales.be\/en\/dancer\/gabriele-corrado-ballet-de-la-scala-italy\/#breadcrumb","itemListElement":[{"@type":"ListItem","position":1,"name":"Home","item":"https:\/\/www.leshivernales.be\/en\/"},{"@type":"ListItem","position":2,"name":"Gabriele Corrado, Ballet de la Scala, Italy"}]},{"@type":"WebSite","@id":"https:\/\/www.leshivernales.be\/en\/#website","url":"https:\/\/www.leshivernales.be\/en\/","name":"Les Hivernales de la Danse","description":"","potentialAction":[{"@type":"SearchAction","target":{"@type":"EntryPoint","urlTemplate":"https:\/\/www.leshivernales.be\/en\/?s={search_term_string}"},"query-input":{"@type":"PropertyValueSpecification","valueRequired":true,"valueName":"search_term_string"}}],"inLanguage":"en-US"}]}},"_links":{"self":[{"href":"https:\/\/www.leshivernales.be\/en\/wp-json\/wp\/v2\/danseur\/5904","targetHints":{"allow":["GET"]}}],"collection":[{"href":"https:\/\/www.leshivernales.be\/en\/wp-json\/wp\/v2\/danseur"}],"about":[{"href":"https:\/\/www.leshivernales.be\/en\/wp-json\/wp\/v2\/types\/danseur"}],"wp:featuredmedia":[{"embeddable":true,"href":"https:\/\/www.leshivernales.be\/en\/wp-json\/wp\/v2\/media\/2459"}],"wp:attachment":[{"href":"https:\/\/www.leshivernales.be\/en\/wp-json\/wp\/v2\/media?parent=5904"}],"wp:term":[{"taxonomy":"annee","embeddable":true,"href":"https:\/\/www.leshivernales.be\/en\/wp-json\/wp\/v2\/annee?post=5904"}],"curies":[{"name":"wp","href":"https:\/\/api.w.org\/{rel}","templated":true}]}}

<div class="wp-block-columns is-layout-flex wp-container-core-columns-is-layout-9d6595d7 wp-block-columns-is-layout-flex">
<div class="wp-block-column is-layout-flow wp-block-column-is-layout-flow">
<p>Originaire de Casarano en Italie, Gabriele est admis à l’Ecole de Ballet de la Scala, dirigée par Anna Maria Prima à l’âge de 11 ans. Il en sort diplômé en 2005 tout en remportant le prix du Rotary Club du meilleur élève de l’année. </p>



<p>Il est alors invité à rejoindre le corps de ballet du Ballet de la Scala de Milan où il dansera déjà de nombreux rôles de soliste : La Dame aux Camélias de Neumeier, Le Parc de Preljocaj, Vanitas de Monteverde, Le Lac des Cygnes de Bourmeister, La Bayadère de Makarova, Roméo et Juliette et Manon de Mac Millan, Apollo de Balanchine, Voluntaries de Tetley, Pink Floyd Ballet de Petit, A Midsummer Night’s Dream de Balanchine, Mediterranea de Bigonzettu, Chant du Copagnon Errant de Béjart, Don Quichotte et Le Lac de Nureyev, Ballet Imperial de Balanchine, In The Middle, Somewhat Elevated, Jewels et Artifact de Forsythe, Onegin de Cranko, Raymonda de Petipa, L’Altro Casanova de Schiavoni, Aida de Vassiliev, Marguerite et Armand d’Ashton, etc… </p>



<p>En 2008, il danse aux côtés de l’Etoile Eleonora Abbagnato dans les arènes de Verone, il participe également à l’émission télévisée « Premio Barocco » et reçoit le prix international « Les Etoiles de Ballet 2000 » à Cannes. </p>



<p>En 2011, il est promu au rang de soliste est est invité par l’Opéra de Rome à danser le pas de deux de Manon. </p>



<p>En 2012, il rejoint les Ballets de Monte-Carlo en tant que soliste, il y restera trois saisons avant de retourner à la Scala de Milan où il danse actuellement en tant que soliste.&nbsp;</p>
</div>



<div class="wp-block-column is-layout-flow wp-block-column-is-layout-flow"><div class="wp-block-image">
<figure class="aligncenter"><a href="http://leshivernales.be/wp-content/uploads/2016/12/cid_9D02503C-B37C-46DD-91C0-BDA903EBB725.jpg" data-rel="lightbox-gallery-AumVzxdt" data-rl_title="" data-rl_caption="" title=""><img decoding="async" width="266" height="400" data-src="http://leshivernales.be/wp-content/uploads/2016/12/cid_9D02503C-B37C-46DD-91C0-BDA903EBB725-266x400.jpg" alt="" class="wp-image-1190 lazyload" data-srcset="https://www.leshivernales.be/wp-content/uploads/2016/12/cid_9D02503C-B37C-46DD-91C0-BDA903EBB725-266x400.jpg 266w, https://www.leshivernales.be/wp-content/uploads/2016/12/cid_9D02503C-B37C-46DD-91C0-BDA903EBB725-768x1156.jpg 768w, https://www.leshivernales.be/wp-content/uploads/2016/12/cid_9D02503C-B37C-46DD-91C0-BDA903EBB725-680x1024.jpg 680w, https://www.leshivernales.be/wp-content/uploads/2016/12/cid_9D02503C-B37C-46DD-91C0-BDA903EBB725.jpg 797w" data-sizes="(max-width: 266px) 100vw, 266px" src="data:image/svg+xml;base64,PHN2ZyB3aWR0aD0iMSIgaGVpZ2h0PSIxIiB4bWxucz0iaHR0cDovL3d3dy53My5vcmcvMjAwMC9zdmciPjwvc3ZnPg==" style="--smush-placeholder-width: 266px; --smush-placeholder-aspect-ratio: 266/400;" /></a></figure>
</div></div>
</div>



<p class="has-text-align-center">&nbsp;</p>



<p class="has-text-align-center">&nbsp;</p>

<!-- This site is optimized with the Yoast SEO plugin v27.4 - https://yoast.com/product/yoast-seo-wordpress/ -->
<title>Gabriele Corrado, Ballet de la Scala, Italy - Les Hivernales de la Danse</title>
<meta name="robots" content="index, follow, max-snippet:-1, max-image-preview:large, max-video-preview:-1" />
<link rel="canonical" href="https://www.leshivernales.be/en/dancer/gabriele-corrado-ballet-de-la-scala-italy/" />
<meta property="og:locale" content="en_US" />
<meta property="og:type" content="article" />
<meta property="og:title" content="Gabriele Corrado, Ballet de la Scala, Italy - Les Hivernales de la Danse" />
<meta property="og:description" content="Originaire de Casarano en Italie, Gabriele est admis à l’Ecole de Ballet de la Scala, dirigée par Anna (...)En savoir plus" />
<meta property="og:url" content="https://www.leshivernales.be/en/dancer/gabriele-corrado-ballet-de-la-scala-italy/" />
<meta property="og:site_name" content="Les Hivernales de la Danse" />
<meta property="article:publisher" content="https://www.facebook.com/leshivernalesdeladanse/" />
<meta property="og:image" content="https://www.leshivernales.be/wp-content/uploads/2016/12/2016-12-05-PHOTO-00002364.jpg" />
	<meta property="og:image:width" content="319" />
	<meta property="og:image:height" content="425" />
	<meta property="og:image:type" content="image/jpeg" />
<meta name="twitter:card" content="summary_large_image" />
<script type="application/ld+json" class="yoast-schema-graph">{"@context":"https:\/\/schema.org","@graph":[{"@type":"WebPage","@id":"https:\/\/www.leshivernales.be\/en\/dancer\/gabriele-corrado-ballet-de-la-scala-italy\/","url":"https:\/\/www.leshivernales.be\/en\/dancer\/gabriele-corrado-ballet-de-la-scala-italy\/","name":"Gabriele Corrado, Ballet de la Scala, Italy - Les Hivernales de la Danse","isPartOf":{"@id":"https:\/\/www.leshivernales.be\/en\/#website"},"primaryImageOfPage":{"@id":"https:\/\/www.leshivernales.be\/en\/dancer\/gabriele-corrado-ballet-de-la-scala-italy\/#primaryimage"},"image":{"@id":"https:\/\/www.leshivernales.be\/en\/dancer\/gabriele-corrado-ballet-de-la-scala-italy\/#primaryimage"},"thumbnailUrl":"https:\/\/www.leshivernales.be\/wp-content\/uploads\/2016\/12\/2016-12-05-PHOTO-00002364.jpg","datePublished":"2023-10-03T09:59:59+00:00","breadcrumb":{"@id":"https:\/\/www.leshivernales.be\/en\/dancer\/gabriele-corrado-ballet-de-la-scala-italy\/#breadcrumb"},"inLanguage":"en-US","potentialAction":[{"@type":"ReadAction","target":["https:\/\/www.leshivernales.be\/en\/dancer\/gabriele-corrado-ballet-de-la-scala-italy\/"]}]},{"@type":"ImageObject","inLanguage":"en-US","@id":"https:\/\/www.leshivernales.be\/en\/dancer\/gabriele-corrado-ballet-de-la-scala-italy\/#primaryimage","url":"https:\/\/www.leshivernales.be\/wp-content\/uploads\/2016\/12\/2016-12-05-PHOTO-00002364.jpg","contentUrl":"https:\/\/www.leshivernales.be\/wp-content\/uploads\/2016\/12\/2016-12-05-PHOTO-00002364.jpg","width":319,"height":425},{"@type":"BreadcrumbList","@id":"https:\/\/www.leshivernales.be\/en\/dancer\/gabriele-corrado-ballet-de-la-scala-italy\/#breadcrumb","itemListElement":[{"@type":"ListItem","position":1,"name":"Home","item":"https:\/\/www.leshivernales.be\/en\/"},{"@type":"ListItem","position":2,"name":"Gabriele Corrado, Ballet de la Scala, Italy"}]},{"@type":"WebSite","@id":"https:\/\/www.leshivernales.be\/en\/#website","url":"https:\/\/www.leshivernales.be\/en\/","name":"Les Hivernales de la Danse","description":"","potentialAction":[{"@type":"SearchAction","target":{"@type":"EntryPoint","urlTemplate":"https:\/\/www.leshivernales.be\/en\/?s={search_term_string}"},"query-input":{"@type":"PropertyValueSpecification","valueRequired":true,"valueName":"search_term_string"}}],"inLanguage":"en-US"}]}</script>
<!-- / Yoast SEO plugin. -->

Originaire de Casarano en Italie, Gabriele est admis à l’Ecole de Ballet de la Scala, dirigée par Anna (...)En savoir plus
