{"id":5910,"date":"2023-10-03T12:08:53","date_gmt":"2023-10-03T10:08:53","guid":{"rendered":"https:\/\/www.leshivernales.be\/?post_type=danseur&#038;p=5910"},"modified":"2023-10-03T12:08:54","modified_gmt":"2023-10-03T10:08:54","slug":"igone-de-jongh-het-nationale-ballet-netherlands","status":"publish","type":"danseur","link":"https:\/\/www.leshivernales.be\/en\/dancer\/igone-de-jongh-het-nationale-ballet-netherlands\/","title":{"rendered":"Igone de Jongh, Het Nationale Ballet, Netherlands"},"content":{"rendered":"\n<div class=\"wp-block-columns is-layout-flex wp-container-core-columns-is-layout-9d6595d7 wp-block-columns-is-layout-flex\">\n<div class=\"wp-block-column is-layout-flow wp-block-column-is-layout-flow\">\n<p>Igone de Jongh a grandi dans la ville hollandaise d\u2019Haarlem. C\u2019est \u00e0 l\u2019\u00e2ge pr\u00e9coce de six ans, apr\u00e8s avoir vu \u00ab La Belle au Bois Dormant \u00bb \u00e0 la t\u00e9l\u00e9vision qu\u2019elle a d\u00e9couvert la danse, une vraie r\u00e9v\u00e9lation ! <\/p>\n\n\n\n<p>Apr\u00e8s ses \u00e9tudes secondaires, elle se forme \u00e0 l\u2019Acad\u00e9mie du Ballet National d\u2019Amsterdam puis \u00e0 l\u2019Ecole du Ballet Royal de Londres. <\/p>\n\n\n\n<p>En 1995 et 1996, elle remporte les prix \u00ab Incentive Prize Dansersfonds \u201979 \u00bb et \u00ab Arnold Haskell \u00bb en tant que jeune danseuse prometteuse. En 2000, elle re\u00e7oit l\u2019 \u00ab Incentive Prize 2000 \u00bb et en 2003,&nbsp; le prix Alexandra Radius. <\/p>\n\n\n\n<p>Actuelle Etoile du Ballet National de Hollande, elle est la seule danseuse de la compagnie \u00e0 \u00eatre pass\u00e9e par tous les grades, depuis celui d\u2019aspirante, en 1997, pour atteindre le titre d\u2019Etoile en 2003 \u00e0 l\u2019\u00e2ge de 24 ans. <\/p>\n\n\n\n<p>Igone De Jongh est connue pour ses interpr\u00e9tations exceptionnelles du grand r\u00e9pertoire classique, notamment dans Romeo et Juliette, Le Lac des Cygnes, Giselle, La Belle au Bois Dormant ou encore dans Casse-Noisette. <\/p>\n\n\n\n<p>Elle est aussi apparue dans La Bavad\u00e8re dans La Sylphide de Bournonville, dans Agon, Appolon et Jewels de Balanchine, ainsi que dans des ballets chor\u00e9graphi\u00e9s par William Forsythe, Ted Brandsen, David dawson et Wayne Eagling. <\/p>\n\n\n\n<p>Elle demeure la muse incontest\u00e9e du chor\u00e9graphe Hans van Manen. <\/p>\n\n\n\n<p>R\u00e9unissant classicisme et modernit\u00e9, elle a \u00e9galement fait une apparition dans le clip vid\u00e9o \u00ab Birds \u00bb de la c\u00e9l\u00e8bre chanteuse hollandaise Anouk lors du concours de la chanson de l\u2019Eurovision.<\/p>\n<\/div>\n\n\n\n<div class=\"wp-block-column is-layout-flow wp-block-column-is-layout-flow\"><div class=\"wp-block-image\">\n<figure class=\"aligncenter\"><a href=\"http:\/\/leshivernales.be\/wp-content\/uploads\/2015\/09\/igone.jpg\" data-rel=\"lightbox-gallery-bEUxzScy\" data-rl_title=\"\" data-rl_caption=\"\" title=\"\"><img decoding=\"async\" width=\"500\" height=\"393\" data-src=\"http:\/\/leshivernales.be\/wp-content\/uploads\/2015\/09\/igone-500x393.jpg\" alt=\"igone\" class=\"wp-image-1012 lazyload\" data-srcset=\"https:\/\/www.leshivernales.be\/wp-content\/uploads\/2015\/09\/igone-500x393.jpg 500w, https:\/\/www.leshivernales.be\/wp-content\/uploads\/2015\/09\/igone-1024x805.jpg 1024w, https:\/\/www.leshivernales.be\/wp-content\/uploads\/2015\/09\/igone.jpg 1200w\" data-sizes=\"(max-width: 500px) 100vw, 500px\" src=\"data:image\/svg+xml;base64,PHN2ZyB3aWR0aD0iMSIgaGVpZ2h0PSIxIiB4bWxucz0iaHR0cDovL3d3dy53My5vcmcvMjAwMC9zdmciPjwvc3ZnPg==\" style=\"--smush-placeholder-width: 500px; --smush-placeholder-aspect-ratio: 500\/393;\" \/><\/a><\/figure>\n<\/div><\/div>\n<\/div>\n\n\n\n<p class=\"has-text-align-center\">&nbsp;<\/p>\n\n\n\n<p class=\"has-text-align-center\"><\/p>\n\n\n\n<p class=\"has-text-align-center\">&nbsp;<\/p>\n","protected":false},"featured_media":2374,"template":"","annee":[128,132],"class_list":["post-5910","danseur","type-danseur","status-publish","has-post-thumbnail","hentry","annee-128","annee-132"],"acf":[],"yoast_head":"<!-- This site is optimized with the Yoast SEO plugin v27.4 - https:\/\/yoast.com\/product\/yoast-seo-wordpress\/ -->\n<title>Igone de Jongh, Het Nationale Ballet, Netherlands - Les Hivernales de la Danse<\/title>\n<meta name=\"robots\" content=\"index, follow, max-snippet:-1, max-image-preview:large, max-video-preview:-1\" \/>\n<link rel=\"canonical\" href=\"https:\/\/www.leshivernales.be\/en\/dancer\/igone-de-jongh-het-nationale-ballet-netherlands\/\" \/>\n<meta property=\"og:locale\" content=\"en_US\" \/>\n<meta property=\"og:type\" content=\"article\" \/>\n<meta property=\"og:title\" content=\"Igone de Jongh, Het Nationale Ballet, Netherlands - Les Hivernales de la Danse\" \/>\n<meta property=\"og:description\" content=\"Igone de Jongh a grandi dans la ville hollandaise d\u2019Haarlem. C\u2019est \u00e0 l\u2019\u00e2ge pr\u00e9coce de six ans, apr\u00e8s (...)En savoir plus\" \/>\n<meta property=\"og:url\" content=\"https:\/\/www.leshivernales.be\/en\/dancer\/igone-de-jongh-het-nationale-ballet-netherlands\/\" \/>\n<meta property=\"og:site_name\" content=\"Les Hivernales de la Danse\" \/>\n<meta property=\"article:publisher\" content=\"https:\/\/www.facebook.com\/leshivernalesdeladanse\/\" \/>\n<meta property=\"article:modified_time\" content=\"2023-10-03T10:08:54+00:00\" \/>\n<meta property=\"og:image\" content=\"https:\/\/www.leshivernales.be\/wp-content\/uploads\/2015\/09\/igone-portrait.jpg\" \/>\n\t<meta property=\"og:image:width\" content=\"600\" \/>\n\t<meta property=\"og:image:height\" content=\"400\" \/>\n\t<meta property=\"og:image:type\" content=\"image\/jpeg\" \/>\n<meta name=\"twitter:card\" content=\"summary_large_image\" \/>\n<script type=\"application\/ld+json\" class=\"yoast-schema-graph\">{\"@context\":\"https:\\\/\\\/schema.org\",\"@graph\":[{\"@type\":\"WebPage\",\"@id\":\"https:\\\/\\\/www.leshivernales.be\\\/en\\\/dancer\\\/igone-de-jongh-het-nationale-ballet-netherlands\\\/\",\"url\":\"https:\\\/\\\/www.leshivernales.be\\\/en\\\/dancer\\\/igone-de-jongh-het-nationale-ballet-netherlands\\\/\",\"name\":\"Igone de Jongh, Het Nationale Ballet, Netherlands - Les Hivernales de la Danse\",\"isPartOf\":{\"@id\":\"https:\\\/\\\/www.leshivernales.be\\\/en\\\/#website\"},\"primaryImageOfPage\":{\"@id\":\"https:\\\/\\\/www.leshivernales.be\\\/en\\\/dancer\\\/igone-de-jongh-het-nationale-ballet-netherlands\\\/#primaryimage\"},\"image\":{\"@id\":\"https:\\\/\\\/www.leshivernales.be\\\/en\\\/dancer\\\/igone-de-jongh-het-nationale-ballet-netherlands\\\/#primaryimage\"},\"thumbnailUrl\":\"https:\\\/\\\/www.leshivernales.be\\\/wp-content\\\/uploads\\\/2015\\\/09\\\/igone-portrait.jpg\",\"datePublished\":\"2023-10-03T10:08:53+00:00\",\"dateModified\":\"2023-10-03T10:08:54+00:00\",\"breadcrumb\":{\"@id\":\"https:\\\/\\\/www.leshivernales.be\\\/en\\\/dancer\\\/igone-de-jongh-het-nationale-ballet-netherlands\\\/#breadcrumb\"},\"inLanguage\":\"en-US\",\"potentialAction\":[{\"@type\":\"ReadAction\",\"target\":[\"https:\\\/\\\/www.leshivernales.be\\\/en\\\/dancer\\\/igone-de-jongh-het-nationale-ballet-netherlands\\\/\"]}]},{\"@type\":\"ImageObject\",\"inLanguage\":\"en-US\",\"@id\":\"https:\\\/\\\/www.leshivernales.be\\\/en\\\/dancer\\\/igone-de-jongh-het-nationale-ballet-netherlands\\\/#primaryimage\",\"url\":\"https:\\\/\\\/www.leshivernales.be\\\/wp-content\\\/uploads\\\/2015\\\/09\\\/igone-portrait.jpg\",\"contentUrl\":\"https:\\\/\\\/www.leshivernales.be\\\/wp-content\\\/uploads\\\/2015\\\/09\\\/igone-portrait.jpg\",\"width\":600,\"height\":400},{\"@type\":\"BreadcrumbList\",\"@id\":\"https:\\\/\\\/www.leshivernales.be\\\/en\\\/dancer\\\/igone-de-jongh-het-nationale-ballet-netherlands\\\/#breadcrumb\",\"itemListElement\":[{\"@type\":\"ListItem\",\"position\":1,\"name\":\"Home\",\"item\":\"https:\\\/\\\/www.leshivernales.be\\\/en\\\/\"},{\"@type\":\"ListItem\",\"position\":2,\"name\":\"Igone de Jongh, Het Nationale Ballet, Netherlands\"}]},{\"@type\":\"WebSite\",\"@id\":\"https:\\\/\\\/www.leshivernales.be\\\/en\\\/#website\",\"url\":\"https:\\\/\\\/www.leshivernales.be\\\/en\\\/\",\"name\":\"Les Hivernales de la Danse\",\"description\":\"\",\"potentialAction\":[{\"@type\":\"SearchAction\",\"target\":{\"@type\":\"EntryPoint\",\"urlTemplate\":\"https:\\\/\\\/www.leshivernales.be\\\/en\\\/?s={search_term_string}\"},\"query-input\":{\"@type\":\"PropertyValueSpecification\",\"valueRequired\":true,\"valueName\":\"search_term_string\"}}],\"inLanguage\":\"en-US\"}]}<\/script>\n<!-- \/ Yoast SEO plugin. -->","yoast_head_json":{"title":"Igone de Jongh, Het Nationale Ballet, Netherlands - Les Hivernales de la Danse","robots":{"index":"index","follow":"follow","max-snippet":"max-snippet:-1","max-image-preview":"max-image-preview:large","max-video-preview":"max-video-preview:-1"},"canonical":"https:\/\/www.leshivernales.be\/en\/dancer\/igone-de-jongh-het-nationale-ballet-netherlands\/","og_locale":"en_US","og_type":"article","og_title":"Igone de Jongh, Het Nationale Ballet, Netherlands - Les Hivernales de la Danse","og_description":"Igone de Jongh a grandi dans la ville hollandaise d\u2019Haarlem. C\u2019est \u00e0 l\u2019\u00e2ge pr\u00e9coce de six ans, apr\u00e8s (...)En savoir plus","og_url":"https:\/\/www.leshivernales.be\/en\/dancer\/igone-de-jongh-het-nationale-ballet-netherlands\/","og_site_name":"Les Hivernales de la Danse","article_publisher":"https:\/\/www.facebook.com\/leshivernalesdeladanse\/","article_modified_time":"2023-10-03T10:08:54+00:00","og_image":[{"width":600,"height":400,"url":"https:\/\/www.leshivernales.be\/wp-content\/uploads\/2015\/09\/igone-portrait.jpg","type":"image\/jpeg"}],"twitter_card":"summary_large_image","schema":{"@context":"https:\/\/schema.org","@graph":[{"@type":"WebPage","@id":"https:\/\/www.leshivernales.be\/en\/dancer\/igone-de-jongh-het-nationale-ballet-netherlands\/","url":"https:\/\/www.leshivernales.be\/en\/dancer\/igone-de-jongh-het-nationale-ballet-netherlands\/","name":"Igone de Jongh, Het Nationale Ballet, Netherlands - Les Hivernales de la Danse","isPartOf":{"@id":"https:\/\/www.leshivernales.be\/en\/#website"},"primaryImageOfPage":{"@id":"https:\/\/www.leshivernales.be\/en\/dancer\/igone-de-jongh-het-nationale-ballet-netherlands\/#primaryimage"},"image":{"@id":"https:\/\/www.leshivernales.be\/en\/dancer\/igone-de-jongh-het-nationale-ballet-netherlands\/#primaryimage"},"thumbnailUrl":"https:\/\/www.leshivernales.be\/wp-content\/uploads\/2015\/09\/igone-portrait.jpg","datePublished":"2023-10-03T10:08:53+00:00","dateModified":"2023-10-03T10:08:54+00:00","breadcrumb":{"@id":"https:\/\/www.leshivernales.be\/en\/dancer\/igone-de-jongh-het-nationale-ballet-netherlands\/#breadcrumb"},"inLanguage":"en-US","potentialAction":[{"@type":"ReadAction","target":["https:\/\/www.leshivernales.be\/en\/dancer\/igone-de-jongh-het-nationale-ballet-netherlands\/"]}]},{"@type":"ImageObject","inLanguage":"en-US","@id":"https:\/\/www.leshivernales.be\/en\/dancer\/igone-de-jongh-het-nationale-ballet-netherlands\/#primaryimage","url":"https:\/\/www.leshivernales.be\/wp-content\/uploads\/2015\/09\/igone-portrait.jpg","contentUrl":"https:\/\/www.leshivernales.be\/wp-content\/uploads\/2015\/09\/igone-portrait.jpg","width":600,"height":400},{"@type":"BreadcrumbList","@id":"https:\/\/www.leshivernales.be\/en\/dancer\/igone-de-jongh-het-nationale-ballet-netherlands\/#breadcrumb","itemListElement":[{"@type":"ListItem","position":1,"name":"Home","item":"https:\/\/www.leshivernales.be\/en\/"},{"@type":"ListItem","position":2,"name":"Igone de Jongh, Het Nationale Ballet, Netherlands"}]},{"@type":"WebSite","@id":"https:\/\/www.leshivernales.be\/en\/#website","url":"https:\/\/www.leshivernales.be\/en\/","name":"Les Hivernales de la Danse","description":"","potentialAction":[{"@type":"SearchAction","target":{"@type":"EntryPoint","urlTemplate":"https:\/\/www.leshivernales.be\/en\/?s={search_term_string}"},"query-input":{"@type":"PropertyValueSpecification","valueRequired":true,"valueName":"search_term_string"}}],"inLanguage":"en-US"}]}},"_links":{"self":[{"href":"https:\/\/www.leshivernales.be\/en\/wp-json\/wp\/v2\/danseur\/5910","targetHints":{"allow":["GET"]}}],"collection":[{"href":"https:\/\/www.leshivernales.be\/en\/wp-json\/wp\/v2\/danseur"}],"about":[{"href":"https:\/\/www.leshivernales.be\/en\/wp-json\/wp\/v2\/types\/danseur"}],"wp:featuredmedia":[{"embeddable":true,"href":"https:\/\/www.leshivernales.be\/en\/wp-json\/wp\/v2\/media\/2374"}],"wp:attachment":[{"href":"https:\/\/www.leshivernales.be\/en\/wp-json\/wp\/v2\/media?parent=5910"}],"wp:term":[{"taxonomy":"annee","embeddable":true,"href":"https:\/\/www.leshivernales.be\/en\/wp-json\/wp\/v2\/annee?post=5910"}],"curies":[{"name":"wp","href":"https:\/\/api.w.org\/{rel}","templated":true}]}}

<div class="wp-block-columns is-layout-flex wp-container-core-columns-is-layout-9d6595d7 wp-block-columns-is-layout-flex">
<div class="wp-block-column is-layout-flow wp-block-column-is-layout-flow">
<p>Igone de Jongh a grandi dans la ville hollandaise d’Haarlem. C’est à l’âge précoce de six ans, après avoir vu « La Belle au Bois Dormant » à la télévision qu’elle a découvert la danse, une vraie révélation ! </p>



<p>Après ses études secondaires, elle se forme à l’Académie du Ballet National d’Amsterdam puis à l’Ecole du Ballet Royal de Londres. </p>



<p>En 1995 et 1996, elle remporte les prix « Incentive Prize Dansersfonds ’79 » et « Arnold Haskell » en tant que jeune danseuse prometteuse. En 2000, elle reçoit l’ « Incentive Prize 2000 » et en 2003,&nbsp; le prix Alexandra Radius. </p>



<p>Actuelle Etoile du Ballet National de Hollande, elle est la seule danseuse de la compagnie à être passée par tous les grades, depuis celui d’aspirante, en 1997, pour atteindre le titre d’Etoile en 2003 à l’âge de 24 ans. </p>



<p>Igone De Jongh est connue pour ses interprétations exceptionnelles du grand répertoire classique, notamment dans Romeo et Juliette, Le Lac des Cygnes, Giselle, La Belle au Bois Dormant ou encore dans Casse-Noisette. </p>



<p>Elle est aussi apparue dans La Bavadère dans La Sylphide de Bournonville, dans Agon, Appolon et Jewels de Balanchine, ainsi que dans des ballets chorégraphiés par William Forsythe, Ted Brandsen, David dawson et Wayne Eagling. </p>



<p>Elle demeure la muse incontestée du chorégraphe Hans van Manen. </p>



<p>Réunissant classicisme et modernité, elle a également fait une apparition dans le clip vidéo « Birds » de la célèbre chanteuse hollandaise Anouk lors du concours de la chanson de l’Eurovision.</p>
</div>



<div class="wp-block-column is-layout-flow wp-block-column-is-layout-flow"><div class="wp-block-image">
<figure class="aligncenter"><a href="http://leshivernales.be/wp-content/uploads/2015/09/igone.jpg" data-rel="lightbox-gallery-bEUxzScy" data-rl_title="" data-rl_caption="" title=""><img decoding="async" width="500" height="393" data-src="http://leshivernales.be/wp-content/uploads/2015/09/igone-500x393.jpg" alt="igone" class="wp-image-1012 lazyload" data-srcset="https://www.leshivernales.be/wp-content/uploads/2015/09/igone-500x393.jpg 500w, https://www.leshivernales.be/wp-content/uploads/2015/09/igone-1024x805.jpg 1024w, https://www.leshivernales.be/wp-content/uploads/2015/09/igone.jpg 1200w" data-sizes="(max-width: 500px) 100vw, 500px" src="data:image/svg+xml;base64,PHN2ZyB3aWR0aD0iMSIgaGVpZ2h0PSIxIiB4bWxucz0iaHR0cDovL3d3dy53My5vcmcvMjAwMC9zdmciPjwvc3ZnPg==" style="--smush-placeholder-width: 500px; --smush-placeholder-aspect-ratio: 500/393;" /></a></figure>
</div></div>
</div>



<p class="has-text-align-center">&nbsp;</p>



<p class="has-text-align-center"></p>



<p class="has-text-align-center">&nbsp;</p>

<!-- This site is optimized with the Yoast SEO plugin v27.4 - https://yoast.com/product/yoast-seo-wordpress/ -->
<title>Igone de Jongh, Het Nationale Ballet, Netherlands - Les Hivernales de la Danse</title>
<meta name="robots" content="index, follow, max-snippet:-1, max-image-preview:large, max-video-preview:-1" />
<link rel="canonical" href="https://www.leshivernales.be/en/dancer/igone-de-jongh-het-nationale-ballet-netherlands/" />
<meta property="og:locale" content="en_US" />
<meta property="og:type" content="article" />
<meta property="og:title" content="Igone de Jongh, Het Nationale Ballet, Netherlands - Les Hivernales de la Danse" />
<meta property="og:description" content="Igone de Jongh a grandi dans la ville hollandaise d’Haarlem. C’est à l’âge précoce de six ans, après (...)En savoir plus" />
<meta property="og:url" content="https://www.leshivernales.be/en/dancer/igone-de-jongh-het-nationale-ballet-netherlands/" />
<meta property="og:site_name" content="Les Hivernales de la Danse" />
<meta property="article:publisher" content="https://www.facebook.com/leshivernalesdeladanse/" />
<meta property="article:modified_time" content="2023-10-03T10:08:54+00:00" />
<meta property="og:image" content="https://www.leshivernales.be/wp-content/uploads/2015/09/igone-portrait.jpg" />
	<meta property="og:image:width" content="600" />
	<meta property="og:image:height" content="400" />
	<meta property="og:image:type" content="image/jpeg" />
<meta name="twitter:card" content="summary_large_image" />
<script type="application/ld+json" class="yoast-schema-graph">{"@context":"https:\/\/schema.org","@graph":[{"@type":"WebPage","@id":"https:\/\/www.leshivernales.be\/en\/dancer\/igone-de-jongh-het-nationale-ballet-netherlands\/","url":"https:\/\/www.leshivernales.be\/en\/dancer\/igone-de-jongh-het-nationale-ballet-netherlands\/","name":"Igone de Jongh, Het Nationale Ballet, Netherlands - Les Hivernales de la Danse","isPartOf":{"@id":"https:\/\/www.leshivernales.be\/en\/#website"},"primaryImageOfPage":{"@id":"https:\/\/www.leshivernales.be\/en\/dancer\/igone-de-jongh-het-nationale-ballet-netherlands\/#primaryimage"},"image":{"@id":"https:\/\/www.leshivernales.be\/en\/dancer\/igone-de-jongh-het-nationale-ballet-netherlands\/#primaryimage"},"thumbnailUrl":"https:\/\/www.leshivernales.be\/wp-content\/uploads\/2015\/09\/igone-portrait.jpg","datePublished":"2023-10-03T10:08:53+00:00","dateModified":"2023-10-03T10:08:54+00:00","breadcrumb":{"@id":"https:\/\/www.leshivernales.be\/en\/dancer\/igone-de-jongh-het-nationale-ballet-netherlands\/#breadcrumb"},"inLanguage":"en-US","potentialAction":[{"@type":"ReadAction","target":["https:\/\/www.leshivernales.be\/en\/dancer\/igone-de-jongh-het-nationale-ballet-netherlands\/"]}]},{"@type":"ImageObject","inLanguage":"en-US","@id":"https:\/\/www.leshivernales.be\/en\/dancer\/igone-de-jongh-het-nationale-ballet-netherlands\/#primaryimage","url":"https:\/\/www.leshivernales.be\/wp-content\/uploads\/2015\/09\/igone-portrait.jpg","contentUrl":"https:\/\/www.leshivernales.be\/wp-content\/uploads\/2015\/09\/igone-portrait.jpg","width":600,"height":400},{"@type":"BreadcrumbList","@id":"https:\/\/www.leshivernales.be\/en\/dancer\/igone-de-jongh-het-nationale-ballet-netherlands\/#breadcrumb","itemListElement":[{"@type":"ListItem","position":1,"name":"Home","item":"https:\/\/www.leshivernales.be\/en\/"},{"@type":"ListItem","position":2,"name":"Igone de Jongh, Het Nationale Ballet, Netherlands"}]},{"@type":"WebSite","@id":"https:\/\/www.leshivernales.be\/en\/#website","url":"https:\/\/www.leshivernales.be\/en\/","name":"Les Hivernales de la Danse","description":"","potentialAction":[{"@type":"SearchAction","target":{"@type":"EntryPoint","urlTemplate":"https:\/\/www.leshivernales.be\/en\/?s={search_term_string}"},"query-input":{"@type":"PropertyValueSpecification","valueRequired":true,"valueName":"search_term_string"}}],"inLanguage":"en-US"}]}</script>
<!-- / Yoast SEO plugin. -->

Igone de Jongh a grandi dans la ville hollandaise d’Haarlem. C’est à l’âge précoce de six ans, après (...)En savoir plus
