{"id":5918,"date":"2017-12-01T11:03:28","date_gmt":"2017-12-01T10:03:28","guid":{"rendered":"https:\/\/www.leshivernales.be\/?post_type=danseur&#038;p=5918"},"modified":"2026-02-19T13:07:35","modified_gmt":"2026-02-19T12:07:35","slug":"jan-casier-staatsballett-berlin-germany","status":"publish","type":"danseur","link":"https:\/\/www.leshivernales.be\/en\/dancer\/jan-casier-staatsballett-berlin-germany\/","title":{"rendered":"Jan Casier, Staatsballett Berlin, Germany"},"content":{"rendered":"\n<div class=\"wp-block-columns is-layout-flex wp-container-core-columns-is-layout-9d6595d7 wp-block-columns-is-layout-flex\">\n<div class=\"wp-block-column is-layout-flow wp-block-column-is-layout-flow\">\n<p>After graduating from the <em>Royal Ballet School<\/em> Antwerp in 2008, Jan began his professional career at the <em>Royal Ballet of Flanders<\/em> under the direction of Kathryn Bennetts. <\/p>\n\n\n\n<p>In 2012, he joined the <em>Semperoper Ballet Dresden<\/em> as a Coryph\u00e9e for 2 years. He has then been First Soloist with the <em>Ballett Z\u00fcrich<\/em> in Switzerland for 9 years. <\/p>\n\n\n\n<p>A versatile dancer, he is just as talented in the role of a prince as he is in modern and contemporary pieces. He was invited by the <em>English National Ballet<\/em> to dance David Dawson\u2019s \u201cFaun(e)\u201d, which he performed at Les Hivernales de la Danse for the very first edition of the Gala in 2012. <\/p>\n\n\n\n<p>In 2019, Jan was awarded \u201cDancer of the year\u201d by the German TANZ Magazine.<\/p>\n\n\n\n<p>His repertoire spans works by leading international choreographers such as Christian Spuck, William Forsythe, Ji\u0159\u00ed Kyli\u00e1n, John Cranko, Kenneth MacMillan, George Balanchine, Marcia Hayd\u00e9e, Alexei Ratmansky, Hans van Manen, Marco Goecke, David Dawson, Marcos Morau, Edward Clug, Crystal Pite, the duo Paul Lightfoot \/ Sol Le\u00f3n, Jacopo Godani, Alexander Ekman, Wayne McGregor, Stijn Celis and Craig Davidson, among others.<\/p>\n\n\n\n<p>Alongside his performing career, Jan works as a freelance teacher and choreographic assistant with junior companies, schools, and summer programs across Europe. He is currently pursuing a master\u2019s degree in dance pedagogy at the Palucca University of Dance Dresden.<\/p>\n<\/div>\n\n\n\n<div class=\"wp-block-column is-layout-flow wp-block-column-is-layout-flow\">\n<figure data-wp-context=\"{&quot;imageId&quot;:&quot;69efb08f4b3c3&quot;}\" data-wp-interactive=\"core\/image\" data-wp-key=\"69efb08f4b3c3\" class=\"wp-block-image size-large wp-lightbox-container\"><img decoding=\"async\" width=\"1024\" height=\"683\" data-wp-class--hide=\"state.isContentHidden\" data-wp-class--show=\"state.isContentVisible\" data-wp-init=\"callbacks.setButtonStyles\" data-wp-on--click=\"actions.showLightbox\" data-wp-on--load=\"callbacks.setButtonStyles\" data-wp-on-window--resize=\"callbacks.setButtonStyles\" data-src=\"https:\/\/www.leshivernales.be\/wp-content\/uploads\/2026\/02\/Jan_Casier-by-Admill-Kuyler-AnnaK-danse-1024x683.jpg\" alt=\"Jan Casier\" class=\"wp-image-9317 lazyload\" title=\"Jan Casier\" data-srcset=\"https:\/\/www.leshivernales.be\/wp-content\/uploads\/2026\/02\/Jan_Casier-by-Admill-Kuyler-AnnaK-danse-1024x683.jpg 1024w, https:\/\/www.leshivernales.be\/wp-content\/uploads\/2026\/02\/Jan_Casier-by-Admill-Kuyler-AnnaK-danse-500x333.jpg 500w, https:\/\/www.leshivernales.be\/wp-content\/uploads\/2026\/02\/Jan_Casier-by-Admill-Kuyler-AnnaK-danse-768x512.jpg 768w, https:\/\/www.leshivernales.be\/wp-content\/uploads\/2026\/02\/Jan_Casier-by-Admill-Kuyler-AnnaK-danse-1536x1024.jpg 1536w, https:\/\/www.leshivernales.be\/wp-content\/uploads\/2026\/02\/Jan_Casier-by-Admill-Kuyler-AnnaK-danse-600x400.jpg 600w, https:\/\/www.leshivernales.be\/wp-content\/uploads\/2026\/02\/Jan_Casier-by-Admill-Kuyler-AnnaK-danse.jpg 1800w\" data-sizes=\"(max-width: 1024px) 100vw, 1024px\" src=\"data:image\/svg+xml;base64,PHN2ZyB3aWR0aD0iMSIgaGVpZ2h0PSIxIiB4bWxucz0iaHR0cDovL3d3dy53My5vcmcvMjAwMC9zdmciPjwvc3ZnPg==\" style=\"--smush-placeholder-width: 1024px; --smush-placeholder-aspect-ratio: 1024\/683;\" \/><button\n\t\t\tclass=\"lightbox-trigger\"\n\t\t\ttype=\"button\"\n\t\t\taria-haspopup=\"dialog\"\n\t\t\taria-label=\"Enlarge\"\n\t\t\tdata-wp-init=\"callbacks.initTriggerButton\"\n\t\t\tdata-wp-on--click=\"actions.showLightbox\"\n\t\t\tdata-wp-style--right=\"state.imageButtonRight\"\n\t\t\tdata-wp-style--top=\"state.imageButtonTop\"\n\t\t>\n\t\t\t<svg xmlns=\"http:\/\/www.w3.org\/2000\/svg\" width=\"12\" height=\"12\" fill=\"none\" viewBox=\"0 0 12 12\">\n\t\t\t\t<path fill=\"#fff\" d=\"M2 0a2 2 0 0 0-2 2v2h1.5V2a.5.5 0 0 1 .5-.5h2V0H2Zm2 10.5H2a.5.5 0 0 1-.5-.5V8H0v2a2 2 0 0 0 2 2h2v-1.5ZM8 12v-1.5h2a.5.5 0 0 0 .5-.5V8H12v2a2 2 0 0 1-2 2H8Zm2-12a2 2 0 0 1 2 2v2h-1.5V2a.5.5 0 0 0-.5-.5H8V0h2Z\" \/>\n\t\t\t<\/svg>\n\t\t<\/button><\/figure>\n<\/div>\n<\/div>\n\n<p><\/p>\n","protected":false},"featured_media":9325,"template":"","annee":[129,135,345,397],"class_list":["post-5918","danseur","type-danseur","status-publish","has-post-thumbnail","hentry","annee-129","annee-135","annee-345","annee-397"],"acf":[],"yoast_head":"<!-- This site is optimized with the Yoast SEO plugin v27.4 - https:\/\/yoast.com\/product\/yoast-seo-wordpress\/ -->\n<title>Jan Casier, Staatsballett Berlin, Germany - Les Hivernales de la Danse<\/title>\n<meta name=\"robots\" content=\"index, follow, max-snippet:-1, max-image-preview:large, max-video-preview:-1\" \/>\n<link rel=\"canonical\" href=\"https:\/\/www.leshivernales.be\/en\/dancer\/jan-casier-staatsballett-berlin-germany\/\" \/>\n<meta property=\"og:locale\" content=\"en_US\" \/>\n<meta property=\"og:type\" content=\"article\" \/>\n<meta property=\"og:title\" content=\"Jan Casier, Staatsballett Berlin, Germany - Les Hivernales de la Danse\" \/>\n<meta property=\"og:description\" content=\"After graduating from the Royal Ballet School Antwerp in 2008, Jan began his professional career at the Royal (...)En savoir plus\" \/>\n<meta property=\"og:url\" content=\"https:\/\/www.leshivernales.be\/en\/dancer\/jan-casier-staatsballett-berlin-germany\/\" \/>\n<meta property=\"og:site_name\" content=\"Les Hivernales de la Danse\" \/>\n<meta property=\"article:publisher\" content=\"https:\/\/www.facebook.com\/leshivernalesdeladanse\/\" \/>\n<meta property=\"article:modified_time\" content=\"2026-02-19T12:07:35+00:00\" \/>\n<meta property=\"og:image\" content=\"https:\/\/www.leshivernales.be\/wp-content\/uploads\/2026\/02\/Jan_Casier-by-Anastasia-Muna.jpg\" \/>\n\t<meta property=\"og:image:width\" content=\"1200\" \/>\n\t<meta property=\"og:image:height\" content=\"1200\" \/>\n\t<meta property=\"og:image:type\" content=\"image\/jpeg\" \/>\n<meta name=\"twitter:card\" content=\"summary_large_image\" \/>\n<script type=\"application\/ld+json\" class=\"yoast-schema-graph\">{\"@context\":\"https:\\\/\\\/schema.org\",\"@graph\":[{\"@type\":\"WebPage\",\"@id\":\"https:\\\/\\\/www.leshivernales.be\\\/en\\\/dancer\\\/jan-casier-staatsballett-berlin-germany\\\/\",\"url\":\"https:\\\/\\\/www.leshivernales.be\\\/en\\\/dancer\\\/jan-casier-staatsballett-berlin-germany\\\/\",\"name\":\"Jan Casier, Staatsballett Berlin, Germany - Les Hivernales de la Danse\",\"isPartOf\":{\"@id\":\"https:\\\/\\\/www.leshivernales.be\\\/en\\\/#website\"},\"primaryImageOfPage\":{\"@id\":\"https:\\\/\\\/www.leshivernales.be\\\/en\\\/dancer\\\/jan-casier-staatsballett-berlin-germany\\\/#primaryimage\"},\"image\":{\"@id\":\"https:\\\/\\\/www.leshivernales.be\\\/en\\\/dancer\\\/jan-casier-staatsballett-berlin-germany\\\/#primaryimage\"},\"thumbnailUrl\":\"https:\\\/\\\/www.leshivernales.be\\\/wp-content\\\/uploads\\\/2026\\\/02\\\/Jan_Casier-by-Anastasia-Muna.jpg\",\"datePublished\":\"2017-12-01T10:03:28+00:00\",\"dateModified\":\"2026-02-19T12:07:35+00:00\",\"breadcrumb\":{\"@id\":\"https:\\\/\\\/www.leshivernales.be\\\/en\\\/dancer\\\/jan-casier-staatsballett-berlin-germany\\\/#breadcrumb\"},\"inLanguage\":\"en-US\",\"potentialAction\":[{\"@type\":\"ReadAction\",\"target\":[\"https:\\\/\\\/www.leshivernales.be\\\/en\\\/dancer\\\/jan-casier-staatsballett-berlin-germany\\\/\"]}]},{\"@type\":\"ImageObject\",\"inLanguage\":\"en-US\",\"@id\":\"https:\\\/\\\/www.leshivernales.be\\\/en\\\/dancer\\\/jan-casier-staatsballett-berlin-germany\\\/#primaryimage\",\"url\":\"https:\\\/\\\/www.leshivernales.be\\\/wp-content\\\/uploads\\\/2026\\\/02\\\/Jan_Casier-by-Anastasia-Muna.jpg\",\"contentUrl\":\"https:\\\/\\\/www.leshivernales.be\\\/wp-content\\\/uploads\\\/2026\\\/02\\\/Jan_Casier-by-Anastasia-Muna.jpg\",\"width\":1200,\"height\":1200,\"caption\":\"Jan Casier\"},{\"@type\":\"BreadcrumbList\",\"@id\":\"https:\\\/\\\/www.leshivernales.be\\\/en\\\/dancer\\\/jan-casier-staatsballett-berlin-germany\\\/#breadcrumb\",\"itemListElement\":[{\"@type\":\"ListItem\",\"position\":1,\"name\":\"Home\",\"item\":\"https:\\\/\\\/www.leshivernales.be\\\/en\\\/\"},{\"@type\":\"ListItem\",\"position\":2,\"name\":\"Jan Casier, Staatsballett Berlin, Germany\"}]},{\"@type\":\"WebSite\",\"@id\":\"https:\\\/\\\/www.leshivernales.be\\\/en\\\/#website\",\"url\":\"https:\\\/\\\/www.leshivernales.be\\\/en\\\/\",\"name\":\"Les Hivernales de la Danse\",\"description\":\"\",\"potentialAction\":[{\"@type\":\"SearchAction\",\"target\":{\"@type\":\"EntryPoint\",\"urlTemplate\":\"https:\\\/\\\/www.leshivernales.be\\\/en\\\/?s={search_term_string}\"},\"query-input\":{\"@type\":\"PropertyValueSpecification\",\"valueRequired\":true,\"valueName\":\"search_term_string\"}}],\"inLanguage\":\"en-US\"}]}<\/script>\n<!-- \/ Yoast SEO plugin. -->","yoast_head_json":{"title":"Jan Casier, Staatsballett Berlin, Germany - Les Hivernales de la Danse","robots":{"index":"index","follow":"follow","max-snippet":"max-snippet:-1","max-image-preview":"max-image-preview:large","max-video-preview":"max-video-preview:-1"},"canonical":"https:\/\/www.leshivernales.be\/en\/dancer\/jan-casier-staatsballett-berlin-germany\/","og_locale":"en_US","og_type":"article","og_title":"Jan Casier, Staatsballett Berlin, Germany - Les Hivernales de la Danse","og_description":"After graduating from the Royal Ballet School Antwerp in 2008, Jan began his professional career at the Royal (...)En savoir plus","og_url":"https:\/\/www.leshivernales.be\/en\/dancer\/jan-casier-staatsballett-berlin-germany\/","og_site_name":"Les Hivernales de la Danse","article_publisher":"https:\/\/www.facebook.com\/leshivernalesdeladanse\/","article_modified_time":"2026-02-19T12:07:35+00:00","og_image":[{"width":1200,"height":1200,"url":"https:\/\/www.leshivernales.be\/wp-content\/uploads\/2026\/02\/Jan_Casier-by-Anastasia-Muna.jpg","type":"image\/jpeg"}],"twitter_card":"summary_large_image","schema":{"@context":"https:\/\/schema.org","@graph":[{"@type":"WebPage","@id":"https:\/\/www.leshivernales.be\/en\/dancer\/jan-casier-staatsballett-berlin-germany\/","url":"https:\/\/www.leshivernales.be\/en\/dancer\/jan-casier-staatsballett-berlin-germany\/","name":"Jan Casier, Staatsballett Berlin, Germany - Les Hivernales de la Danse","isPartOf":{"@id":"https:\/\/www.leshivernales.be\/en\/#website"},"primaryImageOfPage":{"@id":"https:\/\/www.leshivernales.be\/en\/dancer\/jan-casier-staatsballett-berlin-germany\/#primaryimage"},"image":{"@id":"https:\/\/www.leshivernales.be\/en\/dancer\/jan-casier-staatsballett-berlin-germany\/#primaryimage"},"thumbnailUrl":"https:\/\/www.leshivernales.be\/wp-content\/uploads\/2026\/02\/Jan_Casier-by-Anastasia-Muna.jpg","datePublished":"2017-12-01T10:03:28+00:00","dateModified":"2026-02-19T12:07:35+00:00","breadcrumb":{"@id":"https:\/\/www.leshivernales.be\/en\/dancer\/jan-casier-staatsballett-berlin-germany\/#breadcrumb"},"inLanguage":"en-US","potentialAction":[{"@type":"ReadAction","target":["https:\/\/www.leshivernales.be\/en\/dancer\/jan-casier-staatsballett-berlin-germany\/"]}]},{"@type":"ImageObject","inLanguage":"en-US","@id":"https:\/\/www.leshivernales.be\/en\/dancer\/jan-casier-staatsballett-berlin-germany\/#primaryimage","url":"https:\/\/www.leshivernales.be\/wp-content\/uploads\/2026\/02\/Jan_Casier-by-Anastasia-Muna.jpg","contentUrl":"https:\/\/www.leshivernales.be\/wp-content\/uploads\/2026\/02\/Jan_Casier-by-Anastasia-Muna.jpg","width":1200,"height":1200,"caption":"Jan Casier"},{"@type":"BreadcrumbList","@id":"https:\/\/www.leshivernales.be\/en\/dancer\/jan-casier-staatsballett-berlin-germany\/#breadcrumb","itemListElement":[{"@type":"ListItem","position":1,"name":"Home","item":"https:\/\/www.leshivernales.be\/en\/"},{"@type":"ListItem","position":2,"name":"Jan Casier, Staatsballett Berlin, Germany"}]},{"@type":"WebSite","@id":"https:\/\/www.leshivernales.be\/en\/#website","url":"https:\/\/www.leshivernales.be\/en\/","name":"Les Hivernales de la Danse","description":"","potentialAction":[{"@type":"SearchAction","target":{"@type":"EntryPoint","urlTemplate":"https:\/\/www.leshivernales.be\/en\/?s={search_term_string}"},"query-input":{"@type":"PropertyValueSpecification","valueRequired":true,"valueName":"search_term_string"}}],"inLanguage":"en-US"}]}},"_links":{"self":[{"href":"https:\/\/www.leshivernales.be\/en\/wp-json\/wp\/v2\/danseur\/5918","targetHints":{"allow":["GET"]}}],"collection":[{"href":"https:\/\/www.leshivernales.be\/en\/wp-json\/wp\/v2\/danseur"}],"about":[{"href":"https:\/\/www.leshivernales.be\/en\/wp-json\/wp\/v2\/types\/danseur"}],"wp:featuredmedia":[{"embeddable":true,"href":"https:\/\/www.leshivernales.be\/en\/wp-json\/wp\/v2\/media\/9325"}],"wp:attachment":[{"href":"https:\/\/www.leshivernales.be\/en\/wp-json\/wp\/v2\/media?parent=5918"}],"wp:term":[{"taxonomy":"annee","embeddable":true,"href":"https:\/\/www.leshivernales.be\/en\/wp-json\/wp\/v2\/annee?post=5918"}],"curies":[{"name":"wp","href":"https:\/\/api.w.org\/{rel}","templated":true}]}}

<div class="wp-block-columns is-layout-flex wp-container-core-columns-is-layout-9d6595d7 wp-block-columns-is-layout-flex">
<div class="wp-block-column is-layout-flow wp-block-column-is-layout-flow">
<p>After graduating from the <em>Royal Ballet School</em> Antwerp in 2008, Jan began his professional career at the <em>Royal Ballet of Flanders</em> under the direction of Kathryn Bennetts. </p>



<p>In 2012, he joined the <em>Semperoper Ballet Dresden</em> as a Coryphée for 2 years. He has then been First Soloist with the <em>Ballett Zürich</em> in Switzerland for 9 years. </p>



<p>A versatile dancer, he is just as talented in the role of a prince as he is in modern and contemporary pieces. He was invited by the <em>English National Ballet</em> to dance David Dawson’s “Faun(e)”, which he performed at Les Hivernales de la Danse for the very first edition of the Gala in 2012. </p>



<p>In 2019, Jan was awarded “Dancer of the year” by the German TANZ Magazine.</p>



<p>His repertoire spans works by leading international choreographers such as Christian Spuck, William Forsythe, Jiří Kylián, John Cranko, Kenneth MacMillan, George Balanchine, Marcia Haydée, Alexei Ratmansky, Hans van Manen, Marco Goecke, David Dawson, Marcos Morau, Edward Clug, Crystal Pite, the duo Paul Lightfoot / Sol León, Jacopo Godani, Alexander Ekman, Wayne McGregor, Stijn Celis and Craig Davidson, among others.</p>



<p>Alongside his performing career, Jan works as a freelance teacher and choreographic assistant with junior companies, schools, and summer programs across Europe. He is currently pursuing a master’s degree in dance pedagogy at the Palucca University of Dance Dresden.</p>
</div>



<div class="wp-block-column is-layout-flow wp-block-column-is-layout-flow">
<figure data-wp-context="{&quot;imageId&quot;:&quot;69efb08f4b3c3&quot;}" data-wp-interactive="core/image" data-wp-key="69efb08f4b3c3" class="wp-block-image size-large wp-lightbox-container"><img decoding="async" width="1024" height="683" data-wp-class--hide="state.isContentHidden" data-wp-class--show="state.isContentVisible" data-wp-init="callbacks.setButtonStyles" data-wp-on--click="actions.showLightbox" data-wp-on--load="callbacks.setButtonStyles" data-wp-on-window--resize="callbacks.setButtonStyles" data-src="https://www.leshivernales.be/wp-content/uploads/2026/02/Jan_Casier-by-Admill-Kuyler-AnnaK-danse-1024x683.jpg" alt="Jan Casier" class="wp-image-9317 lazyload" title="Jan Casier" data-srcset="https://www.leshivernales.be/wp-content/uploads/2026/02/Jan_Casier-by-Admill-Kuyler-AnnaK-danse-1024x683.jpg 1024w, https://www.leshivernales.be/wp-content/uploads/2026/02/Jan_Casier-by-Admill-Kuyler-AnnaK-danse-500x333.jpg 500w, https://www.leshivernales.be/wp-content/uploads/2026/02/Jan_Casier-by-Admill-Kuyler-AnnaK-danse-768x512.jpg 768w, https://www.leshivernales.be/wp-content/uploads/2026/02/Jan_Casier-by-Admill-Kuyler-AnnaK-danse-1536x1024.jpg 1536w, https://www.leshivernales.be/wp-content/uploads/2026/02/Jan_Casier-by-Admill-Kuyler-AnnaK-danse-600x400.jpg 600w, https://www.leshivernales.be/wp-content/uploads/2026/02/Jan_Casier-by-Admill-Kuyler-AnnaK-danse.jpg 1800w" data-sizes="(max-width: 1024px) 100vw, 1024px" src="data:image/svg+xml;base64,PHN2ZyB3aWR0aD0iMSIgaGVpZ2h0PSIxIiB4bWxucz0iaHR0cDovL3d3dy53My5vcmcvMjAwMC9zdmciPjwvc3ZnPg==" style="--smush-placeholder-width: 1024px; --smush-placeholder-aspect-ratio: 1024/683;" /><button
			class="lightbox-trigger"
			type="button"
			aria-haspopup="dialog"
			aria-label="Enlarge"
			data-wp-init="callbacks.initTriggerButton"
			data-wp-on--click="actions.showLightbox"
			data-wp-style--right="state.imageButtonRight"
			data-wp-style--top="state.imageButtonTop"
		>
			<svg xmlns="http://www.w3.org/2000/svg" width="12" height="12" fill="none" viewBox="0 0 12 12">
				<path fill="#fff" d="M2 0a2 2 0 0 0-2 2v2h1.5V2a.5.5 0 0 1 .5-.5h2V0H2Zm2 10.5H2a.5.5 0 0 1-.5-.5V8H0v2a2 2 0 0 0 2 2h2v-1.5ZM8 12v-1.5h2a.5.5 0 0 0 .5-.5V8H12v2a2 2 0 0 1-2 2H8Zm2-12a2 2 0 0 1 2 2v2h-1.5V2a.5.5 0 0 0-.5-.5H8V0h2Z" />
			</svg>
		</button></figure>
</div>
</div>

<p></p>
