{"id":5920,"date":"2023-10-03T12:21:56","date_gmt":"2023-10-03T10:21:56","guid":{"rendered":"https:\/\/www.leshivernales.be\/?post_type=danseur&#038;p=5920"},"modified":"2023-10-03T12:21:57","modified_gmt":"2023-10-03T10:21:57","slug":"jason-reilly-ballet-de-stuttgart-germany","status":"publish","type":"danseur","link":"https:\/\/www.leshivernales.be\/en\/dancer\/jason-reilly-ballet-de-stuttgart-germany\/","title":{"rendered":"Jason Reilly, Ballet de Stuttgart, Germany"},"content":{"rendered":"\n<div class=\"wp-block-columns is-layout-flex wp-container-core-columns-is-layout-9d6595d7 wp-block-columns-is-layout-flex\">\n<div class=\"wp-block-column is-layout-flow wp-block-column-is-layout-flow\">\n<p>Originaire de Toronto, Canada, Jason est naturellement dirig\u00e9 vers l\u2019Ecole Nationale de Ballet de Toronto. Dipl\u00f4m\u00e9 en 1997, il joint le Ballet de Stuttgart et acc\u00e8de au grade d\u2019Etoile en 2003. En septembre 2015, il re\u00e7oit le titre de \u201cKammert\u00e4nzer\u201d par le ministre de la culture, qui est le plus haut titre qu\u2019un danseur peut atteindre en Allemagne.<\/p>\n\n\n\n<p>Etant l\u2019un des danseurs Etoiles le plus polyvalent du Ballet de Stuttgart, John Reilly a dans\u00e9 de nombreux r\u00f4les principaux dans les ballets des plus grands chor\u00e9graphes. Son r\u00e9pertoire inclut des r\u00f4les phares dans les ballets de John Cranko comme Siegfried dans le Lac des Cygnes, Petrucchio dans La M\u00e9nag\u00e8re Apprivois\u00e9e et le premier r\u00f4le dans Romeo et Juliette et Oneguine. Il est aussi le Prince D\u00e9sir\u00e9 dans La Belle au Bois Dormant (Marcia Hayd\u00e9e), Basilio dans Don Quichote (Maximiliano Guerra), Albrecht dans Giselle (Coralli, Perrot, Petipa), Colas dans La Fille mal gard\u00e9e (Frederick Ashton), Armand Duval dans La dame aux Cam\u00e9lias, le premier r\u00f4le dans Othello and Stanley Kowalski dans Un tramway nomm\u00e9 D\u00e9sir\u00e9 (tous de John Neumeier). De plus, Jason a explor\u00e9 les chor\u00e9graphies de George Balanchine, Maurice B\u00e9jart, J\u00e9r\u00f4me Robbins, Hans van Manen, Glen Tetley, William Forsythe, Itzik Galili et Jorma Elo. <\/p>\n\n\n\n<p>De nombreux chor\u00e9graphes ont \u00e9t\u00e9 inspir\u00e9s par son talent,&nbsp; John Neumeier, Wayne McGregor, Sidi Larbi Cherkaoui, Mauro Bigonzetti, Christian Spuck et Marco Goecke ont tous cr\u00e9\u00e9 sur Jason. Kevin O\u2019Day lui doit sa version d\u2019 Hamlet, cr\u00e9\u00e9e sp\u00e9cialement pour lui. <\/p>\n\n\n\n<p>Jason Reilly est un danseur tr\u00e8s demand\u00e9 dans les galas internationaux et dans les compagnies prestigieuses. &nbsp; <\/p>\n\n\n\n<p>Cr\u00e9dit photos :<br>Portrait : Roman Novitzky<br>Photo int\u00e9rieure : Stuttgart Ballet<\/p>\n<\/div>\n\n\n\n<div class=\"wp-block-column is-layout-flow wp-block-column-is-layout-flow\"><div class=\"wp-block-image\">\n<figure class=\"aligncenter\"><a href=\"https:\/\/leshivernales.be\/wp-content\/uploads\/2017\/02\/27okt2013_113.jpg\" data-rel=\"lightbox-gallery-U9SPTBpC\" data-rl_title=\"\" data-rl_caption=\"\" title=\"\"><img decoding=\"async\" width=\"297\" height=\"400\" data-src=\"https:\/\/leshivernales.be\/wp-content\/uploads\/2017\/02\/27okt2013_113-297x400.jpg\" alt=\"\" class=\"wp-image-1232 lazyload\" data-srcset=\"https:\/\/www.leshivernales.be\/wp-content\/uploads\/2017\/02\/27okt2013_113-297x400.jpg 297w, https:\/\/www.leshivernales.be\/wp-content\/uploads\/2017\/02\/27okt2013_113-768x1034.jpg 768w, https:\/\/www.leshivernales.be\/wp-content\/uploads\/2017\/02\/27okt2013_113-761x1024.jpg 761w, https:\/\/www.leshivernales.be\/wp-content\/uploads\/2017\/02\/27okt2013_113.jpg 1337w\" data-sizes=\"(max-width: 297px) 100vw, 297px\" src=\"data:image\/svg+xml;base64,PHN2ZyB3aWR0aD0iMSIgaGVpZ2h0PSIxIiB4bWxucz0iaHR0cDovL3d3dy53My5vcmcvMjAwMC9zdmciPjwvc3ZnPg==\" style=\"--smush-placeholder-width: 297px; --smush-placeholder-aspect-ratio: 297\/400;\" \/><\/a><\/figure>\n<\/div><\/div>\n<\/div>\n\n\n\n<p class=\"has-text-align-center\"><br><\/p>\n\n\n\n<p class=\"has-text-align-center\">&nbsp;<\/p>\n","protected":false},"featured_media":2472,"template":"","annee":[130],"class_list":["post-5920","danseur","type-danseur","status-publish","has-post-thumbnail","hentry","annee-130"],"acf":[],"yoast_head":"<!-- This site is optimized with the Yoast SEO plugin v27.4 - https:\/\/yoast.com\/product\/yoast-seo-wordpress\/ -->\n<title>Jason Reilly, Ballet de Stuttgart, Germany - Les Hivernales de la Danse<\/title>\n<meta name=\"robots\" content=\"index, follow, max-snippet:-1, max-image-preview:large, max-video-preview:-1\" \/>\n<link rel=\"canonical\" href=\"https:\/\/www.leshivernales.be\/en\/dancer\/jason-reilly-ballet-de-stuttgart-germany\/\" \/>\n<meta property=\"og:locale\" content=\"en_US\" \/>\n<meta property=\"og:type\" content=\"article\" \/>\n<meta property=\"og:title\" content=\"Jason Reilly, Ballet de Stuttgart, Germany - Les Hivernales de la Danse\" \/>\n<meta property=\"og:description\" content=\"Originaire de Toronto, Canada, Jason est naturellement dirig\u00e9 vers l\u2019Ecole Nationale de Ballet de Toronto. Dipl\u00f4m\u00e9 en 1997, (...)En savoir plus\" \/>\n<meta property=\"og:url\" content=\"https:\/\/www.leshivernales.be\/en\/dancer\/jason-reilly-ballet-de-stuttgart-germany\/\" \/>\n<meta property=\"og:site_name\" content=\"Les Hivernales de la Danse\" \/>\n<meta property=\"article:publisher\" content=\"https:\/\/www.facebook.com\/leshivernalesdeladanse\/\" \/>\n<meta property=\"article:modified_time\" content=\"2023-10-03T10:21:57+00:00\" \/>\n<meta property=\"og:image\" content=\"https:\/\/www.leshivernales.be\/wp-content\/uploads\/2017\/02\/Reilly_Jason.jpg\" \/>\n\t<meta property=\"og:image:width\" content=\"800\" \/>\n\t<meta property=\"og:image:height\" content=\"533\" \/>\n\t<meta property=\"og:image:type\" content=\"image\/jpeg\" \/>\n<meta name=\"twitter:card\" content=\"summary_large_image\" \/>\n<script type=\"application\/ld+json\" class=\"yoast-schema-graph\">{\"@context\":\"https:\\\/\\\/schema.org\",\"@graph\":[{\"@type\":\"WebPage\",\"@id\":\"https:\\\/\\\/www.leshivernales.be\\\/en\\\/dancer\\\/jason-reilly-ballet-de-stuttgart-germany\\\/\",\"url\":\"https:\\\/\\\/www.leshivernales.be\\\/en\\\/dancer\\\/jason-reilly-ballet-de-stuttgart-germany\\\/\",\"name\":\"Jason Reilly, Ballet de Stuttgart, Germany - Les Hivernales de la Danse\",\"isPartOf\":{\"@id\":\"https:\\\/\\\/www.leshivernales.be\\\/en\\\/#website\"},\"primaryImageOfPage\":{\"@id\":\"https:\\\/\\\/www.leshivernales.be\\\/en\\\/dancer\\\/jason-reilly-ballet-de-stuttgart-germany\\\/#primaryimage\"},\"image\":{\"@id\":\"https:\\\/\\\/www.leshivernales.be\\\/en\\\/dancer\\\/jason-reilly-ballet-de-stuttgart-germany\\\/#primaryimage\"},\"thumbnailUrl\":\"https:\\\/\\\/www.leshivernales.be\\\/wp-content\\\/uploads\\\/2017\\\/02\\\/Reilly_Jason.jpg\",\"datePublished\":\"2023-10-03T10:21:56+00:00\",\"dateModified\":\"2023-10-03T10:21:57+00:00\",\"breadcrumb\":{\"@id\":\"https:\\\/\\\/www.leshivernales.be\\\/en\\\/dancer\\\/jason-reilly-ballet-de-stuttgart-germany\\\/#breadcrumb\"},\"inLanguage\":\"en-US\",\"potentialAction\":[{\"@type\":\"ReadAction\",\"target\":[\"https:\\\/\\\/www.leshivernales.be\\\/en\\\/dancer\\\/jason-reilly-ballet-de-stuttgart-germany\\\/\"]}]},{\"@type\":\"ImageObject\",\"inLanguage\":\"en-US\",\"@id\":\"https:\\\/\\\/www.leshivernales.be\\\/en\\\/dancer\\\/jason-reilly-ballet-de-stuttgart-germany\\\/#primaryimage\",\"url\":\"https:\\\/\\\/www.leshivernales.be\\\/wp-content\\\/uploads\\\/2017\\\/02\\\/Reilly_Jason.jpg\",\"contentUrl\":\"https:\\\/\\\/www.leshivernales.be\\\/wp-content\\\/uploads\\\/2017\\\/02\\\/Reilly_Jason.jpg\",\"width\":800,\"height\":533},{\"@type\":\"BreadcrumbList\",\"@id\":\"https:\\\/\\\/www.leshivernales.be\\\/en\\\/dancer\\\/jason-reilly-ballet-de-stuttgart-germany\\\/#breadcrumb\",\"itemListElement\":[{\"@type\":\"ListItem\",\"position\":1,\"name\":\"Home\",\"item\":\"https:\\\/\\\/www.leshivernales.be\\\/en\\\/\"},{\"@type\":\"ListItem\",\"position\":2,\"name\":\"Jason Reilly, Ballet de Stuttgart, Germany\"}]},{\"@type\":\"WebSite\",\"@id\":\"https:\\\/\\\/www.leshivernales.be\\\/en\\\/#website\",\"url\":\"https:\\\/\\\/www.leshivernales.be\\\/en\\\/\",\"name\":\"Les Hivernales de la Danse\",\"description\":\"\",\"potentialAction\":[{\"@type\":\"SearchAction\",\"target\":{\"@type\":\"EntryPoint\",\"urlTemplate\":\"https:\\\/\\\/www.leshivernales.be\\\/en\\\/?s={search_term_string}\"},\"query-input\":{\"@type\":\"PropertyValueSpecification\",\"valueRequired\":true,\"valueName\":\"search_term_string\"}}],\"inLanguage\":\"en-US\"}]}<\/script>\n<!-- \/ Yoast SEO plugin. -->","yoast_head_json":{"title":"Jason Reilly, Ballet de Stuttgart, Germany - Les Hivernales de la Danse","robots":{"index":"index","follow":"follow","max-snippet":"max-snippet:-1","max-image-preview":"max-image-preview:large","max-video-preview":"max-video-preview:-1"},"canonical":"https:\/\/www.leshivernales.be\/en\/dancer\/jason-reilly-ballet-de-stuttgart-germany\/","og_locale":"en_US","og_type":"article","og_title":"Jason Reilly, Ballet de Stuttgart, Germany - Les Hivernales de la Danse","og_description":"Originaire de Toronto, Canada, Jason est naturellement dirig\u00e9 vers l\u2019Ecole Nationale de Ballet de Toronto. Dipl\u00f4m\u00e9 en 1997, (...)En savoir plus","og_url":"https:\/\/www.leshivernales.be\/en\/dancer\/jason-reilly-ballet-de-stuttgart-germany\/","og_site_name":"Les Hivernales de la Danse","article_publisher":"https:\/\/www.facebook.com\/leshivernalesdeladanse\/","article_modified_time":"2023-10-03T10:21:57+00:00","og_image":[{"width":800,"height":533,"url":"https:\/\/www.leshivernales.be\/wp-content\/uploads\/2017\/02\/Reilly_Jason.jpg","type":"image\/jpeg"}],"twitter_card":"summary_large_image","schema":{"@context":"https:\/\/schema.org","@graph":[{"@type":"WebPage","@id":"https:\/\/www.leshivernales.be\/en\/dancer\/jason-reilly-ballet-de-stuttgart-germany\/","url":"https:\/\/www.leshivernales.be\/en\/dancer\/jason-reilly-ballet-de-stuttgart-germany\/","name":"Jason Reilly, Ballet de Stuttgart, Germany - Les Hivernales de la Danse","isPartOf":{"@id":"https:\/\/www.leshivernales.be\/en\/#website"},"primaryImageOfPage":{"@id":"https:\/\/www.leshivernales.be\/en\/dancer\/jason-reilly-ballet-de-stuttgart-germany\/#primaryimage"},"image":{"@id":"https:\/\/www.leshivernales.be\/en\/dancer\/jason-reilly-ballet-de-stuttgart-germany\/#primaryimage"},"thumbnailUrl":"https:\/\/www.leshivernales.be\/wp-content\/uploads\/2017\/02\/Reilly_Jason.jpg","datePublished":"2023-10-03T10:21:56+00:00","dateModified":"2023-10-03T10:21:57+00:00","breadcrumb":{"@id":"https:\/\/www.leshivernales.be\/en\/dancer\/jason-reilly-ballet-de-stuttgart-germany\/#breadcrumb"},"inLanguage":"en-US","potentialAction":[{"@type":"ReadAction","target":["https:\/\/www.leshivernales.be\/en\/dancer\/jason-reilly-ballet-de-stuttgart-germany\/"]}]},{"@type":"ImageObject","inLanguage":"en-US","@id":"https:\/\/www.leshivernales.be\/en\/dancer\/jason-reilly-ballet-de-stuttgart-germany\/#primaryimage","url":"https:\/\/www.leshivernales.be\/wp-content\/uploads\/2017\/02\/Reilly_Jason.jpg","contentUrl":"https:\/\/www.leshivernales.be\/wp-content\/uploads\/2017\/02\/Reilly_Jason.jpg","width":800,"height":533},{"@type":"BreadcrumbList","@id":"https:\/\/www.leshivernales.be\/en\/dancer\/jason-reilly-ballet-de-stuttgart-germany\/#breadcrumb","itemListElement":[{"@type":"ListItem","position":1,"name":"Home","item":"https:\/\/www.leshivernales.be\/en\/"},{"@type":"ListItem","position":2,"name":"Jason Reilly, Ballet de Stuttgart, Germany"}]},{"@type":"WebSite","@id":"https:\/\/www.leshivernales.be\/en\/#website","url":"https:\/\/www.leshivernales.be\/en\/","name":"Les Hivernales de la Danse","description":"","potentialAction":[{"@type":"SearchAction","target":{"@type":"EntryPoint","urlTemplate":"https:\/\/www.leshivernales.be\/en\/?s={search_term_string}"},"query-input":{"@type":"PropertyValueSpecification","valueRequired":true,"valueName":"search_term_string"}}],"inLanguage":"en-US"}]}},"_links":{"self":[{"href":"https:\/\/www.leshivernales.be\/en\/wp-json\/wp\/v2\/danseur\/5920","targetHints":{"allow":["GET"]}}],"collection":[{"href":"https:\/\/www.leshivernales.be\/en\/wp-json\/wp\/v2\/danseur"}],"about":[{"href":"https:\/\/www.leshivernales.be\/en\/wp-json\/wp\/v2\/types\/danseur"}],"wp:featuredmedia":[{"embeddable":true,"href":"https:\/\/www.leshivernales.be\/en\/wp-json\/wp\/v2\/media\/2472"}],"wp:attachment":[{"href":"https:\/\/www.leshivernales.be\/en\/wp-json\/wp\/v2\/media?parent=5920"}],"wp:term":[{"taxonomy":"annee","embeddable":true,"href":"https:\/\/www.leshivernales.be\/en\/wp-json\/wp\/v2\/annee?post=5920"}],"curies":[{"name":"wp","href":"https:\/\/api.w.org\/{rel}","templated":true}]}}

<div class="wp-block-columns is-layout-flex wp-container-core-columns-is-layout-9d6595d7 wp-block-columns-is-layout-flex">
<div class="wp-block-column is-layout-flow wp-block-column-is-layout-flow">
<p>Originaire de Toronto, Canada, Jason est naturellement dirigé vers l’Ecole Nationale de Ballet de Toronto. Diplômé en 1997, il joint le Ballet de Stuttgart et accède au grade d’Etoile en 2003. En septembre 2015, il reçoit le titre de “Kammertänzer” par le ministre de la culture, qui est le plus haut titre qu’un danseur peut atteindre en Allemagne.</p>



<p>Etant l’un des danseurs Etoiles le plus polyvalent du Ballet de Stuttgart, John Reilly a dansé de nombreux rôles principaux dans les ballets des plus grands chorégraphes. Son répertoire inclut des rôles phares dans les ballets de John Cranko comme Siegfried dans le Lac des Cygnes, Petrucchio dans La Ménagère Apprivoisée et le premier rôle dans Romeo et Juliette et Oneguine. Il est aussi le Prince Désiré dans La Belle au Bois Dormant (Marcia Haydée), Basilio dans Don Quichote (Maximiliano Guerra), Albrecht dans Giselle (Coralli, Perrot, Petipa), Colas dans La Fille mal gardée (Frederick Ashton), Armand Duval dans La dame aux Camélias, le premier rôle dans Othello and Stanley Kowalski dans Un tramway nommé Désiré (tous de John Neumeier). De plus, Jason a exploré les chorégraphies de George Balanchine, Maurice Béjart, Jérôme Robbins, Hans van Manen, Glen Tetley, William Forsythe, Itzik Galili et Jorma Elo. </p>



<p>De nombreux chorégraphes ont été inspirés par son talent,&nbsp; John Neumeier, Wayne McGregor, Sidi Larbi Cherkaoui, Mauro Bigonzetti, Christian Spuck et Marco Goecke ont tous créé sur Jason. Kevin O’Day lui doit sa version d’ Hamlet, créée spécialement pour lui. </p>



<p>Jason Reilly est un danseur très demandé dans les galas internationaux et dans les compagnies prestigieuses. &nbsp; </p>



<p>Crédit photos :<br>Portrait : Roman Novitzky<br>Photo intérieure : Stuttgart Ballet</p>
</div>



<div class="wp-block-column is-layout-flow wp-block-column-is-layout-flow"><div class="wp-block-image">
<figure class="aligncenter"><a href="https://leshivernales.be/wp-content/uploads/2017/02/27okt2013_113.jpg" data-rel="lightbox-gallery-U9SPTBpC" data-rl_title="" data-rl_caption="" title=""><img decoding="async" width="297" height="400" data-src="https://leshivernales.be/wp-content/uploads/2017/02/27okt2013_113-297x400.jpg" alt="" class="wp-image-1232 lazyload" data-srcset="https://www.leshivernales.be/wp-content/uploads/2017/02/27okt2013_113-297x400.jpg 297w, https://www.leshivernales.be/wp-content/uploads/2017/02/27okt2013_113-768x1034.jpg 768w, https://www.leshivernales.be/wp-content/uploads/2017/02/27okt2013_113-761x1024.jpg 761w, https://www.leshivernales.be/wp-content/uploads/2017/02/27okt2013_113.jpg 1337w" data-sizes="(max-width: 297px) 100vw, 297px" src="data:image/svg+xml;base64,PHN2ZyB3aWR0aD0iMSIgaGVpZ2h0PSIxIiB4bWxucz0iaHR0cDovL3d3dy53My5vcmcvMjAwMC9zdmciPjwvc3ZnPg==" style="--smush-placeholder-width: 297px; --smush-placeholder-aspect-ratio: 297/400;" /></a></figure>
</div></div>
</div>



<p class="has-text-align-center"><br></p>



<p class="has-text-align-center">&nbsp;</p>

<!-- This site is optimized with the Yoast SEO plugin v27.4 - https://yoast.com/product/yoast-seo-wordpress/ -->
<title>Jason Reilly, Ballet de Stuttgart, Germany - Les Hivernales de la Danse</title>
<meta name="robots" content="index, follow, max-snippet:-1, max-image-preview:large, max-video-preview:-1" />
<link rel="canonical" href="https://www.leshivernales.be/en/dancer/jason-reilly-ballet-de-stuttgart-germany/" />
<meta property="og:locale" content="en_US" />
<meta property="og:type" content="article" />
<meta property="og:title" content="Jason Reilly, Ballet de Stuttgart, Germany - Les Hivernales de la Danse" />
<meta property="og:description" content="Originaire de Toronto, Canada, Jason est naturellement dirigé vers l’Ecole Nationale de Ballet de Toronto. Diplômé en 1997, (...)En savoir plus" />
<meta property="og:url" content="https://www.leshivernales.be/en/dancer/jason-reilly-ballet-de-stuttgart-germany/" />
<meta property="og:site_name" content="Les Hivernales de la Danse" />
<meta property="article:publisher" content="https://www.facebook.com/leshivernalesdeladanse/" />
<meta property="article:modified_time" content="2023-10-03T10:21:57+00:00" />
<meta property="og:image" content="https://www.leshivernales.be/wp-content/uploads/2017/02/Reilly_Jason.jpg" />
	<meta property="og:image:width" content="800" />
	<meta property="og:image:height" content="533" />
	<meta property="og:image:type" content="image/jpeg" />
<meta name="twitter:card" content="summary_large_image" />
<script type="application/ld+json" class="yoast-schema-graph">{"@context":"https:\/\/schema.org","@graph":[{"@type":"WebPage","@id":"https:\/\/www.leshivernales.be\/en\/dancer\/jason-reilly-ballet-de-stuttgart-germany\/","url":"https:\/\/www.leshivernales.be\/en\/dancer\/jason-reilly-ballet-de-stuttgart-germany\/","name":"Jason Reilly, Ballet de Stuttgart, Germany - Les Hivernales de la Danse","isPartOf":{"@id":"https:\/\/www.leshivernales.be\/en\/#website"},"primaryImageOfPage":{"@id":"https:\/\/www.leshivernales.be\/en\/dancer\/jason-reilly-ballet-de-stuttgart-germany\/#primaryimage"},"image":{"@id":"https:\/\/www.leshivernales.be\/en\/dancer\/jason-reilly-ballet-de-stuttgart-germany\/#primaryimage"},"thumbnailUrl":"https:\/\/www.leshivernales.be\/wp-content\/uploads\/2017\/02\/Reilly_Jason.jpg","datePublished":"2023-10-03T10:21:56+00:00","dateModified":"2023-10-03T10:21:57+00:00","breadcrumb":{"@id":"https:\/\/www.leshivernales.be\/en\/dancer\/jason-reilly-ballet-de-stuttgart-germany\/#breadcrumb"},"inLanguage":"en-US","potentialAction":[{"@type":"ReadAction","target":["https:\/\/www.leshivernales.be\/en\/dancer\/jason-reilly-ballet-de-stuttgart-germany\/"]}]},{"@type":"ImageObject","inLanguage":"en-US","@id":"https:\/\/www.leshivernales.be\/en\/dancer\/jason-reilly-ballet-de-stuttgart-germany\/#primaryimage","url":"https:\/\/www.leshivernales.be\/wp-content\/uploads\/2017\/02\/Reilly_Jason.jpg","contentUrl":"https:\/\/www.leshivernales.be\/wp-content\/uploads\/2017\/02\/Reilly_Jason.jpg","width":800,"height":533},{"@type":"BreadcrumbList","@id":"https:\/\/www.leshivernales.be\/en\/dancer\/jason-reilly-ballet-de-stuttgart-germany\/#breadcrumb","itemListElement":[{"@type":"ListItem","position":1,"name":"Home","item":"https:\/\/www.leshivernales.be\/en\/"},{"@type":"ListItem","position":2,"name":"Jason Reilly, Ballet de Stuttgart, Germany"}]},{"@type":"WebSite","@id":"https:\/\/www.leshivernales.be\/en\/#website","url":"https:\/\/www.leshivernales.be\/en\/","name":"Les Hivernales de la Danse","description":"","potentialAction":[{"@type":"SearchAction","target":{"@type":"EntryPoint","urlTemplate":"https:\/\/www.leshivernales.be\/en\/?s={search_term_string}"},"query-input":{"@type":"PropertyValueSpecification","valueRequired":true,"valueName":"search_term_string"}}],"inLanguage":"en-US"}]}</script>
<!-- / Yoast SEO plugin. -->

Originaire de Toronto, Canada, Jason est naturellement dirigé vers l’Ecole Nationale de Ballet de Toronto. Diplômé en 1997, (...)En savoir plus
