{"id":5936,"date":"2023-10-03T12:43:29","date_gmt":"2023-10-03T10:43:29","guid":{"rendered":"https:\/\/www.leshivernales.be\/?post_type=danseur&#038;p=5936"},"modified":"2023-10-03T12:43:30","modified_gmt":"2023-10-03T10:43:30","slug":"marcelino-sambe-royal-ballet-de-londres-england","status":"publish","type":"danseur","link":"https:\/\/www.leshivernales.be\/en\/dancer\/marcelino-sambe-royal-ballet-de-londres-england\/","title":{"rendered":"Marcelino Samb\u00e9, Royal Ballet de Londres, England"},"content":{"rendered":"\n<div class=\"wp-block-columns is-layout-flex wp-container-core-columns-is-layout-9d6595d7 wp-block-columns-is-layout-flex\">\n<div class=\"wp-block-column is-layout-flow wp-block-column-is-layout-flow\">\n<p><span class=\"s1\">D\u2019origine portugaise, Marcelino d\u00e9bute sa formation au Conservatoire National de Lisbonne.<span class=\"Apple-converted-space\">&nbsp; <\/span>Dipl\u00f4m\u00e9 ensuite de la Royal Ballet School de Londres, c\u2019est naturellement que le Royal Ballet lui ouvre ses portes en septembre 2012. Tr\u00e8s vite, il gravit les \u00e9chelons de la c\u00e9l\u00e8bre compagnie : 1er Artiste en 2014, soliste en 2015 et Premier Soliste depuis 2017.<\/span><\/p>\n\n\n\n<p><span class=\"s1\">Friand de challenges, il teste son talent dans de nombreux concours\u2026 Il remporte notamment la m\u00e9daille d\u2019argent au Concours International de Moscou, le 1<\/span><span class=\"s2\"><sup>er<\/sup><\/span><span class=\"s1\"> Prix au \u00ab&nbsp;Young American Grand Prix&nbsp;\u00bb en 2009, une m\u00e9daille d\u2019or et le \u00ab&nbsp;special Award&nbsp;\u00bb au Concours International des Etats-Unis et le&nbsp;Prix du Dance Europe pour \u00ab&nbsp;Outstanding Male Performance&nbsp;\u00bb au \u00ab&nbsp;Critics\u2019 Circle National Dance Awards 2017&nbsp;\u00bb.<\/span><\/p>\n<\/div>\n\n\n\n<div class=\"wp-block-column is-layout-flow wp-block-column-is-layout-flow\"><div class=\"wp-block-image\">\n<figure class=\"aligncenter\"><a href=\"https:\/\/leshivernales.be\/wp-content\/uploads\/2019\/03\/IMG_3416.jpg\" data-rel=\"lightbox-gallery-GaXhVFBd\" data-rl_title=\"\" data-rl_caption=\"\" title=\"\"><img decoding=\"async\" width=\"500\" height=\"333\" data-src=\"https:\/\/leshivernales.be\/wp-content\/uploads\/2019\/03\/IMG_3416-500x333.jpg\" alt=\"\" class=\"wp-image-1493 lazyload\" data-srcset=\"https:\/\/www.leshivernales.be\/wp-content\/uploads\/2019\/03\/IMG_3416-500x333.jpg 500w, https:\/\/www.leshivernales.be\/wp-content\/uploads\/2019\/03\/IMG_3416-768x512.jpg 768w, https:\/\/www.leshivernales.be\/wp-content\/uploads\/2019\/03\/IMG_3416-1024x683.jpg 1024w, https:\/\/www.leshivernales.be\/wp-content\/uploads\/2019\/03\/IMG_3416.jpg 1200w\" data-sizes=\"(max-width: 500px) 100vw, 500px\" src=\"data:image\/svg+xml;base64,PHN2ZyB3aWR0aD0iMSIgaGVpZ2h0PSIxIiB4bWxucz0iaHR0cDovL3d3dy53My5vcmcvMjAwMC9zdmciPjwvc3ZnPg==\" style=\"--smush-placeholder-width: 500px; --smush-placeholder-aspect-ratio: 500\/333;\" \/><\/a><\/figure>\n<\/div><\/div>\n<\/div>\n\n\n\n<p>&nbsp;<\/p>\n","protected":false},"featured_media":2543,"template":"","annee":[],"class_list":["post-5936","danseur","type-danseur","status-publish","has-post-thumbnail","hentry"],"acf":[],"yoast_head":"<!-- This site is optimized with the Yoast SEO plugin v27.4 - https:\/\/yoast.com\/product\/yoast-seo-wordpress\/ -->\n<title>Marcelino Samb\u00e9, Royal Ballet de Londres, England - Les Hivernales de la Danse<\/title>\n<meta name=\"robots\" content=\"index, follow, max-snippet:-1, max-image-preview:large, max-video-preview:-1\" \/>\n<link rel=\"canonical\" href=\"https:\/\/www.leshivernales.be\/en\/dancer\/marcelino-sambe-royal-ballet-de-londres-england\/\" \/>\n<meta property=\"og:locale\" content=\"en_US\" \/>\n<meta property=\"og:type\" content=\"article\" \/>\n<meta property=\"og:title\" content=\"Marcelino Samb\u00e9, Royal Ballet de Londres, England - Les Hivernales de la Danse\" \/>\n<meta property=\"og:description\" content=\"D\u2019origine portugaise, Marcelino d\u00e9bute sa formation au Conservatoire National de Lisbonne.&nbsp; Dipl\u00f4m\u00e9 ensuite de la Royal Ballet School (...)En savoir plus\" \/>\n<meta property=\"og:url\" content=\"https:\/\/www.leshivernales.be\/en\/dancer\/marcelino-sambe-royal-ballet-de-londres-england\/\" \/>\n<meta property=\"og:site_name\" content=\"Les Hivernales de la Danse\" \/>\n<meta property=\"article:publisher\" content=\"https:\/\/www.facebook.com\/leshivernalesdeladanse\/\" \/>\n<meta property=\"article:modified_time\" content=\"2023-10-03T10:43:30+00:00\" \/>\n<meta property=\"og:image\" content=\"https:\/\/www.leshivernales.be\/wp-content\/uploads\/2019\/03\/Marcelino.jpg\" \/>\n\t<meta property=\"og:image:width\" content=\"400\" \/>\n\t<meta property=\"og:image:height\" content=\"400\" \/>\n\t<meta property=\"og:image:type\" content=\"image\/jpeg\" \/>\n<meta name=\"twitter:card\" content=\"summary_large_image\" \/>\n<script type=\"application\/ld+json\" class=\"yoast-schema-graph\">{\"@context\":\"https:\\\/\\\/schema.org\",\"@graph\":[{\"@type\":\"WebPage\",\"@id\":\"https:\\\/\\\/www.leshivernales.be\\\/en\\\/dancer\\\/marcelino-sambe-royal-ballet-de-londres-england\\\/\",\"url\":\"https:\\\/\\\/www.leshivernales.be\\\/en\\\/dancer\\\/marcelino-sambe-royal-ballet-de-londres-england\\\/\",\"name\":\"Marcelino Samb\u00e9, Royal Ballet de Londres, England - Les Hivernales de la Danse\",\"isPartOf\":{\"@id\":\"https:\\\/\\\/www.leshivernales.be\\\/en\\\/#website\"},\"primaryImageOfPage\":{\"@id\":\"https:\\\/\\\/www.leshivernales.be\\\/en\\\/dancer\\\/marcelino-sambe-royal-ballet-de-londres-england\\\/#primaryimage\"},\"image\":{\"@id\":\"https:\\\/\\\/www.leshivernales.be\\\/en\\\/dancer\\\/marcelino-sambe-royal-ballet-de-londres-england\\\/#primaryimage\"},\"thumbnailUrl\":\"https:\\\/\\\/www.leshivernales.be\\\/wp-content\\\/uploads\\\/2019\\\/03\\\/Marcelino.jpg\",\"datePublished\":\"2023-10-03T10:43:29+00:00\",\"dateModified\":\"2023-10-03T10:43:30+00:00\",\"breadcrumb\":{\"@id\":\"https:\\\/\\\/www.leshivernales.be\\\/en\\\/dancer\\\/marcelino-sambe-royal-ballet-de-londres-england\\\/#breadcrumb\"},\"inLanguage\":\"en-US\",\"potentialAction\":[{\"@type\":\"ReadAction\",\"target\":[\"https:\\\/\\\/www.leshivernales.be\\\/en\\\/dancer\\\/marcelino-sambe-royal-ballet-de-londres-england\\\/\"]}]},{\"@type\":\"ImageObject\",\"inLanguage\":\"en-US\",\"@id\":\"https:\\\/\\\/www.leshivernales.be\\\/en\\\/dancer\\\/marcelino-sambe-royal-ballet-de-londres-england\\\/#primaryimage\",\"url\":\"https:\\\/\\\/www.leshivernales.be\\\/wp-content\\\/uploads\\\/2019\\\/03\\\/Marcelino.jpg\",\"contentUrl\":\"https:\\\/\\\/www.leshivernales.be\\\/wp-content\\\/uploads\\\/2019\\\/03\\\/Marcelino.jpg\",\"width\":400,\"height\":400},{\"@type\":\"BreadcrumbList\",\"@id\":\"https:\\\/\\\/www.leshivernales.be\\\/en\\\/dancer\\\/marcelino-sambe-royal-ballet-de-londres-england\\\/#breadcrumb\",\"itemListElement\":[{\"@type\":\"ListItem\",\"position\":1,\"name\":\"Home\",\"item\":\"https:\\\/\\\/www.leshivernales.be\\\/en\\\/\"},{\"@type\":\"ListItem\",\"position\":2,\"name\":\"Marcelino Samb\u00e9, Royal Ballet de Londres, England\"}]},{\"@type\":\"WebSite\",\"@id\":\"https:\\\/\\\/www.leshivernales.be\\\/en\\\/#website\",\"url\":\"https:\\\/\\\/www.leshivernales.be\\\/en\\\/\",\"name\":\"Les Hivernales de la Danse\",\"description\":\"\",\"potentialAction\":[{\"@type\":\"SearchAction\",\"target\":{\"@type\":\"EntryPoint\",\"urlTemplate\":\"https:\\\/\\\/www.leshivernales.be\\\/en\\\/?s={search_term_string}\"},\"query-input\":{\"@type\":\"PropertyValueSpecification\",\"valueRequired\":true,\"valueName\":\"search_term_string\"}}],\"inLanguage\":\"en-US\"}]}<\/script>\n<!-- \/ Yoast SEO plugin. -->","yoast_head_json":{"title":"Marcelino Samb\u00e9, Royal Ballet de Londres, England - Les Hivernales de la Danse","robots":{"index":"index","follow":"follow","max-snippet":"max-snippet:-1","max-image-preview":"max-image-preview:large","max-video-preview":"max-video-preview:-1"},"canonical":"https:\/\/www.leshivernales.be\/en\/dancer\/marcelino-sambe-royal-ballet-de-londres-england\/","og_locale":"en_US","og_type":"article","og_title":"Marcelino Samb\u00e9, Royal Ballet de Londres, England - Les Hivernales de la Danse","og_description":"D\u2019origine portugaise, Marcelino d\u00e9bute sa formation au Conservatoire National de Lisbonne.&nbsp; Dipl\u00f4m\u00e9 ensuite de la Royal Ballet School (...)En savoir plus","og_url":"https:\/\/www.leshivernales.be\/en\/dancer\/marcelino-sambe-royal-ballet-de-londres-england\/","og_site_name":"Les Hivernales de la Danse","article_publisher":"https:\/\/www.facebook.com\/leshivernalesdeladanse\/","article_modified_time":"2023-10-03T10:43:30+00:00","og_image":[{"width":400,"height":400,"url":"https:\/\/www.leshivernales.be\/wp-content\/uploads\/2019\/03\/Marcelino.jpg","type":"image\/jpeg"}],"twitter_card":"summary_large_image","schema":{"@context":"https:\/\/schema.org","@graph":[{"@type":"WebPage","@id":"https:\/\/www.leshivernales.be\/en\/dancer\/marcelino-sambe-royal-ballet-de-londres-england\/","url":"https:\/\/www.leshivernales.be\/en\/dancer\/marcelino-sambe-royal-ballet-de-londres-england\/","name":"Marcelino Samb\u00e9, Royal Ballet de Londres, England - Les Hivernales de la Danse","isPartOf":{"@id":"https:\/\/www.leshivernales.be\/en\/#website"},"primaryImageOfPage":{"@id":"https:\/\/www.leshivernales.be\/en\/dancer\/marcelino-sambe-royal-ballet-de-londres-england\/#primaryimage"},"image":{"@id":"https:\/\/www.leshivernales.be\/en\/dancer\/marcelino-sambe-royal-ballet-de-londres-england\/#primaryimage"},"thumbnailUrl":"https:\/\/www.leshivernales.be\/wp-content\/uploads\/2019\/03\/Marcelino.jpg","datePublished":"2023-10-03T10:43:29+00:00","dateModified":"2023-10-03T10:43:30+00:00","breadcrumb":{"@id":"https:\/\/www.leshivernales.be\/en\/dancer\/marcelino-sambe-royal-ballet-de-londres-england\/#breadcrumb"},"inLanguage":"en-US","potentialAction":[{"@type":"ReadAction","target":["https:\/\/www.leshivernales.be\/en\/dancer\/marcelino-sambe-royal-ballet-de-londres-england\/"]}]},{"@type":"ImageObject","inLanguage":"en-US","@id":"https:\/\/www.leshivernales.be\/en\/dancer\/marcelino-sambe-royal-ballet-de-londres-england\/#primaryimage","url":"https:\/\/www.leshivernales.be\/wp-content\/uploads\/2019\/03\/Marcelino.jpg","contentUrl":"https:\/\/www.leshivernales.be\/wp-content\/uploads\/2019\/03\/Marcelino.jpg","width":400,"height":400},{"@type":"BreadcrumbList","@id":"https:\/\/www.leshivernales.be\/en\/dancer\/marcelino-sambe-royal-ballet-de-londres-england\/#breadcrumb","itemListElement":[{"@type":"ListItem","position":1,"name":"Home","item":"https:\/\/www.leshivernales.be\/en\/"},{"@type":"ListItem","position":2,"name":"Marcelino Samb\u00e9, Royal Ballet de Londres, England"}]},{"@type":"WebSite","@id":"https:\/\/www.leshivernales.be\/en\/#website","url":"https:\/\/www.leshivernales.be\/en\/","name":"Les Hivernales de la Danse","description":"","potentialAction":[{"@type":"SearchAction","target":{"@type":"EntryPoint","urlTemplate":"https:\/\/www.leshivernales.be\/en\/?s={search_term_string}"},"query-input":{"@type":"PropertyValueSpecification","valueRequired":true,"valueName":"search_term_string"}}],"inLanguage":"en-US"}]}},"_links":{"self":[{"href":"https:\/\/www.leshivernales.be\/en\/wp-json\/wp\/v2\/danseur\/5936","targetHints":{"allow":["GET"]}}],"collection":[{"href":"https:\/\/www.leshivernales.be\/en\/wp-json\/wp\/v2\/danseur"}],"about":[{"href":"https:\/\/www.leshivernales.be\/en\/wp-json\/wp\/v2\/types\/danseur"}],"wp:featuredmedia":[{"embeddable":true,"href":"https:\/\/www.leshivernales.be\/en\/wp-json\/wp\/v2\/media\/2543"}],"wp:attachment":[{"href":"https:\/\/www.leshivernales.be\/en\/wp-json\/wp\/v2\/media?parent=5936"}],"wp:term":[{"taxonomy":"annee","embeddable":true,"href":"https:\/\/www.leshivernales.be\/en\/wp-json\/wp\/v2\/annee?post=5936"}],"curies":[{"name":"wp","href":"https:\/\/api.w.org\/{rel}","templated":true}]}}

Marcelino Sambé, Royal Ballet de Londres, England

<div class="wp-block-columns is-layout-flex wp-container-core-columns-is-layout-9d6595d7 wp-block-columns-is-layout-flex">
<div class="wp-block-column is-layout-flow wp-block-column-is-layout-flow">
<p><span class="s1">D’origine portugaise, Marcelino débute sa formation au Conservatoire National de Lisbonne.<span class="Apple-converted-space">&nbsp; </span>Diplômé ensuite de la Royal Ballet School de Londres, c’est naturellement que le Royal Ballet lui ouvre ses portes en septembre 2012. Très vite, il gravit les échelons de la célèbre compagnie : 1er Artiste en 2014, soliste en 2015 et Premier Soliste depuis 2017.</span></p>



<p><span class="s1">Friand de challenges, il teste son talent dans de nombreux concours… Il remporte notamment la médaille d’argent au Concours International de Moscou, le 1</span><span class="s2"><sup>er</sup></span><span class="s1"> Prix au «&nbsp;Young American Grand Prix&nbsp;» en 2009, une médaille d’or et le «&nbsp;special Award&nbsp;» au Concours International des Etats-Unis et le&nbsp;Prix du Dance Europe pour «&nbsp;Outstanding Male Performance&nbsp;» au «&nbsp;Critics’ Circle National Dance Awards 2017&nbsp;».</span></p>
</div>



<div class="wp-block-column is-layout-flow wp-block-column-is-layout-flow"><div class="wp-block-image">
<figure class="aligncenter"><a href="https://leshivernales.be/wp-content/uploads/2019/03/IMG_3416.jpg" data-rel="lightbox-gallery-GaXhVFBd" data-rl_title="" data-rl_caption="" title=""><img decoding="async" width="500" height="333" data-src="https://leshivernales.be/wp-content/uploads/2019/03/IMG_3416-500x333.jpg" alt="" class="wp-image-1493 lazyload" data-srcset="https://www.leshivernales.be/wp-content/uploads/2019/03/IMG_3416-500x333.jpg 500w, https://www.leshivernales.be/wp-content/uploads/2019/03/IMG_3416-768x512.jpg 768w, https://www.leshivernales.be/wp-content/uploads/2019/03/IMG_3416-1024x683.jpg 1024w, https://www.leshivernales.be/wp-content/uploads/2019/03/IMG_3416.jpg 1200w" data-sizes="(max-width: 500px) 100vw, 500px" src="data:image/svg+xml;base64,PHN2ZyB3aWR0aD0iMSIgaGVpZ2h0PSIxIiB4bWxucz0iaHR0cDovL3d3dy53My5vcmcvMjAwMC9zdmciPjwvc3ZnPg==" style="--smush-placeholder-width: 500px; --smush-placeholder-aspect-ratio: 500/333;" /></a></figure>
</div></div>
</div>



<p>&nbsp;</p>

<!-- This site is optimized with the Yoast SEO plugin v27.4 - https://yoast.com/product/yoast-seo-wordpress/ -->
<title>Marcelino Sambé, Royal Ballet de Londres, England - Les Hivernales de la Danse</title>
<meta name="robots" content="index, follow, max-snippet:-1, max-image-preview:large, max-video-preview:-1" />
<link rel="canonical" href="https://www.leshivernales.be/en/dancer/marcelino-sambe-royal-ballet-de-londres-england/" />
<meta property="og:locale" content="en_US" />
<meta property="og:type" content="article" />
<meta property="og:title" content="Marcelino Sambé, Royal Ballet de Londres, England - Les Hivernales de la Danse" />
<meta property="og:description" content="D’origine portugaise, Marcelino débute sa formation au Conservatoire National de Lisbonne.&nbsp; Diplômé ensuite de la Royal Ballet School (...)En savoir plus" />
<meta property="og:url" content="https://www.leshivernales.be/en/dancer/marcelino-sambe-royal-ballet-de-londres-england/" />
<meta property="og:site_name" content="Les Hivernales de la Danse" />
<meta property="article:publisher" content="https://www.facebook.com/leshivernalesdeladanse/" />
<meta property="article:modified_time" content="2023-10-03T10:43:30+00:00" />
<meta property="og:image" content="https://www.leshivernales.be/wp-content/uploads/2019/03/Marcelino.jpg" />
	<meta property="og:image:width" content="400" />
	<meta property="og:image:height" content="400" />
	<meta property="og:image:type" content="image/jpeg" />
<meta name="twitter:card" content="summary_large_image" />
<script type="application/ld+json" class="yoast-schema-graph">{"@context":"https:\/\/schema.org","@graph":[{"@type":"WebPage","@id":"https:\/\/www.leshivernales.be\/en\/dancer\/marcelino-sambe-royal-ballet-de-londres-england\/","url":"https:\/\/www.leshivernales.be\/en\/dancer\/marcelino-sambe-royal-ballet-de-londres-england\/","name":"Marcelino Sambé, Royal Ballet de Londres, England - Les Hivernales de la Danse","isPartOf":{"@id":"https:\/\/www.leshivernales.be\/en\/#website"},"primaryImageOfPage":{"@id":"https:\/\/www.leshivernales.be\/en\/dancer\/marcelino-sambe-royal-ballet-de-londres-england\/#primaryimage"},"image":{"@id":"https:\/\/www.leshivernales.be\/en\/dancer\/marcelino-sambe-royal-ballet-de-londres-england\/#primaryimage"},"thumbnailUrl":"https:\/\/www.leshivernales.be\/wp-content\/uploads\/2019\/03\/Marcelino.jpg","datePublished":"2023-10-03T10:43:29+00:00","dateModified":"2023-10-03T10:43:30+00:00","breadcrumb":{"@id":"https:\/\/www.leshivernales.be\/en\/dancer\/marcelino-sambe-royal-ballet-de-londres-england\/#breadcrumb"},"inLanguage":"en-US","potentialAction":[{"@type":"ReadAction","target":["https:\/\/www.leshivernales.be\/en\/dancer\/marcelino-sambe-royal-ballet-de-londres-england\/"]}]},{"@type":"ImageObject","inLanguage":"en-US","@id":"https:\/\/www.leshivernales.be\/en\/dancer\/marcelino-sambe-royal-ballet-de-londres-england\/#primaryimage","url":"https:\/\/www.leshivernales.be\/wp-content\/uploads\/2019\/03\/Marcelino.jpg","contentUrl":"https:\/\/www.leshivernales.be\/wp-content\/uploads\/2019\/03\/Marcelino.jpg","width":400,"height":400},{"@type":"BreadcrumbList","@id":"https:\/\/www.leshivernales.be\/en\/dancer\/marcelino-sambe-royal-ballet-de-londres-england\/#breadcrumb","itemListElement":[{"@type":"ListItem","position":1,"name":"Home","item":"https:\/\/www.leshivernales.be\/en\/"},{"@type":"ListItem","position":2,"name":"Marcelino Sambé, Royal Ballet de Londres, England"}]},{"@type":"WebSite","@id":"https:\/\/www.leshivernales.be\/en\/#website","url":"https:\/\/www.leshivernales.be\/en\/","name":"Les Hivernales de la Danse","description":"","potentialAction":[{"@type":"SearchAction","target":{"@type":"EntryPoint","urlTemplate":"https:\/\/www.leshivernales.be\/en\/?s={search_term_string}"},"query-input":{"@type":"PropertyValueSpecification","valueRequired":true,"valueName":"search_term_string"}}],"inLanguage":"en-US"}]}</script>
<!-- / Yoast SEO plugin. -->

Marcelino Sambé, Royal Ballet de Londres, England - Les Hivernales de la Danse

D’origine portugaise, Marcelino débute sa formation au Conservatoire National de Lisbonne.&nbsp; Diplômé ensuite de la Royal Ballet School (...)En savoir plus
