{"id":5944,"date":"2023-10-03T12:54:31","date_gmt":"2023-10-03T10:54:31","guid":{"rendered":"https:\/\/www.leshivernales.be\/?post_type=danseur&#038;p=5944"},"modified":"2023-10-03T12:54:32","modified_gmt":"2023-10-03T10:54:32","slug":"mathilde-froustey-etoile-san-francisco-ballet","status":"publish","type":"danseur","link":"https:\/\/www.leshivernales.be\/en\/dancer\/mathilde-froustey-etoile-san-francisco-ballet\/","title":{"rendered":"Mathilde Froustey, Etoile, San Francisco Ballet"},"content":{"rendered":"\n<div class=\"wp-block-columns is-layout-flex wp-container-core-columns-is-layout-9d6595d7 wp-block-columns-is-layout-flex\">\n<div class=\"wp-block-column is-layout-flow wp-block-column-is-layout-flow\">\n<p>Originaire de Bordeaux, Mathilde d\u00e9bute la danse \u00e0 l\u2019\u00e2ge de 9 ans. A 13 ans, elle int\u00e8gre <strong>l\u2019<a href=\"http:\/\/www.ecole-danse-marseille.com\/\" target=\"_blank\" rel=\"noopener\">Ecole Sup\u00e9rieure de Danse de Marseille<\/a><\/strong>, avec Collette Armand comme professeur titulaire. Cette derni\u00e8re lui conseille de monter \u00e0 Paris, tenter sa chance \u00e0 <strong>l\u2019Op\u00e9ra,<\/strong> ce qu\u2019elle fait et est int\u00e9gr\u00e9e \u00e0 la prestigieuse \u00e9cole en 3<sup>\u00e8me<\/sup> division. A l\u2019\u00e2ge de 17 ans, elle rejoint la <a href=\"https:\/\/www.operadeparis.fr\/les-artistes\/le-ballet\" target=\"_blank\" rel=\"noopener\"><strong>Ballet de l\u2019Op\u00e9ra de Paris<\/strong><\/a>&nbsp;pour atteindre le grade de sujet. Avide de nouvelles aventures, elle s\u2019octroie le luxe de prendre une ann\u00e9e sabbatique afin de rejoindre le <a href=\"http:\/\/www.sfballet.org\/\" target=\"_blank\" rel=\"noopener\"><strong>San Francisco Ballet<\/strong><\/a>&nbsp;en tant qu\u2019<strong>Etoile<\/strong>. L\u2019aventure se prolonge, puisque Mathilde a annonc\u00e9 qu\u2019elle y resterait au moins une saison suppl\u00e9mentaire. <\/p>\n\n\n\n<p>M\u00e9daille d\u2019or au <a href=\"http:\/\/www.varna-ibc.org\/site\/\" target=\"_blank\" rel=\"noopener\"><strong>Concours de Varna<\/strong><\/a>&nbsp;en 2006, elle recevra \u00e9galement le prix Public <a href=\"http:\/\/www.arop-opera.com\/\" target=\"_blank\" rel=\"noopener\"><strong>AROP<\/strong><\/a>&nbsp;la m\u00eame ann\u00e9e et le prix <a href=\"http:\/\/www.ballet2000.com\/Frans1.html\" target=\"_blank\" rel=\"noopener\"><strong>Ballet 2000<\/strong><\/a>&nbsp;en 2007. <\/p>\n\n\n\n<p>Tr\u00e8s aim\u00e9e du public, elle est invit\u00e9e \u00e0 de nombreux <strong>Galas Internationaux<\/strong>, partageant la sc\u00e8ne avec les plus grands. Elle fait \u00e9galement partie de la troupe 3<sup>\u00e8me<\/sup> \u00e9tage, qui regroupe des danseurs de l\u2019Op\u00e9ra de Paris. <\/p>\n\n\n\n<p>Son r\u00e9pertoire inclus la majorit\u00e9 des grandes productions classiques ainsi que quelques pi\u00e8ces contemporaines. Son r\u00e9pertoire est actuellement en grande \u00e9volution suite \u00e0 son arriv\u00e9e au sein du <strong>San Francisco Ballet<\/strong>, o\u00f9 tout est nouveau, ou presque\u2026&nbsp;<\/p>\n<\/div>\n\n\n\n<div class=\"wp-block-column is-layout-flow wp-block-column-is-layout-flow\"><div class=\"wp-block-image\">\n<figure class=\"aligncenter\"><a href=\"http:\/\/leshivernales.be\/wp-content\/uploads\/2014\/09\/547003_10151532827755884_856216149_n1.jpg\" data-rel=\"lightbox-gallery-KFDRbwFv\" data-rl_title=\"\" data-rl_caption=\"\" title=\"\"><img decoding=\"async\" width=\"500\" height=\"318\" data-src=\"http:\/\/leshivernales.be\/wp-content\/uploads\/2014\/09\/547003_10151532827755884_856216149_n1-500x318.jpg\" alt=\"547003_10151532827755884_856216149_n[1]\" class=\"wp-image-915 lazyload\" data-srcset=\"https:\/\/www.leshivernales.be\/wp-content\/uploads\/2014\/09\/547003_10151532827755884_856216149_n1-500x318.jpg 500w, https:\/\/www.leshivernales.be\/wp-content\/uploads\/2014\/09\/547003_10151532827755884_856216149_n1.jpg 928w\" data-sizes=\"(max-width: 500px) 100vw, 500px\" src=\"data:image\/svg+xml;base64,PHN2ZyB3aWR0aD0iMSIgaGVpZ2h0PSIxIiB4bWxucz0iaHR0cDovL3d3dy53My5vcmcvMjAwMC9zdmciPjwvc3ZnPg==\" style=\"--smush-placeholder-width: 500px; --smush-placeholder-aspect-ratio: 500\/318;\" \/><\/a><\/figure>\n<\/div><\/div>\n<\/div>\n\n\n\n<p class=\"has-text-align-center\">&nbsp;<\/p>\n\n\n\n<p class=\"has-text-align-center\"><\/p>\n\n\n\n<p class=\"has-text-align-center\">&nbsp;<\/p>\n","protected":false},"featured_media":2346,"template":"","annee":[133],"class_list":["post-5944","danseur","type-danseur","status-publish","has-post-thumbnail","hentry","annee-133"],"acf":[],"yoast_head":"<!-- This site is optimized with the Yoast SEO plugin v27.4 - https:\/\/yoast.com\/product\/yoast-seo-wordpress\/ -->\n<title>Mathilde Froustey, Etoile, San Francisco Ballet - Les Hivernales de la Danse<\/title>\n<meta name=\"robots\" content=\"index, follow, max-snippet:-1, max-image-preview:large, max-video-preview:-1\" \/>\n<link rel=\"canonical\" href=\"https:\/\/www.leshivernales.be\/en\/dancer\/mathilde-froustey-etoile-san-francisco-ballet\/\" \/>\n<meta property=\"og:locale\" content=\"en_US\" \/>\n<meta property=\"og:type\" content=\"article\" \/>\n<meta property=\"og:title\" content=\"Mathilde Froustey, Etoile, San Francisco Ballet - Les Hivernales de la Danse\" \/>\n<meta property=\"og:description\" content=\"Originaire de Bordeaux, Mathilde d\u00e9bute la danse \u00e0 l\u2019\u00e2ge de 9 ans. A 13 ans, elle int\u00e8gre l\u2019Ecole (...)En savoir plus\" \/>\n<meta property=\"og:url\" content=\"https:\/\/www.leshivernales.be\/en\/dancer\/mathilde-froustey-etoile-san-francisco-ballet\/\" \/>\n<meta property=\"og:site_name\" content=\"Les Hivernales de la Danse\" \/>\n<meta property=\"article:publisher\" content=\"https:\/\/www.facebook.com\/leshivernalesdeladanse\/\" \/>\n<meta property=\"article:modified_time\" content=\"2023-10-03T10:54:32+00:00\" \/>\n<meta property=\"og:image\" content=\"https:\/\/www.leshivernales.be\/wp-content\/uploads\/2014\/09\/FROUSTEY_Mathilde_large.jpg\" \/>\n\t<meta property=\"og:image:width\" content=\"505\" \/>\n\t<meta property=\"og:image:height\" content=\"350\" \/>\n\t<meta property=\"og:image:type\" content=\"image\/jpeg\" \/>\n<meta name=\"twitter:card\" content=\"summary_large_image\" \/>\n<script type=\"application\/ld+json\" class=\"yoast-schema-graph\">{\"@context\":\"https:\\\/\\\/schema.org\",\"@graph\":[{\"@type\":\"WebPage\",\"@id\":\"https:\\\/\\\/www.leshivernales.be\\\/en\\\/dancer\\\/mathilde-froustey-etoile-san-francisco-ballet\\\/\",\"url\":\"https:\\\/\\\/www.leshivernales.be\\\/en\\\/dancer\\\/mathilde-froustey-etoile-san-francisco-ballet\\\/\",\"name\":\"Mathilde Froustey, Etoile, San Francisco Ballet - Les Hivernales de la Danse\",\"isPartOf\":{\"@id\":\"https:\\\/\\\/www.leshivernales.be\\\/en\\\/#website\"},\"primaryImageOfPage\":{\"@id\":\"https:\\\/\\\/www.leshivernales.be\\\/en\\\/dancer\\\/mathilde-froustey-etoile-san-francisco-ballet\\\/#primaryimage\"},\"image\":{\"@id\":\"https:\\\/\\\/www.leshivernales.be\\\/en\\\/dancer\\\/mathilde-froustey-etoile-san-francisco-ballet\\\/#primaryimage\"},\"thumbnailUrl\":\"https:\\\/\\\/www.leshivernales.be\\\/wp-content\\\/uploads\\\/2014\\\/09\\\/FROUSTEY_Mathilde_large.jpg\",\"datePublished\":\"2023-10-03T10:54:31+00:00\",\"dateModified\":\"2023-10-03T10:54:32+00:00\",\"breadcrumb\":{\"@id\":\"https:\\\/\\\/www.leshivernales.be\\\/en\\\/dancer\\\/mathilde-froustey-etoile-san-francisco-ballet\\\/#breadcrumb\"},\"inLanguage\":\"en-US\",\"potentialAction\":[{\"@type\":\"ReadAction\",\"target\":[\"https:\\\/\\\/www.leshivernales.be\\\/en\\\/dancer\\\/mathilde-froustey-etoile-san-francisco-ballet\\\/\"]}]},{\"@type\":\"ImageObject\",\"inLanguage\":\"en-US\",\"@id\":\"https:\\\/\\\/www.leshivernales.be\\\/en\\\/dancer\\\/mathilde-froustey-etoile-san-francisco-ballet\\\/#primaryimage\",\"url\":\"https:\\\/\\\/www.leshivernales.be\\\/wp-content\\\/uploads\\\/2014\\\/09\\\/FROUSTEY_Mathilde_large.jpg\",\"contentUrl\":\"https:\\\/\\\/www.leshivernales.be\\\/wp-content\\\/uploads\\\/2014\\\/09\\\/FROUSTEY_Mathilde_large.jpg\",\"width\":505,\"height\":350},{\"@type\":\"BreadcrumbList\",\"@id\":\"https:\\\/\\\/www.leshivernales.be\\\/en\\\/dancer\\\/mathilde-froustey-etoile-san-francisco-ballet\\\/#breadcrumb\",\"itemListElement\":[{\"@type\":\"ListItem\",\"position\":1,\"name\":\"Home\",\"item\":\"https:\\\/\\\/www.leshivernales.be\\\/en\\\/\"},{\"@type\":\"ListItem\",\"position\":2,\"name\":\"Mathilde Froustey, Etoile, San Francisco Ballet\"}]},{\"@type\":\"WebSite\",\"@id\":\"https:\\\/\\\/www.leshivernales.be\\\/en\\\/#website\",\"url\":\"https:\\\/\\\/www.leshivernales.be\\\/en\\\/\",\"name\":\"Les Hivernales de la Danse\",\"description\":\"\",\"potentialAction\":[{\"@type\":\"SearchAction\",\"target\":{\"@type\":\"EntryPoint\",\"urlTemplate\":\"https:\\\/\\\/www.leshivernales.be\\\/en\\\/?s={search_term_string}\"},\"query-input\":{\"@type\":\"PropertyValueSpecification\",\"valueRequired\":true,\"valueName\":\"search_term_string\"}}],\"inLanguage\":\"en-US\"}]}<\/script>\n<!-- \/ Yoast SEO plugin. -->","yoast_head_json":{"title":"Mathilde Froustey, Etoile, San Francisco Ballet - Les Hivernales de la Danse","robots":{"index":"index","follow":"follow","max-snippet":"max-snippet:-1","max-image-preview":"max-image-preview:large","max-video-preview":"max-video-preview:-1"},"canonical":"https:\/\/www.leshivernales.be\/en\/dancer\/mathilde-froustey-etoile-san-francisco-ballet\/","og_locale":"en_US","og_type":"article","og_title":"Mathilde Froustey, Etoile, San Francisco Ballet - Les Hivernales de la Danse","og_description":"Originaire de Bordeaux, Mathilde d\u00e9bute la danse \u00e0 l\u2019\u00e2ge de 9 ans. A 13 ans, elle int\u00e8gre l\u2019Ecole (...)En savoir plus","og_url":"https:\/\/www.leshivernales.be\/en\/dancer\/mathilde-froustey-etoile-san-francisco-ballet\/","og_site_name":"Les Hivernales de la Danse","article_publisher":"https:\/\/www.facebook.com\/leshivernalesdeladanse\/","article_modified_time":"2023-10-03T10:54:32+00:00","og_image":[{"width":505,"height":350,"url":"https:\/\/www.leshivernales.be\/wp-content\/uploads\/2014\/09\/FROUSTEY_Mathilde_large.jpg","type":"image\/jpeg"}],"twitter_card":"summary_large_image","schema":{"@context":"https:\/\/schema.org","@graph":[{"@type":"WebPage","@id":"https:\/\/www.leshivernales.be\/en\/dancer\/mathilde-froustey-etoile-san-francisco-ballet\/","url":"https:\/\/www.leshivernales.be\/en\/dancer\/mathilde-froustey-etoile-san-francisco-ballet\/","name":"Mathilde Froustey, Etoile, San Francisco Ballet - Les Hivernales de la Danse","isPartOf":{"@id":"https:\/\/www.leshivernales.be\/en\/#website"},"primaryImageOfPage":{"@id":"https:\/\/www.leshivernales.be\/en\/dancer\/mathilde-froustey-etoile-san-francisco-ballet\/#primaryimage"},"image":{"@id":"https:\/\/www.leshivernales.be\/en\/dancer\/mathilde-froustey-etoile-san-francisco-ballet\/#primaryimage"},"thumbnailUrl":"https:\/\/www.leshivernales.be\/wp-content\/uploads\/2014\/09\/FROUSTEY_Mathilde_large.jpg","datePublished":"2023-10-03T10:54:31+00:00","dateModified":"2023-10-03T10:54:32+00:00","breadcrumb":{"@id":"https:\/\/www.leshivernales.be\/en\/dancer\/mathilde-froustey-etoile-san-francisco-ballet\/#breadcrumb"},"inLanguage":"en-US","potentialAction":[{"@type":"ReadAction","target":["https:\/\/www.leshivernales.be\/en\/dancer\/mathilde-froustey-etoile-san-francisco-ballet\/"]}]},{"@type":"ImageObject","inLanguage":"en-US","@id":"https:\/\/www.leshivernales.be\/en\/dancer\/mathilde-froustey-etoile-san-francisco-ballet\/#primaryimage","url":"https:\/\/www.leshivernales.be\/wp-content\/uploads\/2014\/09\/FROUSTEY_Mathilde_large.jpg","contentUrl":"https:\/\/www.leshivernales.be\/wp-content\/uploads\/2014\/09\/FROUSTEY_Mathilde_large.jpg","width":505,"height":350},{"@type":"BreadcrumbList","@id":"https:\/\/www.leshivernales.be\/en\/dancer\/mathilde-froustey-etoile-san-francisco-ballet\/#breadcrumb","itemListElement":[{"@type":"ListItem","position":1,"name":"Home","item":"https:\/\/www.leshivernales.be\/en\/"},{"@type":"ListItem","position":2,"name":"Mathilde Froustey, Etoile, San Francisco Ballet"}]},{"@type":"WebSite","@id":"https:\/\/www.leshivernales.be\/en\/#website","url":"https:\/\/www.leshivernales.be\/en\/","name":"Les Hivernales de la Danse","description":"","potentialAction":[{"@type":"SearchAction","target":{"@type":"EntryPoint","urlTemplate":"https:\/\/www.leshivernales.be\/en\/?s={search_term_string}"},"query-input":{"@type":"PropertyValueSpecification","valueRequired":true,"valueName":"search_term_string"}}],"inLanguage":"en-US"}]}},"_links":{"self":[{"href":"https:\/\/www.leshivernales.be\/en\/wp-json\/wp\/v2\/danseur\/5944","targetHints":{"allow":["GET"]}}],"collection":[{"href":"https:\/\/www.leshivernales.be\/en\/wp-json\/wp\/v2\/danseur"}],"about":[{"href":"https:\/\/www.leshivernales.be\/en\/wp-json\/wp\/v2\/types\/danseur"}],"wp:featuredmedia":[{"embeddable":true,"href":"https:\/\/www.leshivernales.be\/en\/wp-json\/wp\/v2\/media\/2346"}],"wp:attachment":[{"href":"https:\/\/www.leshivernales.be\/en\/wp-json\/wp\/v2\/media?parent=5944"}],"wp:term":[{"taxonomy":"annee","embeddable":true,"href":"https:\/\/www.leshivernales.be\/en\/wp-json\/wp\/v2\/annee?post=5944"}],"curies":[{"name":"wp","href":"https:\/\/api.w.org\/{rel}","templated":true}]}}

<div class="wp-block-columns is-layout-flex wp-container-core-columns-is-layout-9d6595d7 wp-block-columns-is-layout-flex">
<div class="wp-block-column is-layout-flow wp-block-column-is-layout-flow">
<p>Originaire de Bordeaux, Mathilde débute la danse à l’âge de 9 ans. A 13 ans, elle intègre <strong>l’<a href="http://www.ecole-danse-marseille.com/" target="_blank" rel="noopener">Ecole Supérieure de Danse de Marseille</a></strong>, avec Collette Armand comme professeur titulaire. Cette dernière lui conseille de monter à Paris, tenter sa chance à <strong>l’Opéra,</strong> ce qu’elle fait et est intégrée à la prestigieuse école en 3<sup>ème</sup> division. A l’âge de 17 ans, elle rejoint la <a href="https://www.operadeparis.fr/les-artistes/le-ballet" target="_blank" rel="noopener"><strong>Ballet de l’Opéra de Paris</strong></a>&nbsp;pour atteindre le grade de sujet. Avide de nouvelles aventures, elle s’octroie le luxe de prendre une année sabbatique afin de rejoindre le <a href="http://www.sfballet.org/" target="_blank" rel="noopener"><strong>San Francisco Ballet</strong></a>&nbsp;en tant qu’<strong>Etoile</strong>. L’aventure se prolonge, puisque Mathilde a annoncé qu’elle y resterait au moins une saison supplémentaire. </p>



<p>Médaille d’or au <a href="http://www.varna-ibc.org/site/" target="_blank" rel="noopener"><strong>Concours de Varna</strong></a>&nbsp;en 2006, elle recevra également le prix Public <a href="http://www.arop-opera.com/" target="_blank" rel="noopener"><strong>AROP</strong></a>&nbsp;la même année et le prix <a href="http://www.ballet2000.com/Frans1.html" target="_blank" rel="noopener"><strong>Ballet 2000</strong></a>&nbsp;en 2007. </p>



<p>Très aimée du public, elle est invitée à de nombreux <strong>Galas Internationaux</strong>, partageant la scène avec les plus grands. Elle fait également partie de la troupe 3<sup>ème</sup> étage, qui regroupe des danseurs de l’Opéra de Paris. </p>



<p>Son répertoire inclus la majorité des grandes productions classiques ainsi que quelques pièces contemporaines. Son répertoire est actuellement en grande évolution suite à son arrivée au sein du <strong>San Francisco Ballet</strong>, où tout est nouveau, ou presque…&nbsp;</p>
</div>



<div class="wp-block-column is-layout-flow wp-block-column-is-layout-flow"><div class="wp-block-image">
<figure class="aligncenter"><a href="http://leshivernales.be/wp-content/uploads/2014/09/547003_10151532827755884_856216149_n1.jpg" data-rel="lightbox-gallery-KFDRbwFv" data-rl_title="" data-rl_caption="" title=""><img decoding="async" width="500" height="318" data-src="http://leshivernales.be/wp-content/uploads/2014/09/547003_10151532827755884_856216149_n1-500x318.jpg" alt="547003_10151532827755884_856216149_n[1]" class="wp-image-915 lazyload" data-srcset="https://www.leshivernales.be/wp-content/uploads/2014/09/547003_10151532827755884_856216149_n1-500x318.jpg 500w, https://www.leshivernales.be/wp-content/uploads/2014/09/547003_10151532827755884_856216149_n1.jpg 928w" data-sizes="(max-width: 500px) 100vw, 500px" src="data:image/svg+xml;base64,PHN2ZyB3aWR0aD0iMSIgaGVpZ2h0PSIxIiB4bWxucz0iaHR0cDovL3d3dy53My5vcmcvMjAwMC9zdmciPjwvc3ZnPg==" style="--smush-placeholder-width: 500px; --smush-placeholder-aspect-ratio: 500/318;" /></a></figure>
</div></div>
</div>



<p class="has-text-align-center">&nbsp;</p>



<p class="has-text-align-center"></p>



<p class="has-text-align-center">&nbsp;</p>

<!-- This site is optimized with the Yoast SEO plugin v27.4 - https://yoast.com/product/yoast-seo-wordpress/ -->
<title>Mathilde Froustey, Etoile, San Francisco Ballet - Les Hivernales de la Danse</title>
<meta name="robots" content="index, follow, max-snippet:-1, max-image-preview:large, max-video-preview:-1" />
<link rel="canonical" href="https://www.leshivernales.be/en/dancer/mathilde-froustey-etoile-san-francisco-ballet/" />
<meta property="og:locale" content="en_US" />
<meta property="og:type" content="article" />
<meta property="og:title" content="Mathilde Froustey, Etoile, San Francisco Ballet - Les Hivernales de la Danse" />
<meta property="og:description" content="Originaire de Bordeaux, Mathilde débute la danse à l’âge de 9 ans. A 13 ans, elle intègre l’Ecole (...)En savoir plus" />
<meta property="og:url" content="https://www.leshivernales.be/en/dancer/mathilde-froustey-etoile-san-francisco-ballet/" />
<meta property="og:site_name" content="Les Hivernales de la Danse" />
<meta property="article:publisher" content="https://www.facebook.com/leshivernalesdeladanse/" />
<meta property="article:modified_time" content="2023-10-03T10:54:32+00:00" />
<meta property="og:image" content="https://www.leshivernales.be/wp-content/uploads/2014/09/FROUSTEY_Mathilde_large.jpg" />
	<meta property="og:image:width" content="505" />
	<meta property="og:image:height" content="350" />
	<meta property="og:image:type" content="image/jpeg" />
<meta name="twitter:card" content="summary_large_image" />
<script type="application/ld+json" class="yoast-schema-graph">{"@context":"https:\/\/schema.org","@graph":[{"@type":"WebPage","@id":"https:\/\/www.leshivernales.be\/en\/dancer\/mathilde-froustey-etoile-san-francisco-ballet\/","url":"https:\/\/www.leshivernales.be\/en\/dancer\/mathilde-froustey-etoile-san-francisco-ballet\/","name":"Mathilde Froustey, Etoile, San Francisco Ballet - Les Hivernales de la Danse","isPartOf":{"@id":"https:\/\/www.leshivernales.be\/en\/#website"},"primaryImageOfPage":{"@id":"https:\/\/www.leshivernales.be\/en\/dancer\/mathilde-froustey-etoile-san-francisco-ballet\/#primaryimage"},"image":{"@id":"https:\/\/www.leshivernales.be\/en\/dancer\/mathilde-froustey-etoile-san-francisco-ballet\/#primaryimage"},"thumbnailUrl":"https:\/\/www.leshivernales.be\/wp-content\/uploads\/2014\/09\/FROUSTEY_Mathilde_large.jpg","datePublished":"2023-10-03T10:54:31+00:00","dateModified":"2023-10-03T10:54:32+00:00","breadcrumb":{"@id":"https:\/\/www.leshivernales.be\/en\/dancer\/mathilde-froustey-etoile-san-francisco-ballet\/#breadcrumb"},"inLanguage":"en-US","potentialAction":[{"@type":"ReadAction","target":["https:\/\/www.leshivernales.be\/en\/dancer\/mathilde-froustey-etoile-san-francisco-ballet\/"]}]},{"@type":"ImageObject","inLanguage":"en-US","@id":"https:\/\/www.leshivernales.be\/en\/dancer\/mathilde-froustey-etoile-san-francisco-ballet\/#primaryimage","url":"https:\/\/www.leshivernales.be\/wp-content\/uploads\/2014\/09\/FROUSTEY_Mathilde_large.jpg","contentUrl":"https:\/\/www.leshivernales.be\/wp-content\/uploads\/2014\/09\/FROUSTEY_Mathilde_large.jpg","width":505,"height":350},{"@type":"BreadcrumbList","@id":"https:\/\/www.leshivernales.be\/en\/dancer\/mathilde-froustey-etoile-san-francisco-ballet\/#breadcrumb","itemListElement":[{"@type":"ListItem","position":1,"name":"Home","item":"https:\/\/www.leshivernales.be\/en\/"},{"@type":"ListItem","position":2,"name":"Mathilde Froustey, Etoile, San Francisco Ballet"}]},{"@type":"WebSite","@id":"https:\/\/www.leshivernales.be\/en\/#website","url":"https:\/\/www.leshivernales.be\/en\/","name":"Les Hivernales de la Danse","description":"","potentialAction":[{"@type":"SearchAction","target":{"@type":"EntryPoint","urlTemplate":"https:\/\/www.leshivernales.be\/en\/?s={search_term_string}"},"query-input":{"@type":"PropertyValueSpecification","valueRequired":true,"valueName":"search_term_string"}}],"inLanguage":"en-US"}]}</script>
<!-- / Yoast SEO plugin. -->

Originaire de Bordeaux, Mathilde débute la danse à l’âge de 9 ans. A 13 ans, elle intègre l’Ecole (...)En savoir plus
