{"id":5958,"date":"2023-10-03T13:15:53","date_gmt":"2023-10-03T11:15:53","guid":{"rendered":"https:\/\/www.leshivernales.be\/?post_type=danseur&#038;p=5958"},"modified":"2023-10-03T13:15:53","modified_gmt":"2023-10-03T11:15:53","slug":"natascha-mair-ballet-de-lopera-de-vienne-austria","status":"publish","type":"danseur","link":"https:\/\/www.leshivernales.be\/en\/dancer\/natascha-mair-ballet-de-lopera-de-vienne-austria\/","title":{"rendered":"Natascha Mair, Ballet de l\u2019Op\u00e9ra de Vienne, Austria"},"content":{"rendered":"\n<div class=\"wp-block-columns is-layout-flex wp-container-core-columns-is-layout-9d6595d7 wp-block-columns-is-layout-flex\">\n<div class=\"wp-block-column is-layout-flow wp-block-column-is-layout-flow\">\n<p>Pur produit autrichien, Natascha est dipl\u00f4m\u00e9e de la <strong><a href=\"https:\/\/www.wiener-staatsoper.at\/en\/staatsoper\/young-staatsoper\/ballet-academy\/\" target=\"_blank\" rel=\"noopener noreferrer\">Vienna State Opera Ballet School<\/a><\/strong> \u00e0 l\u2019\u00e2ge de 17 ans et int\u00e8gre directement le corps de Ballet de la<strong> <a href=\"https:\/\/www.wiener-staatsoper.at\/en\/staatsoper\/staatsballett\/\" target=\"_blank\" rel=\"noopener noreferrer\">compagnie Viennoise<\/a><\/strong>. <\/p>\n\n\n\n<p>Rapidement, elle se voit confier des r\u00f4les de plus en plus importants, et en passant par tous les grades de la compagnie, elle est promue <strong>Etoile en 2018 par Manuel Legris<\/strong>, le tr\u00e8s appr\u00e9ci\u00e9 Directeur de la compagnie Autrichienne. <\/p>\n\n\n\n<p>En 2012, elle remporte le prix du jury \u00e0 l\u2019<strong>International Contest of Ballet Schools<\/strong> \u00e0 P\u00e9kin, ainsi que le 1er prix au <a href=\"https:\/\/www.accademianazionaledanza.it\/premio-roma\/\" target=\"_blank\" rel=\"noopener noreferrer\"><strong>Premio Roma Danza<\/strong><\/a>. En 2014, elle se voit remettre le prix de la promotion du <strong>Balletclub Vienna State Opera<\/strong>. <\/p>\n\n\n\n<p>Son r\u00e9pertoire est d\u00e9j\u00e0 tr\u00e8s diversifi\u00e9 et ne cesse de s\u2019enrichir suite \u00e0 sa nomination relativement r\u00e9cente. Grande habitu\u00e9e des Galas, m\u00eame avant d\u2019\u00eatre Etoile, elle a \u00e9galement \u00e9t\u00e9 la partenaire d\u2019<strong>Isaac Hernandez<\/strong> (<a href=\"https:\/\/www.ballet.org.uk\/\" target=\"_blank\" rel=\"noopener noreferrer\">English National Ballet<\/a>) \u00e0 Moscou pour le Lac des Cygnes en 2019. <\/p>\n<\/div>\n\n\n\n<div class=\"wp-block-column is-layout-flow wp-block-column-is-layout-flow\"><div class=\"wp-block-image\">\n<figure class=\"alignright\"><a href=\"https:\/\/leshivernales.be\/wp-content\/uploads\/2019\/11\/Natascha-Mair.jpg\" data-rel=\"lightbox-gallery-xqoVXeBH\" data-rl_title=\"\" data-rl_caption=\"\" title=\"\"><img decoding=\"async\" width=\"768\" height=\"1024\" data-src=\"https:\/\/leshivernales.be\/wp-content\/uploads\/2019\/11\/Natascha-Mair-768x1024.jpg\" alt=\"\" class=\"wp-image-1535 lazyload\" data-srcset=\"https:\/\/www.leshivernales.be\/wp-content\/uploads\/2019\/11\/Natascha-Mair-768x1024.jpg 768w, https:\/\/www.leshivernales.be\/wp-content\/uploads\/2019\/11\/Natascha-Mair-300x400.jpg 300w, https:\/\/www.leshivernales.be\/wp-content\/uploads\/2019\/11\/Natascha-Mair.jpg 900w\" data-sizes=\"(max-width: 768px) 100vw, 768px\" src=\"data:image\/svg+xml;base64,PHN2ZyB3aWR0aD0iMSIgaGVpZ2h0PSIxIiB4bWxucz0iaHR0cDovL3d3dy53My5vcmcvMjAwMC9zdmciPjwvc3ZnPg==\" style=\"--smush-placeholder-width: 768px; --smush-placeholder-aspect-ratio: 768\/1024;\" \/><\/a><\/figure>\n<\/div><\/div>\n<\/div>\n","protected":false},"featured_media":2548,"template":"","annee":[127],"class_list":["post-5958","danseur","type-danseur","status-publish","has-post-thumbnail","hentry","annee-127"],"acf":[],"yoast_head":"<!-- This site is optimized with the Yoast SEO plugin v27.4 - https:\/\/yoast.com\/product\/yoast-seo-wordpress\/ -->\n<title>Natascha Mair, Ballet de l\u2019Op\u00e9ra de Vienne, Austria - Les Hivernales de la Danse<\/title>\n<meta name=\"robots\" content=\"index, follow, max-snippet:-1, max-image-preview:large, max-video-preview:-1\" \/>\n<link rel=\"canonical\" href=\"https:\/\/www.leshivernales.be\/en\/dancer\/natascha-mair-ballet-de-lopera-de-vienne-austria\/\" \/>\n<meta property=\"og:locale\" content=\"en_US\" \/>\n<meta property=\"og:type\" content=\"article\" \/>\n<meta property=\"og:title\" content=\"Natascha Mair, Ballet de l\u2019Op\u00e9ra de Vienne, Austria - Les Hivernales de la Danse\" \/>\n<meta property=\"og:description\" content=\"Pur produit autrichien, Natascha est dipl\u00f4m\u00e9e de la Vienna State Opera Ballet School \u00e0 l\u2019\u00e2ge de 17 ans (...)En savoir plus\" \/>\n<meta property=\"og:url\" content=\"https:\/\/www.leshivernales.be\/en\/dancer\/natascha-mair-ballet-de-lopera-de-vienne-austria\/\" \/>\n<meta property=\"og:site_name\" content=\"Les Hivernales de la Danse\" \/>\n<meta property=\"article:publisher\" content=\"https:\/\/www.facebook.com\/leshivernalesdeladanse\/\" \/>\n<meta property=\"og:image\" content=\"https:\/\/www.leshivernales.be\/wp-content\/uploads\/2019\/11\/IMG-20181107-WA0007.jpg\" \/>\n\t<meta property=\"og:image:width\" content=\"600\" \/>\n\t<meta property=\"og:image:height\" content=\"600\" \/>\n\t<meta property=\"og:image:type\" content=\"image\/jpeg\" \/>\n<meta name=\"twitter:card\" content=\"summary_large_image\" \/>\n<script type=\"application\/ld+json\" class=\"yoast-schema-graph\">{\"@context\":\"https:\\\/\\\/schema.org\",\"@graph\":[{\"@type\":\"WebPage\",\"@id\":\"https:\\\/\\\/www.leshivernales.be\\\/en\\\/dancer\\\/natascha-mair-ballet-de-lopera-de-vienne-austria\\\/\",\"url\":\"https:\\\/\\\/www.leshivernales.be\\\/en\\\/dancer\\\/natascha-mair-ballet-de-lopera-de-vienne-austria\\\/\",\"name\":\"Natascha Mair, Ballet de l\u2019Op\u00e9ra de Vienne, Austria - Les Hivernales de la Danse\",\"isPartOf\":{\"@id\":\"https:\\\/\\\/www.leshivernales.be\\\/en\\\/#website\"},\"primaryImageOfPage\":{\"@id\":\"https:\\\/\\\/www.leshivernales.be\\\/en\\\/dancer\\\/natascha-mair-ballet-de-lopera-de-vienne-austria\\\/#primaryimage\"},\"image\":{\"@id\":\"https:\\\/\\\/www.leshivernales.be\\\/en\\\/dancer\\\/natascha-mair-ballet-de-lopera-de-vienne-austria\\\/#primaryimage\"},\"thumbnailUrl\":\"https:\\\/\\\/www.leshivernales.be\\\/wp-content\\\/uploads\\\/2019\\\/11\\\/IMG-20181107-WA0007.jpg\",\"datePublished\":\"2023-10-03T11:15:53+00:00\",\"breadcrumb\":{\"@id\":\"https:\\\/\\\/www.leshivernales.be\\\/en\\\/dancer\\\/natascha-mair-ballet-de-lopera-de-vienne-austria\\\/#breadcrumb\"},\"inLanguage\":\"en-US\",\"potentialAction\":[{\"@type\":\"ReadAction\",\"target\":[\"https:\\\/\\\/www.leshivernales.be\\\/en\\\/dancer\\\/natascha-mair-ballet-de-lopera-de-vienne-austria\\\/\"]}]},{\"@type\":\"ImageObject\",\"inLanguage\":\"en-US\",\"@id\":\"https:\\\/\\\/www.leshivernales.be\\\/en\\\/dancer\\\/natascha-mair-ballet-de-lopera-de-vienne-austria\\\/#primaryimage\",\"url\":\"https:\\\/\\\/www.leshivernales.be\\\/wp-content\\\/uploads\\\/2019\\\/11\\\/IMG-20181107-WA0007.jpg\",\"contentUrl\":\"https:\\\/\\\/www.leshivernales.be\\\/wp-content\\\/uploads\\\/2019\\\/11\\\/IMG-20181107-WA0007.jpg\",\"width\":600,\"height\":600},{\"@type\":\"BreadcrumbList\",\"@id\":\"https:\\\/\\\/www.leshivernales.be\\\/en\\\/dancer\\\/natascha-mair-ballet-de-lopera-de-vienne-austria\\\/#breadcrumb\",\"itemListElement\":[{\"@type\":\"ListItem\",\"position\":1,\"name\":\"Home\",\"item\":\"https:\\\/\\\/www.leshivernales.be\\\/en\\\/\"},{\"@type\":\"ListItem\",\"position\":2,\"name\":\"Natascha Mair, Ballet de l\u2019Op\u00e9ra de Vienne, Austria\"}]},{\"@type\":\"WebSite\",\"@id\":\"https:\\\/\\\/www.leshivernales.be\\\/en\\\/#website\",\"url\":\"https:\\\/\\\/www.leshivernales.be\\\/en\\\/\",\"name\":\"Les Hivernales de la Danse\",\"description\":\"\",\"potentialAction\":[{\"@type\":\"SearchAction\",\"target\":{\"@type\":\"EntryPoint\",\"urlTemplate\":\"https:\\\/\\\/www.leshivernales.be\\\/en\\\/?s={search_term_string}\"},\"query-input\":{\"@type\":\"PropertyValueSpecification\",\"valueRequired\":true,\"valueName\":\"search_term_string\"}}],\"inLanguage\":\"en-US\"}]}<\/script>\n<!-- \/ Yoast SEO plugin. -->","yoast_head_json":{"title":"Natascha Mair, Ballet de l\u2019Op\u00e9ra de Vienne, Austria - Les Hivernales de la Danse","robots":{"index":"index","follow":"follow","max-snippet":"max-snippet:-1","max-image-preview":"max-image-preview:large","max-video-preview":"max-video-preview:-1"},"canonical":"https:\/\/www.leshivernales.be\/en\/dancer\/natascha-mair-ballet-de-lopera-de-vienne-austria\/","og_locale":"en_US","og_type":"article","og_title":"Natascha Mair, Ballet de l\u2019Op\u00e9ra de Vienne, Austria - Les Hivernales de la Danse","og_description":"Pur produit autrichien, Natascha est dipl\u00f4m\u00e9e de la Vienna State Opera Ballet School \u00e0 l\u2019\u00e2ge de 17 ans (...)En savoir plus","og_url":"https:\/\/www.leshivernales.be\/en\/dancer\/natascha-mair-ballet-de-lopera-de-vienne-austria\/","og_site_name":"Les Hivernales de la Danse","article_publisher":"https:\/\/www.facebook.com\/leshivernalesdeladanse\/","og_image":[{"width":600,"height":600,"url":"https:\/\/www.leshivernales.be\/wp-content\/uploads\/2019\/11\/IMG-20181107-WA0007.jpg","type":"image\/jpeg"}],"twitter_card":"summary_large_image","schema":{"@context":"https:\/\/schema.org","@graph":[{"@type":"WebPage","@id":"https:\/\/www.leshivernales.be\/en\/dancer\/natascha-mair-ballet-de-lopera-de-vienne-austria\/","url":"https:\/\/www.leshivernales.be\/en\/dancer\/natascha-mair-ballet-de-lopera-de-vienne-austria\/","name":"Natascha Mair, Ballet de l\u2019Op\u00e9ra de Vienne, Austria - Les Hivernales de la Danse","isPartOf":{"@id":"https:\/\/www.leshivernales.be\/en\/#website"},"primaryImageOfPage":{"@id":"https:\/\/www.leshivernales.be\/en\/dancer\/natascha-mair-ballet-de-lopera-de-vienne-austria\/#primaryimage"},"image":{"@id":"https:\/\/www.leshivernales.be\/en\/dancer\/natascha-mair-ballet-de-lopera-de-vienne-austria\/#primaryimage"},"thumbnailUrl":"https:\/\/www.leshivernales.be\/wp-content\/uploads\/2019\/11\/IMG-20181107-WA0007.jpg","datePublished":"2023-10-03T11:15:53+00:00","breadcrumb":{"@id":"https:\/\/www.leshivernales.be\/en\/dancer\/natascha-mair-ballet-de-lopera-de-vienne-austria\/#breadcrumb"},"inLanguage":"en-US","potentialAction":[{"@type":"ReadAction","target":["https:\/\/www.leshivernales.be\/en\/dancer\/natascha-mair-ballet-de-lopera-de-vienne-austria\/"]}]},{"@type":"ImageObject","inLanguage":"en-US","@id":"https:\/\/www.leshivernales.be\/en\/dancer\/natascha-mair-ballet-de-lopera-de-vienne-austria\/#primaryimage","url":"https:\/\/www.leshivernales.be\/wp-content\/uploads\/2019\/11\/IMG-20181107-WA0007.jpg","contentUrl":"https:\/\/www.leshivernales.be\/wp-content\/uploads\/2019\/11\/IMG-20181107-WA0007.jpg","width":600,"height":600},{"@type":"BreadcrumbList","@id":"https:\/\/www.leshivernales.be\/en\/dancer\/natascha-mair-ballet-de-lopera-de-vienne-austria\/#breadcrumb","itemListElement":[{"@type":"ListItem","position":1,"name":"Home","item":"https:\/\/www.leshivernales.be\/en\/"},{"@type":"ListItem","position":2,"name":"Natascha Mair, Ballet de l\u2019Op\u00e9ra de Vienne, Austria"}]},{"@type":"WebSite","@id":"https:\/\/www.leshivernales.be\/en\/#website","url":"https:\/\/www.leshivernales.be\/en\/","name":"Les Hivernales de la Danse","description":"","potentialAction":[{"@type":"SearchAction","target":{"@type":"EntryPoint","urlTemplate":"https:\/\/www.leshivernales.be\/en\/?s={search_term_string}"},"query-input":{"@type":"PropertyValueSpecification","valueRequired":true,"valueName":"search_term_string"}}],"inLanguage":"en-US"}]}},"_links":{"self":[{"href":"https:\/\/www.leshivernales.be\/en\/wp-json\/wp\/v2\/danseur\/5958","targetHints":{"allow":["GET"]}}],"collection":[{"href":"https:\/\/www.leshivernales.be\/en\/wp-json\/wp\/v2\/danseur"}],"about":[{"href":"https:\/\/www.leshivernales.be\/en\/wp-json\/wp\/v2\/types\/danseur"}],"wp:featuredmedia":[{"embeddable":true,"href":"https:\/\/www.leshivernales.be\/en\/wp-json\/wp\/v2\/media\/2548"}],"wp:attachment":[{"href":"https:\/\/www.leshivernales.be\/en\/wp-json\/wp\/v2\/media?parent=5958"}],"wp:term":[{"taxonomy":"annee","embeddable":true,"href":"https:\/\/www.leshivernales.be\/en\/wp-json\/wp\/v2\/annee?post=5958"}],"curies":[{"name":"wp","href":"https:\/\/api.w.org\/{rel}","templated":true}]}}

Natascha Mair, Ballet de l’Opéra de Vienne, Austria

<div class="wp-block-columns is-layout-flex wp-container-core-columns-is-layout-9d6595d7 wp-block-columns-is-layout-flex">
<div class="wp-block-column is-layout-flow wp-block-column-is-layout-flow">
<p>Pur produit autrichien, Natascha est diplômée de la <strong><a href="https://www.wiener-staatsoper.at/en/staatsoper/young-staatsoper/ballet-academy/" target="_blank" rel="noopener noreferrer">Vienna State Opera Ballet School</a></strong> à l’âge de 17 ans et intègre directement le corps de Ballet de la<strong> <a href="https://www.wiener-staatsoper.at/en/staatsoper/staatsballett/" target="_blank" rel="noopener noreferrer">compagnie Viennoise</a></strong>. </p>



<p>Rapidement, elle se voit confier des rôles de plus en plus importants, et en passant par tous les grades de la compagnie, elle est promue <strong>Etoile en 2018 par Manuel Legris</strong>, le très apprécié Directeur de la compagnie Autrichienne. </p>



<p>En 2012, elle remporte le prix du jury à l’<strong>International Contest of Ballet Schools</strong> à Pékin, ainsi que le 1er prix au <a href="https://www.accademianazionaledanza.it/premio-roma/" target="_blank" rel="noopener noreferrer"><strong>Premio Roma Danza</strong></a>. En 2014, elle se voit remettre le prix de la promotion du <strong>Balletclub Vienna State Opera</strong>. </p>



<p>Son répertoire est déjà très diversifié et ne cesse de s’enrichir suite à sa nomination relativement récente. Grande habituée des Galas, même avant d’être Etoile, elle a également été la partenaire d’<strong>Isaac Hernandez</strong> (<a href="https://www.ballet.org.uk/" target="_blank" rel="noopener noreferrer">English National Ballet</a>) à Moscou pour le Lac des Cygnes en 2019. </p>
</div>



<div class="wp-block-column is-layout-flow wp-block-column-is-layout-flow"><div class="wp-block-image">
<figure class="alignright"><a href="https://leshivernales.be/wp-content/uploads/2019/11/Natascha-Mair.jpg" data-rel="lightbox-gallery-xqoVXeBH" data-rl_title="" data-rl_caption="" title=""><img decoding="async" width="768" height="1024" data-src="https://leshivernales.be/wp-content/uploads/2019/11/Natascha-Mair-768x1024.jpg" alt="" class="wp-image-1535 lazyload" data-srcset="https://www.leshivernales.be/wp-content/uploads/2019/11/Natascha-Mair-768x1024.jpg 768w, https://www.leshivernales.be/wp-content/uploads/2019/11/Natascha-Mair-300x400.jpg 300w, https://www.leshivernales.be/wp-content/uploads/2019/11/Natascha-Mair.jpg 900w" data-sizes="(max-width: 768px) 100vw, 768px" src="data:image/svg+xml;base64,PHN2ZyB3aWR0aD0iMSIgaGVpZ2h0PSIxIiB4bWxucz0iaHR0cDovL3d3dy53My5vcmcvMjAwMC9zdmciPjwvc3ZnPg==" style="--smush-placeholder-width: 768px; --smush-placeholder-aspect-ratio: 768/1024;" /></a></figure>
</div></div>
</div>

<!-- This site is optimized with the Yoast SEO plugin v27.4 - https://yoast.com/product/yoast-seo-wordpress/ -->
<title>Natascha Mair, Ballet de l’Opéra de Vienne, Austria - Les Hivernales de la Danse</title>
<meta name="robots" content="index, follow, max-snippet:-1, max-image-preview:large, max-video-preview:-1" />
<link rel="canonical" href="https://www.leshivernales.be/en/dancer/natascha-mair-ballet-de-lopera-de-vienne-austria/" />
<meta property="og:locale" content="en_US" />
<meta property="og:type" content="article" />
<meta property="og:title" content="Natascha Mair, Ballet de l’Opéra de Vienne, Austria - Les Hivernales de la Danse" />
<meta property="og:description" content="Pur produit autrichien, Natascha est diplômée de la Vienna State Opera Ballet School à l’âge de 17 ans (...)En savoir plus" />
<meta property="og:url" content="https://www.leshivernales.be/en/dancer/natascha-mair-ballet-de-lopera-de-vienne-austria/" />
<meta property="og:site_name" content="Les Hivernales de la Danse" />
<meta property="article:publisher" content="https://www.facebook.com/leshivernalesdeladanse/" />
<meta property="og:image" content="https://www.leshivernales.be/wp-content/uploads/2019/11/IMG-20181107-WA0007.jpg" />
	<meta property="og:image:width" content="600" />
	<meta property="og:image:height" content="600" />
	<meta property="og:image:type" content="image/jpeg" />
<meta name="twitter:card" content="summary_large_image" />
<script type="application/ld+json" class="yoast-schema-graph">{"@context":"https:\/\/schema.org","@graph":[{"@type":"WebPage","@id":"https:\/\/www.leshivernales.be\/en\/dancer\/natascha-mair-ballet-de-lopera-de-vienne-austria\/","url":"https:\/\/www.leshivernales.be\/en\/dancer\/natascha-mair-ballet-de-lopera-de-vienne-austria\/","name":"Natascha Mair, Ballet de l’Opéra de Vienne, Austria - Les Hivernales de la Danse","isPartOf":{"@id":"https:\/\/www.leshivernales.be\/en\/#website"},"primaryImageOfPage":{"@id":"https:\/\/www.leshivernales.be\/en\/dancer\/natascha-mair-ballet-de-lopera-de-vienne-austria\/#primaryimage"},"image":{"@id":"https:\/\/www.leshivernales.be\/en\/dancer\/natascha-mair-ballet-de-lopera-de-vienne-austria\/#primaryimage"},"thumbnailUrl":"https:\/\/www.leshivernales.be\/wp-content\/uploads\/2019\/11\/IMG-20181107-WA0007.jpg","datePublished":"2023-10-03T11:15:53+00:00","breadcrumb":{"@id":"https:\/\/www.leshivernales.be\/en\/dancer\/natascha-mair-ballet-de-lopera-de-vienne-austria\/#breadcrumb"},"inLanguage":"en-US","potentialAction":[{"@type":"ReadAction","target":["https:\/\/www.leshivernales.be\/en\/dancer\/natascha-mair-ballet-de-lopera-de-vienne-austria\/"]}]},{"@type":"ImageObject","inLanguage":"en-US","@id":"https:\/\/www.leshivernales.be\/en\/dancer\/natascha-mair-ballet-de-lopera-de-vienne-austria\/#primaryimage","url":"https:\/\/www.leshivernales.be\/wp-content\/uploads\/2019\/11\/IMG-20181107-WA0007.jpg","contentUrl":"https:\/\/www.leshivernales.be\/wp-content\/uploads\/2019\/11\/IMG-20181107-WA0007.jpg","width":600,"height":600},{"@type":"BreadcrumbList","@id":"https:\/\/www.leshivernales.be\/en\/dancer\/natascha-mair-ballet-de-lopera-de-vienne-austria\/#breadcrumb","itemListElement":[{"@type":"ListItem","position":1,"name":"Home","item":"https:\/\/www.leshivernales.be\/en\/"},{"@type":"ListItem","position":2,"name":"Natascha Mair, Ballet de l’Opéra de Vienne, Austria"}]},{"@type":"WebSite","@id":"https:\/\/www.leshivernales.be\/en\/#website","url":"https:\/\/www.leshivernales.be\/en\/","name":"Les Hivernales de la Danse","description":"","potentialAction":[{"@type":"SearchAction","target":{"@type":"EntryPoint","urlTemplate":"https:\/\/www.leshivernales.be\/en\/?s={search_term_string}"},"query-input":{"@type":"PropertyValueSpecification","valueRequired":true,"valueName":"search_term_string"}}],"inLanguage":"en-US"}]}</script>
<!-- / Yoast SEO plugin. -->

Natascha Mair, Ballet de l’Opéra de Vienne, Austria - Les Hivernales de la Danse

Pur produit autrichien, Natascha est diplômée de la Vienna State Opera Ballet School à l’âge de 17 ans (...)En savoir plus
