{"id":5960,"date":"2023-10-03T13:18:10","date_gmt":"2023-10-03T11:18:10","guid":{"rendered":"https:\/\/www.leshivernales.be\/?post_type=danseur&#038;p=5960"},"modified":"2023-10-03T13:18:11","modified_gmt":"2023-10-03T11:18:11","slug":"osiel-gouneo-ballet-de-munich-germany","status":"publish","type":"danseur","link":"https:\/\/www.leshivernales.be\/en\/dancer\/osiel-gouneo-ballet-de-munich-germany\/","title":{"rendered":"Osiel Gouneo, Ballet de Munich, Germany"},"content":{"rendered":"\n<div class=\"wp-block-columns is-layout-flex wp-container-core-columns-is-layout-9d6595d7 wp-block-columns-is-layout-flex\">\n<div class=\"wp-block-column is-layout-flow wp-block-column-is-layout-flow\">\n<p><span class=\"s1\">C\u00e9l\u00e8bre pour ses sauts incroyables et sa technique impressionnante, Osiel est un peu consid\u00e9r\u00e9 comme un ovni dans le milieu de la Danse classique. Form\u00e9 \u00e0 l\u2019\u00e9cole Nationale de Ballet de la Havane, comme tout danseur cubain talentueux, il suit les traces de ses pr\u00e9d\u00e9cesseurs en rejoignant le Ballet National de Cuba \u00e0 l\u2019\u00e2ge de 18 ans. Il ne lui faudra que trois petites ann\u00e9es pour acc\u00e9der au titre d\u2019Etoile. Avide de nouveaux challenges, il quitte son \u00eele pour le froid d\u2019Oslo o\u00f9 le Ballet de Norv\u00e8ge l\u2019accueille pour trois saisons. Invit\u00e9 dans de nombreuses compagnies internationales, il danse notamment \u00e0 Londres, Moscou et New-York, c\u2019est finalement au Ballet de Munich qu\u2019il d\u00e9cide de se fixer, en tous cas pour le moment\u2026<\/span><\/p>\n\n\n\n<p><span class=\"s1\">Bien s\u00fbr, il a remport\u00e9 bon nombre de prix\u2026 Parmi eux, la m\u00e9daille d\u2019or au Grand Prix de Cuba et au Concours International de P\u00e9kin, la m\u00e9daille d\u2019argent au Concours de Varna et le Prix de la meilleure r\u00e9v\u00e9lation sur la sc\u00e8ne internationale lors de la c\u00e9r\u00e9monie annuelle des Positano Awards.<\/span><\/p>\n<\/div>\n\n\n\n<div class=\"wp-block-column is-layout-flow wp-block-column-is-layout-flow\">\n<figure class=\"wp-block-image size-large\"><a href=\"https:\/\/www.leshivernales.be\/wp-content\/uploads\/2019\/01\/F57A9954-scaled.jpg\" data-rel=\"lightbox-gallery-OcDZQX7x\" data-rl_title=\"\" data-rl_caption=\"\" title=\"\"><img decoding=\"async\" width=\"1024\" height=\"768\" data-src=\"https:\/\/www.leshivernales.be\/wp-content\/uploads\/2019\/01\/F57A9954-1024x768.jpg\" alt=\"\" class=\"wp-image-3038 lazyload\" data-srcset=\"https:\/\/www.leshivernales.be\/wp-content\/uploads\/2019\/01\/F57A9954-1024x768.jpg 1024w, https:\/\/www.leshivernales.be\/wp-content\/uploads\/2019\/01\/F57A9954-500x375.jpg 500w, https:\/\/www.leshivernales.be\/wp-content\/uploads\/2019\/01\/F57A9954-768x576.jpg 768w, https:\/\/www.leshivernales.be\/wp-content\/uploads\/2019\/01\/F57A9954-1536x1152.jpg 1536w, https:\/\/www.leshivernales.be\/wp-content\/uploads\/2019\/01\/F57A9954-2048x1536.jpg 2048w, https:\/\/www.leshivernales.be\/wp-content\/uploads\/2019\/01\/F57A9954-scaled.jpg 1800w\" data-sizes=\"(max-width: 1024px) 100vw, 1024px\" src=\"data:image\/svg+xml;base64,PHN2ZyB3aWR0aD0iMSIgaGVpZ2h0PSIxIiB4bWxucz0iaHR0cDovL3d3dy53My5vcmcvMjAwMC9zdmciPjwvc3ZnPg==\" style=\"--smush-placeholder-width: 1024px; --smush-placeholder-aspect-ratio: 1024\/768;\" \/><\/a><\/figure>\n<\/div>\n<\/div>\n","protected":false},"featured_media":3037,"template":"","annee":[125,128],"class_list":["post-5960","danseur","type-danseur","status-publish","has-post-thumbnail","hentry","annee-125","annee-128"],"acf":[],"yoast_head":"<!-- This site is optimized with the Yoast SEO plugin v27.4 - https:\/\/yoast.com\/product\/yoast-seo-wordpress\/ -->\n<title>Osiel Gouneo, Ballet de Munich, Germany - Les Hivernales de la Danse<\/title>\n<meta name=\"robots\" content=\"index, follow, max-snippet:-1, max-image-preview:large, max-video-preview:-1\" \/>\n<link rel=\"canonical\" href=\"https:\/\/www.leshivernales.be\/en\/dancer\/osiel-gouneo-ballet-de-munich-germany\/\" \/>\n<meta property=\"og:locale\" content=\"en_US\" \/>\n<meta property=\"og:type\" content=\"article\" \/>\n<meta property=\"og:title\" content=\"Osiel Gouneo, Ballet de Munich, Germany - Les Hivernales de la Danse\" \/>\n<meta property=\"og:description\" content=\"C\u00e9l\u00e8bre pour ses sauts incroyables et sa technique impressionnante, Osiel est un peu consid\u00e9r\u00e9 comme un ovni dans (...)En savoir plus\" \/>\n<meta property=\"og:url\" content=\"https:\/\/www.leshivernales.be\/en\/dancer\/osiel-gouneo-ballet-de-munich-germany\/\" \/>\n<meta property=\"og:site_name\" content=\"Les Hivernales de la Danse\" \/>\n<meta property=\"article:publisher\" content=\"https:\/\/www.facebook.com\/leshivernalesdeladanse\/\" \/>\n<meta property=\"article:modified_time\" content=\"2023-10-03T11:18:11+00:00\" \/>\n<meta property=\"og:image\" content=\"https:\/\/www.leshivernales.be\/wp-content\/uploads\/2019\/01\/Nancy-Osiel.jpg\" \/>\n\t<meta property=\"og:image:width\" content=\"900\" \/>\n\t<meta property=\"og:image:height\" content=\"900\" \/>\n\t<meta property=\"og:image:type\" content=\"image\/jpeg\" \/>\n<meta name=\"twitter:card\" content=\"summary_large_image\" \/>\n<script type=\"application\/ld+json\" class=\"yoast-schema-graph\">{\"@context\":\"https:\\\/\\\/schema.org\",\"@graph\":[{\"@type\":\"WebPage\",\"@id\":\"https:\\\/\\\/www.leshivernales.be\\\/en\\\/dancer\\\/osiel-gouneo-ballet-de-munich-germany\\\/\",\"url\":\"https:\\\/\\\/www.leshivernales.be\\\/en\\\/dancer\\\/osiel-gouneo-ballet-de-munich-germany\\\/\",\"name\":\"Osiel Gouneo, Ballet de Munich, Germany - Les Hivernales de la Danse\",\"isPartOf\":{\"@id\":\"https:\\\/\\\/www.leshivernales.be\\\/en\\\/#website\"},\"primaryImageOfPage\":{\"@id\":\"https:\\\/\\\/www.leshivernales.be\\\/en\\\/dancer\\\/osiel-gouneo-ballet-de-munich-germany\\\/#primaryimage\"},\"image\":{\"@id\":\"https:\\\/\\\/www.leshivernales.be\\\/en\\\/dancer\\\/osiel-gouneo-ballet-de-munich-germany\\\/#primaryimage\"},\"thumbnailUrl\":\"https:\\\/\\\/www.leshivernales.be\\\/wp-content\\\/uploads\\\/2019\\\/01\\\/Nancy-Osiel.jpg\",\"datePublished\":\"2023-10-03T11:18:10+00:00\",\"dateModified\":\"2023-10-03T11:18:11+00:00\",\"breadcrumb\":{\"@id\":\"https:\\\/\\\/www.leshivernales.be\\\/en\\\/dancer\\\/osiel-gouneo-ballet-de-munich-germany\\\/#breadcrumb\"},\"inLanguage\":\"en-US\",\"potentialAction\":[{\"@type\":\"ReadAction\",\"target\":[\"https:\\\/\\\/www.leshivernales.be\\\/en\\\/dancer\\\/osiel-gouneo-ballet-de-munich-germany\\\/\"]}]},{\"@type\":\"ImageObject\",\"inLanguage\":\"en-US\",\"@id\":\"https:\\\/\\\/www.leshivernales.be\\\/en\\\/dancer\\\/osiel-gouneo-ballet-de-munich-germany\\\/#primaryimage\",\"url\":\"https:\\\/\\\/www.leshivernales.be\\\/wp-content\\\/uploads\\\/2019\\\/01\\\/Nancy-Osiel.jpg\",\"contentUrl\":\"https:\\\/\\\/www.leshivernales.be\\\/wp-content\\\/uploads\\\/2019\\\/01\\\/Nancy-Osiel.jpg\",\"width\":900,\"height\":900},{\"@type\":\"BreadcrumbList\",\"@id\":\"https:\\\/\\\/www.leshivernales.be\\\/en\\\/dancer\\\/osiel-gouneo-ballet-de-munich-germany\\\/#breadcrumb\",\"itemListElement\":[{\"@type\":\"ListItem\",\"position\":1,\"name\":\"Home\",\"item\":\"https:\\\/\\\/www.leshivernales.be\\\/en\\\/\"},{\"@type\":\"ListItem\",\"position\":2,\"name\":\"Osiel Gouneo, Ballet de Munich, Germany\"}]},{\"@type\":\"WebSite\",\"@id\":\"https:\\\/\\\/www.leshivernales.be\\\/en\\\/#website\",\"url\":\"https:\\\/\\\/www.leshivernales.be\\\/en\\\/\",\"name\":\"Les Hivernales de la Danse\",\"description\":\"\",\"potentialAction\":[{\"@type\":\"SearchAction\",\"target\":{\"@type\":\"EntryPoint\",\"urlTemplate\":\"https:\\\/\\\/www.leshivernales.be\\\/en\\\/?s={search_term_string}\"},\"query-input\":{\"@type\":\"PropertyValueSpecification\",\"valueRequired\":true,\"valueName\":\"search_term_string\"}}],\"inLanguage\":\"en-US\"}]}<\/script>\n<!-- \/ Yoast SEO plugin. -->","yoast_head_json":{"title":"Osiel Gouneo, Ballet de Munich, Germany - Les Hivernales de la Danse","robots":{"index":"index","follow":"follow","max-snippet":"max-snippet:-1","max-image-preview":"max-image-preview:large","max-video-preview":"max-video-preview:-1"},"canonical":"https:\/\/www.leshivernales.be\/en\/dancer\/osiel-gouneo-ballet-de-munich-germany\/","og_locale":"en_US","og_type":"article","og_title":"Osiel Gouneo, Ballet de Munich, Germany - Les Hivernales de la Danse","og_description":"C\u00e9l\u00e8bre pour ses sauts incroyables et sa technique impressionnante, Osiel est un peu consid\u00e9r\u00e9 comme un ovni dans (...)En savoir plus","og_url":"https:\/\/www.leshivernales.be\/en\/dancer\/osiel-gouneo-ballet-de-munich-germany\/","og_site_name":"Les Hivernales de la Danse","article_publisher":"https:\/\/www.facebook.com\/leshivernalesdeladanse\/","article_modified_time":"2023-10-03T11:18:11+00:00","og_image":[{"width":900,"height":900,"url":"https:\/\/www.leshivernales.be\/wp-content\/uploads\/2019\/01\/Nancy-Osiel.jpg","type":"image\/jpeg"}],"twitter_card":"summary_large_image","schema":{"@context":"https:\/\/schema.org","@graph":[{"@type":"WebPage","@id":"https:\/\/www.leshivernales.be\/en\/dancer\/osiel-gouneo-ballet-de-munich-germany\/","url":"https:\/\/www.leshivernales.be\/en\/dancer\/osiel-gouneo-ballet-de-munich-germany\/","name":"Osiel Gouneo, Ballet de Munich, Germany - Les Hivernales de la Danse","isPartOf":{"@id":"https:\/\/www.leshivernales.be\/en\/#website"},"primaryImageOfPage":{"@id":"https:\/\/www.leshivernales.be\/en\/dancer\/osiel-gouneo-ballet-de-munich-germany\/#primaryimage"},"image":{"@id":"https:\/\/www.leshivernales.be\/en\/dancer\/osiel-gouneo-ballet-de-munich-germany\/#primaryimage"},"thumbnailUrl":"https:\/\/www.leshivernales.be\/wp-content\/uploads\/2019\/01\/Nancy-Osiel.jpg","datePublished":"2023-10-03T11:18:10+00:00","dateModified":"2023-10-03T11:18:11+00:00","breadcrumb":{"@id":"https:\/\/www.leshivernales.be\/en\/dancer\/osiel-gouneo-ballet-de-munich-germany\/#breadcrumb"},"inLanguage":"en-US","potentialAction":[{"@type":"ReadAction","target":["https:\/\/www.leshivernales.be\/en\/dancer\/osiel-gouneo-ballet-de-munich-germany\/"]}]},{"@type":"ImageObject","inLanguage":"en-US","@id":"https:\/\/www.leshivernales.be\/en\/dancer\/osiel-gouneo-ballet-de-munich-germany\/#primaryimage","url":"https:\/\/www.leshivernales.be\/wp-content\/uploads\/2019\/01\/Nancy-Osiel.jpg","contentUrl":"https:\/\/www.leshivernales.be\/wp-content\/uploads\/2019\/01\/Nancy-Osiel.jpg","width":900,"height":900},{"@type":"BreadcrumbList","@id":"https:\/\/www.leshivernales.be\/en\/dancer\/osiel-gouneo-ballet-de-munich-germany\/#breadcrumb","itemListElement":[{"@type":"ListItem","position":1,"name":"Home","item":"https:\/\/www.leshivernales.be\/en\/"},{"@type":"ListItem","position":2,"name":"Osiel Gouneo, Ballet de Munich, Germany"}]},{"@type":"WebSite","@id":"https:\/\/www.leshivernales.be\/en\/#website","url":"https:\/\/www.leshivernales.be\/en\/","name":"Les Hivernales de la Danse","description":"","potentialAction":[{"@type":"SearchAction","target":{"@type":"EntryPoint","urlTemplate":"https:\/\/www.leshivernales.be\/en\/?s={search_term_string}"},"query-input":{"@type":"PropertyValueSpecification","valueRequired":true,"valueName":"search_term_string"}}],"inLanguage":"en-US"}]}},"_links":{"self":[{"href":"https:\/\/www.leshivernales.be\/en\/wp-json\/wp\/v2\/danseur\/5960","targetHints":{"allow":["GET"]}}],"collection":[{"href":"https:\/\/www.leshivernales.be\/en\/wp-json\/wp\/v2\/danseur"}],"about":[{"href":"https:\/\/www.leshivernales.be\/en\/wp-json\/wp\/v2\/types\/danseur"}],"wp:featuredmedia":[{"embeddable":true,"href":"https:\/\/www.leshivernales.be\/en\/wp-json\/wp\/v2\/media\/3037"}],"wp:attachment":[{"href":"https:\/\/www.leshivernales.be\/en\/wp-json\/wp\/v2\/media?parent=5960"}],"wp:term":[{"taxonomy":"annee","embeddable":true,"href":"https:\/\/www.leshivernales.be\/en\/wp-json\/wp\/v2\/annee?post=5960"}],"curies":[{"name":"wp","href":"https:\/\/api.w.org\/{rel}","templated":true}]}}

<div class="wp-block-columns is-layout-flex wp-container-core-columns-is-layout-9d6595d7 wp-block-columns-is-layout-flex">
<div class="wp-block-column is-layout-flow wp-block-column-is-layout-flow">
<p><span class="s1">Célèbre pour ses sauts incroyables et sa technique impressionnante, Osiel est un peu considéré comme un ovni dans le milieu de la Danse classique. Formé à l’école Nationale de Ballet de la Havane, comme tout danseur cubain talentueux, il suit les traces de ses prédécesseurs en rejoignant le Ballet National de Cuba à l’âge de 18 ans. Il ne lui faudra que trois petites années pour accéder au titre d’Etoile. Avide de nouveaux challenges, il quitte son île pour le froid d’Oslo où le Ballet de Norvège l’accueille pour trois saisons. Invité dans de nombreuses compagnies internationales, il danse notamment à Londres, Moscou et New-York, c’est finalement au Ballet de Munich qu’il décide de se fixer, en tous cas pour le moment…</span></p>



<p><span class="s1">Bien sûr, il a remporté bon nombre de prix… Parmi eux, la médaille d’or au Grand Prix de Cuba et au Concours International de Pékin, la médaille d’argent au Concours de Varna et le Prix de la meilleure révélation sur la scène internationale lors de la cérémonie annuelle des Positano Awards.</span></p>
</div>



<div class="wp-block-column is-layout-flow wp-block-column-is-layout-flow">
<figure class="wp-block-image size-large"><a href="https://www.leshivernales.be/wp-content/uploads/2019/01/F57A9954-scaled.jpg" data-rel="lightbox-gallery-OcDZQX7x" data-rl_title="" data-rl_caption="" title=""><img decoding="async" width="1024" height="768" data-src="https://www.leshivernales.be/wp-content/uploads/2019/01/F57A9954-1024x768.jpg" alt="" class="wp-image-3038 lazyload" data-srcset="https://www.leshivernales.be/wp-content/uploads/2019/01/F57A9954-1024x768.jpg 1024w, https://www.leshivernales.be/wp-content/uploads/2019/01/F57A9954-500x375.jpg 500w, https://www.leshivernales.be/wp-content/uploads/2019/01/F57A9954-768x576.jpg 768w, https://www.leshivernales.be/wp-content/uploads/2019/01/F57A9954-1536x1152.jpg 1536w, https://www.leshivernales.be/wp-content/uploads/2019/01/F57A9954-2048x1536.jpg 2048w, https://www.leshivernales.be/wp-content/uploads/2019/01/F57A9954-scaled.jpg 1800w" data-sizes="(max-width: 1024px) 100vw, 1024px" src="data:image/svg+xml;base64,PHN2ZyB3aWR0aD0iMSIgaGVpZ2h0PSIxIiB4bWxucz0iaHR0cDovL3d3dy53My5vcmcvMjAwMC9zdmciPjwvc3ZnPg==" style="--smush-placeholder-width: 1024px; --smush-placeholder-aspect-ratio: 1024/768;" /></a></figure>
</div>
</div>

<!-- This site is optimized with the Yoast SEO plugin v27.4 - https://yoast.com/product/yoast-seo-wordpress/ -->
<title>Osiel Gouneo, Ballet de Munich, Germany - Les Hivernales de la Danse</title>
<meta name="robots" content="index, follow, max-snippet:-1, max-image-preview:large, max-video-preview:-1" />
<link rel="canonical" href="https://www.leshivernales.be/en/dancer/osiel-gouneo-ballet-de-munich-germany/" />
<meta property="og:locale" content="en_US" />
<meta property="og:type" content="article" />
<meta property="og:title" content="Osiel Gouneo, Ballet de Munich, Germany - Les Hivernales de la Danse" />
<meta property="og:description" content="Célèbre pour ses sauts incroyables et sa technique impressionnante, Osiel est un peu considéré comme un ovni dans (...)En savoir plus" />
<meta property="og:url" content="https://www.leshivernales.be/en/dancer/osiel-gouneo-ballet-de-munich-germany/" />
<meta property="og:site_name" content="Les Hivernales de la Danse" />
<meta property="article:publisher" content="https://www.facebook.com/leshivernalesdeladanse/" />
<meta property="article:modified_time" content="2023-10-03T11:18:11+00:00" />
<meta property="og:image" content="https://www.leshivernales.be/wp-content/uploads/2019/01/Nancy-Osiel.jpg" />
	<meta property="og:image:width" content="900" />
	<meta property="og:image:height" content="900" />
	<meta property="og:image:type" content="image/jpeg" />
<meta name="twitter:card" content="summary_large_image" />
<script type="application/ld+json" class="yoast-schema-graph">{"@context":"https:\/\/schema.org","@graph":[{"@type":"WebPage","@id":"https:\/\/www.leshivernales.be\/en\/dancer\/osiel-gouneo-ballet-de-munich-germany\/","url":"https:\/\/www.leshivernales.be\/en\/dancer\/osiel-gouneo-ballet-de-munich-germany\/","name":"Osiel Gouneo, Ballet de Munich, Germany - Les Hivernales de la Danse","isPartOf":{"@id":"https:\/\/www.leshivernales.be\/en\/#website"},"primaryImageOfPage":{"@id":"https:\/\/www.leshivernales.be\/en\/dancer\/osiel-gouneo-ballet-de-munich-germany\/#primaryimage"},"image":{"@id":"https:\/\/www.leshivernales.be\/en\/dancer\/osiel-gouneo-ballet-de-munich-germany\/#primaryimage"},"thumbnailUrl":"https:\/\/www.leshivernales.be\/wp-content\/uploads\/2019\/01\/Nancy-Osiel.jpg","datePublished":"2023-10-03T11:18:10+00:00","dateModified":"2023-10-03T11:18:11+00:00","breadcrumb":{"@id":"https:\/\/www.leshivernales.be\/en\/dancer\/osiel-gouneo-ballet-de-munich-germany\/#breadcrumb"},"inLanguage":"en-US","potentialAction":[{"@type":"ReadAction","target":["https:\/\/www.leshivernales.be\/en\/dancer\/osiel-gouneo-ballet-de-munich-germany\/"]}]},{"@type":"ImageObject","inLanguage":"en-US","@id":"https:\/\/www.leshivernales.be\/en\/dancer\/osiel-gouneo-ballet-de-munich-germany\/#primaryimage","url":"https:\/\/www.leshivernales.be\/wp-content\/uploads\/2019\/01\/Nancy-Osiel.jpg","contentUrl":"https:\/\/www.leshivernales.be\/wp-content\/uploads\/2019\/01\/Nancy-Osiel.jpg","width":900,"height":900},{"@type":"BreadcrumbList","@id":"https:\/\/www.leshivernales.be\/en\/dancer\/osiel-gouneo-ballet-de-munich-germany\/#breadcrumb","itemListElement":[{"@type":"ListItem","position":1,"name":"Home","item":"https:\/\/www.leshivernales.be\/en\/"},{"@type":"ListItem","position":2,"name":"Osiel Gouneo, Ballet de Munich, Germany"}]},{"@type":"WebSite","@id":"https:\/\/www.leshivernales.be\/en\/#website","url":"https:\/\/www.leshivernales.be\/en\/","name":"Les Hivernales de la Danse","description":"","potentialAction":[{"@type":"SearchAction","target":{"@type":"EntryPoint","urlTemplate":"https:\/\/www.leshivernales.be\/en\/?s={search_term_string}"},"query-input":{"@type":"PropertyValueSpecification","valueRequired":true,"valueName":"search_term_string"}}],"inLanguage":"en-US"}]}</script>
<!-- / Yoast SEO plugin. -->

Célèbre pour ses sauts incroyables et sa technique impressionnante, Osiel est un peu considéré comme un ovni dans (...)En savoir plus
