{"id":6812,"date":"2023-10-10T11:25:12","date_gmt":"2023-10-10T09:25:12","guid":{"rendered":"https:\/\/www.leshivernales.be\/?post_type=danseur&#038;p=6812"},"modified":"2023-10-12T22:21:23","modified_gmt":"2023-10-12T20:21:23","slug":"rosario-guerra-staatsballett-hannover","status":"publish","type":"danseur","link":"https:\/\/www.leshivernales.be\/en\/dancer\/rosario-guerra-staatsballett-hannover\/","title":{"rendered":"Rosario Guerra, Staatsballett Hannover"},"content":{"rendered":"\n<div class=\"wp-block-columns is-layout-flex wp-container-core-columns-is-layout-9d6595d7 wp-block-columns-is-layout-flex\">\n<div class=\"wp-block-column is-layout-flow wp-block-column-is-layout-flow\">\n<p>Born in Naples, Rosario Guerra received his training in classical and contemporary dance at the Spazio Danza School directed by Annalisa Cernese. He then got in the Scuola del Balletto di Toscana in Florence, under the direction of Cristina Bozzolini, and became straightaway member of the Junior Balletto di Toscana.\u00a0<\/p>\n\n\n\n<p>After a meticulous pre-professional training, he began his solo career in 2009 at the Balletto Teatro di Torino, under the direction of Loredana Furno.<\/p>\n\n\n\n<p>He then joined Gauthier Dance company, where he performed choreographies by Eric Gauthier, Alejandro Cerrudo, Ji\u0159\u00ed Kyli\u00e1n, Mauro Bigonzetti, Paul Lightfoot &amp; Sol Le\u00f3n, Christian Spuck, Jir\u00ed Buben\u00edcek, Itzik Galili, Marco Goecke, Cayetano Soto, Ohad Naharin and Hofesh Schechter.&nbsp;<\/p>\n\n\n\n<p>In August 2019, Rosario Guerra joins the Staatsballett Hannover, first under the direction of Marco Goecke, and now Christian Blossfeld.<\/p>\n\n\n\n<p>In 2011, Rosario was awarded with the Danza&amp;Danza Prize as Best Italian Dancer Abroad, followed with the nomination as one of the Best Dancers of the 2012\/2013 season by the Dance for you Magazine. In 2016, he was nominated Male Dancer of the Year by the \u201cJahrbuch Tanz\u201d, and Newcomer of the Month by the &#8220;Tanz&#8221; German Magazine. The same year, &#8220;Dance for you Magazine&#8221; named him Best Young Dancer of the Year and twice as Best Male Dancer of the Year as Principal Dancer. &#8220;Tanz&#8221; named him Best Dancer of the Year for two years in a row, he again won the &#8220;Dance for you Magazine&#8221; title, and he was also nominated for &#8220;DER FAUST 2018&#8221; with Marco Goecke&#8217;s solo &#8220;Infant Spirit&#8221;. In July 2021, he won the &#8220;Premio Napoli in Danza&#8221; award as Best Italian Dancer abroad of the Year.&nbsp;<\/p>\n<\/div>\n\n\n\n<div class=\"wp-block-column is-layout-flow wp-block-column-is-layout-flow\">\n<figure class=\"wp-block-image size-full\"><a href=\"https:\/\/www.leshivernales.be\/wp-content\/uploads\/2023\/10\/InfantSpirit_Goecke_ReginaBrocke_0187.jpeg\" data-rel=\"lightbox-gallery-U1o3hOvy\" data-rl_title=\"\" data-rl_caption=\"\" title=\"\"><img decoding=\"async\" width=\"640\" height=\"427\" data-src=\"https:\/\/www.leshivernales.be\/wp-content\/uploads\/2023\/10\/InfantSpirit_Goecke_ReginaBrocke_0187.jpeg\" alt=\"Rosario Guerra\" class=\"wp-image-6068 lazyload\" data-srcset=\"https:\/\/www.leshivernales.be\/wp-content\/uploads\/2023\/10\/InfantSpirit_Goecke_ReginaBrocke_0187.jpeg 640w, https:\/\/www.leshivernales.be\/wp-content\/uploads\/2023\/10\/InfantSpirit_Goecke_ReginaBrocke_0187-500x334.jpeg 500w, https:\/\/www.leshivernales.be\/wp-content\/uploads\/2023\/10\/InfantSpirit_Goecke_ReginaBrocke_0187-600x400.jpeg 600w\" data-sizes=\"(max-width: 640px) 100vw, 640px\" src=\"data:image\/svg+xml;base64,PHN2ZyB3aWR0aD0iMSIgaGVpZ2h0PSIxIiB4bWxucz0iaHR0cDovL3d3dy53My5vcmcvMjAwMC9zdmciPjwvc3ZnPg==\" style=\"--smush-placeholder-width: 640px; --smush-placeholder-aspect-ratio: 640\/427;\" \/><\/a><\/figure>\n<\/div>\n<\/div>\n","protected":false},"featured_media":6071,"template":"","annee":[345],"class_list":["post-6812","danseur","type-danseur","status-publish","has-post-thumbnail","hentry","annee-345"],"acf":[],"yoast_head":"<!-- This site is optimized with the Yoast SEO plugin v27.4 - https:\/\/yoast.com\/product\/yoast-seo-wordpress\/ -->\n<title>Rosario Guerra, Staatsballett Hannover - Les Hivernales de la Danse<\/title>\n<meta name=\"robots\" content=\"index, follow, max-snippet:-1, max-image-preview:large, max-video-preview:-1\" \/>\n<link rel=\"canonical\" href=\"https:\/\/www.leshivernales.be\/en\/dancer\/rosario-guerra-staatsballett-hannover\/\" \/>\n<meta property=\"og:locale\" content=\"en_US\" \/>\n<meta property=\"og:type\" content=\"article\" \/>\n<meta property=\"og:title\" content=\"Rosario Guerra, Staatsballett Hannover - Les Hivernales de la Danse\" \/>\n<meta property=\"og:description\" content=\"Born in Naples, Rosario Guerra received his training in classical and contemporary dance at the Spazio Danza School (...)En savoir plus\" \/>\n<meta property=\"og:url\" content=\"https:\/\/www.leshivernales.be\/en\/dancer\/rosario-guerra-staatsballett-hannover\/\" \/>\n<meta property=\"og:site_name\" content=\"Les Hivernales de la Danse\" \/>\n<meta property=\"article:publisher\" content=\"https:\/\/www.facebook.com\/leshivernalesdeladanse\/\" \/>\n<meta property=\"article:modified_time\" content=\"2023-10-12T20:21:23+00:00\" \/>\n<meta property=\"og:image\" content=\"https:\/\/www.leshivernales.be\/wp-content\/uploads\/2023\/10\/Clemens-Heidrich.jpg\" \/>\n\t<meta property=\"og:image:width\" content=\"427\" \/>\n\t<meta property=\"og:image:height\" content=\"427\" \/>\n\t<meta property=\"og:image:type\" content=\"image\/jpeg\" \/>\n<meta name=\"twitter:card\" content=\"summary_large_image\" \/>\n<script type=\"application\/ld+json\" class=\"yoast-schema-graph\">{\"@context\":\"https:\\\/\\\/schema.org\",\"@graph\":[{\"@type\":\"WebPage\",\"@id\":\"https:\\\/\\\/www.leshivernales.be\\\/en\\\/dancer\\\/rosario-guerra-staatsballett-hannover\\\/\",\"url\":\"https:\\\/\\\/www.leshivernales.be\\\/en\\\/dancer\\\/rosario-guerra-staatsballett-hannover\\\/\",\"name\":\"Rosario Guerra, Staatsballett Hannover - Les Hivernales de la Danse\",\"isPartOf\":{\"@id\":\"https:\\\/\\\/www.leshivernales.be\\\/en\\\/#website\"},\"primaryImageOfPage\":{\"@id\":\"https:\\\/\\\/www.leshivernales.be\\\/en\\\/dancer\\\/rosario-guerra-staatsballett-hannover\\\/#primaryimage\"},\"image\":{\"@id\":\"https:\\\/\\\/www.leshivernales.be\\\/en\\\/dancer\\\/rosario-guerra-staatsballett-hannover\\\/#primaryimage\"},\"thumbnailUrl\":\"https:\\\/\\\/www.leshivernales.be\\\/wp-content\\\/uploads\\\/2023\\\/10\\\/Clemens-Heidrich.jpg\",\"datePublished\":\"2023-10-10T09:25:12+00:00\",\"dateModified\":\"2023-10-12T20:21:23+00:00\",\"breadcrumb\":{\"@id\":\"https:\\\/\\\/www.leshivernales.be\\\/en\\\/dancer\\\/rosario-guerra-staatsballett-hannover\\\/#breadcrumb\"},\"inLanguage\":\"en-US\",\"potentialAction\":[{\"@type\":\"ReadAction\",\"target\":[\"https:\\\/\\\/www.leshivernales.be\\\/en\\\/dancer\\\/rosario-guerra-staatsballett-hannover\\\/\"]}]},{\"@type\":\"ImageObject\",\"inLanguage\":\"en-US\",\"@id\":\"https:\\\/\\\/www.leshivernales.be\\\/en\\\/dancer\\\/rosario-guerra-staatsballett-hannover\\\/#primaryimage\",\"url\":\"https:\\\/\\\/www.leshivernales.be\\\/wp-content\\\/uploads\\\/2023\\\/10\\\/Clemens-Heidrich.jpg\",\"contentUrl\":\"https:\\\/\\\/www.leshivernales.be\\\/wp-content\\\/uploads\\\/2023\\\/10\\\/Clemens-Heidrich.jpg\",\"width\":427,\"height\":427},{\"@type\":\"BreadcrumbList\",\"@id\":\"https:\\\/\\\/www.leshivernales.be\\\/en\\\/dancer\\\/rosario-guerra-staatsballett-hannover\\\/#breadcrumb\",\"itemListElement\":[{\"@type\":\"ListItem\",\"position\":1,\"name\":\"Home\",\"item\":\"https:\\\/\\\/www.leshivernales.be\\\/en\\\/\"},{\"@type\":\"ListItem\",\"position\":2,\"name\":\"Rosario Guerra, Staatsballett Hannover\"}]},{\"@type\":\"WebSite\",\"@id\":\"https:\\\/\\\/www.leshivernales.be\\\/en\\\/#website\",\"url\":\"https:\\\/\\\/www.leshivernales.be\\\/en\\\/\",\"name\":\"Les Hivernales de la Danse\",\"description\":\"\",\"potentialAction\":[{\"@type\":\"SearchAction\",\"target\":{\"@type\":\"EntryPoint\",\"urlTemplate\":\"https:\\\/\\\/www.leshivernales.be\\\/en\\\/?s={search_term_string}\"},\"query-input\":{\"@type\":\"PropertyValueSpecification\",\"valueRequired\":true,\"valueName\":\"search_term_string\"}}],\"inLanguage\":\"en-US\"}]}<\/script>\n<!-- \/ Yoast SEO plugin. -->","yoast_head_json":{"title":"Rosario Guerra, Staatsballett Hannover - Les Hivernales de la Danse","robots":{"index":"index","follow":"follow","max-snippet":"max-snippet:-1","max-image-preview":"max-image-preview:large","max-video-preview":"max-video-preview:-1"},"canonical":"https:\/\/www.leshivernales.be\/en\/dancer\/rosario-guerra-staatsballett-hannover\/","og_locale":"en_US","og_type":"article","og_title":"Rosario Guerra, Staatsballett Hannover - Les Hivernales de la Danse","og_description":"Born in Naples, Rosario Guerra received his training in classical and contemporary dance at the Spazio Danza School (...)En savoir plus","og_url":"https:\/\/www.leshivernales.be\/en\/dancer\/rosario-guerra-staatsballett-hannover\/","og_site_name":"Les Hivernales de la Danse","article_publisher":"https:\/\/www.facebook.com\/leshivernalesdeladanse\/","article_modified_time":"2023-10-12T20:21:23+00:00","og_image":[{"width":427,"height":427,"url":"https:\/\/www.leshivernales.be\/wp-content\/uploads\/2023\/10\/Clemens-Heidrich.jpg","type":"image\/jpeg"}],"twitter_card":"summary_large_image","schema":{"@context":"https:\/\/schema.org","@graph":[{"@type":"WebPage","@id":"https:\/\/www.leshivernales.be\/en\/dancer\/rosario-guerra-staatsballett-hannover\/","url":"https:\/\/www.leshivernales.be\/en\/dancer\/rosario-guerra-staatsballett-hannover\/","name":"Rosario Guerra, Staatsballett Hannover - Les Hivernales de la Danse","isPartOf":{"@id":"https:\/\/www.leshivernales.be\/en\/#website"},"primaryImageOfPage":{"@id":"https:\/\/www.leshivernales.be\/en\/dancer\/rosario-guerra-staatsballett-hannover\/#primaryimage"},"image":{"@id":"https:\/\/www.leshivernales.be\/en\/dancer\/rosario-guerra-staatsballett-hannover\/#primaryimage"},"thumbnailUrl":"https:\/\/www.leshivernales.be\/wp-content\/uploads\/2023\/10\/Clemens-Heidrich.jpg","datePublished":"2023-10-10T09:25:12+00:00","dateModified":"2023-10-12T20:21:23+00:00","breadcrumb":{"@id":"https:\/\/www.leshivernales.be\/en\/dancer\/rosario-guerra-staatsballett-hannover\/#breadcrumb"},"inLanguage":"en-US","potentialAction":[{"@type":"ReadAction","target":["https:\/\/www.leshivernales.be\/en\/dancer\/rosario-guerra-staatsballett-hannover\/"]}]},{"@type":"ImageObject","inLanguage":"en-US","@id":"https:\/\/www.leshivernales.be\/en\/dancer\/rosario-guerra-staatsballett-hannover\/#primaryimage","url":"https:\/\/www.leshivernales.be\/wp-content\/uploads\/2023\/10\/Clemens-Heidrich.jpg","contentUrl":"https:\/\/www.leshivernales.be\/wp-content\/uploads\/2023\/10\/Clemens-Heidrich.jpg","width":427,"height":427},{"@type":"BreadcrumbList","@id":"https:\/\/www.leshivernales.be\/en\/dancer\/rosario-guerra-staatsballett-hannover\/#breadcrumb","itemListElement":[{"@type":"ListItem","position":1,"name":"Home","item":"https:\/\/www.leshivernales.be\/en\/"},{"@type":"ListItem","position":2,"name":"Rosario Guerra, Staatsballett Hannover"}]},{"@type":"WebSite","@id":"https:\/\/www.leshivernales.be\/en\/#website","url":"https:\/\/www.leshivernales.be\/en\/","name":"Les Hivernales de la Danse","description":"","potentialAction":[{"@type":"SearchAction","target":{"@type":"EntryPoint","urlTemplate":"https:\/\/www.leshivernales.be\/en\/?s={search_term_string}"},"query-input":{"@type":"PropertyValueSpecification","valueRequired":true,"valueName":"search_term_string"}}],"inLanguage":"en-US"}]}},"_links":{"self":[{"href":"https:\/\/www.leshivernales.be\/en\/wp-json\/wp\/v2\/danseur\/6812","targetHints":{"allow":["GET"]}}],"collection":[{"href":"https:\/\/www.leshivernales.be\/en\/wp-json\/wp\/v2\/danseur"}],"about":[{"href":"https:\/\/www.leshivernales.be\/en\/wp-json\/wp\/v2\/types\/danseur"}],"wp:featuredmedia":[{"embeddable":true,"href":"https:\/\/www.leshivernales.be\/en\/wp-json\/wp\/v2\/media\/6071"}],"wp:attachment":[{"href":"https:\/\/www.leshivernales.be\/en\/wp-json\/wp\/v2\/media?parent=6812"}],"wp:term":[{"taxonomy":"annee","embeddable":true,"href":"https:\/\/www.leshivernales.be\/en\/wp-json\/wp\/v2\/annee?post=6812"}],"curies":[{"name":"wp","href":"https:\/\/api.w.org\/{rel}","templated":true}]}}

<div class="wp-block-columns is-layout-flex wp-container-core-columns-is-layout-9d6595d7 wp-block-columns-is-layout-flex">
<div class="wp-block-column is-layout-flow wp-block-column-is-layout-flow">
<p>Born in Naples, Rosario Guerra received his training in classical and contemporary dance at the Spazio Danza School directed by Annalisa Cernese. He then got in the Scuola del Balletto di Toscana in Florence, under the direction of Cristina Bozzolini, and became straightaway member of the Junior Balletto di Toscana. </p>



<p>After a meticulous pre-professional training, he began his solo career in 2009 at the Balletto Teatro di Torino, under the direction of Loredana Furno.</p>



<p>He then joined Gauthier Dance company, where he performed choreographies by Eric Gauthier, Alejandro Cerrudo, Jiří Kylián, Mauro Bigonzetti, Paul Lightfoot &amp; Sol León, Christian Spuck, Jirí Bubenícek, Itzik Galili, Marco Goecke, Cayetano Soto, Ohad Naharin and Hofesh Schechter.&nbsp;</p>



<p>In August 2019, Rosario Guerra joins the Staatsballett Hannover, first under the direction of Marco Goecke, and now Christian Blossfeld.</p>



<p>In 2011, Rosario was awarded with the Danza&amp;Danza Prize as Best Italian Dancer Abroad, followed with the nomination as one of the Best Dancers of the 2012/2013 season by the Dance for you Magazine. In 2016, he was nominated Male Dancer of the Year by the “Jahrbuch Tanz”, and Newcomer of the Month by the &#8220;Tanz&#8221; German Magazine. The same year, &#8220;Dance for you Magazine&#8221; named him Best Young Dancer of the Year and twice as Best Male Dancer of the Year as Principal Dancer. &#8220;Tanz&#8221; named him Best Dancer of the Year for two years in a row, he again won the &#8220;Dance for you Magazine&#8221; title, and he was also nominated for &#8220;DER FAUST 2018&#8221; with Marco Goecke&#8217;s solo &#8220;Infant Spirit&#8221;. In July 2021, he won the &#8220;Premio Napoli in Danza&#8221; award as Best Italian Dancer abroad of the Year.&nbsp;</p>
</div>



<div class="wp-block-column is-layout-flow wp-block-column-is-layout-flow">
<figure class="wp-block-image size-full"><a href="https://www.leshivernales.be/wp-content/uploads/2023/10/InfantSpirit_Goecke_ReginaBrocke_0187.jpeg" data-rel="lightbox-gallery-U1o3hOvy" data-rl_title="" data-rl_caption="" title=""><img decoding="async" width="640" height="427" data-src="https://www.leshivernales.be/wp-content/uploads/2023/10/InfantSpirit_Goecke_ReginaBrocke_0187.jpeg" alt="Rosario Guerra" class="wp-image-6068 lazyload" data-srcset="https://www.leshivernales.be/wp-content/uploads/2023/10/InfantSpirit_Goecke_ReginaBrocke_0187.jpeg 640w, https://www.leshivernales.be/wp-content/uploads/2023/10/InfantSpirit_Goecke_ReginaBrocke_0187-500x334.jpeg 500w, https://www.leshivernales.be/wp-content/uploads/2023/10/InfantSpirit_Goecke_ReginaBrocke_0187-600x400.jpeg 600w" data-sizes="(max-width: 640px) 100vw, 640px" src="data:image/svg+xml;base64,PHN2ZyB3aWR0aD0iMSIgaGVpZ2h0PSIxIiB4bWxucz0iaHR0cDovL3d3dy53My5vcmcvMjAwMC9zdmciPjwvc3ZnPg==" style="--smush-placeholder-width: 640px; --smush-placeholder-aspect-ratio: 640/427;" /></a></figure>
</div>
</div>
