{"id":7155,"date":"2024-01-03T17:32:00","date_gmt":"2024-01-03T16:32:00","guid":{"rendered":"https:\/\/www.leshivernales.be\/?post_type=danseur&#038;p=7155"},"modified":"2024-01-03T17:32:01","modified_gmt":"2024-01-03T16:32:01","slug":"ksenia-ovsyanick-principal-of-the-staatsballett-berlin","status":"publish","type":"danseur","link":"https:\/\/www.leshivernales.be\/en\/dancer\/ksenia-ovsyanick-principal-of-the-staatsballett-berlin\/","title":{"rendered":"Ksenia Ovsyanick, Principal of the Staatsballett Berlin"},"content":{"rendered":"\n<div class=\"wp-block-columns is-layout-flex wp-container-core-columns-is-layout-9d6595d7 wp-block-columns-is-layout-flex\">\n<div class=\"wp-block-column is-layout-flow wp-block-column-is-layout-flow\">\n<p>Originaire de Russie, Ksenia d\u00e9bute sa formation au Belorussian State Ballet College, avant d\u2019int\u00e9grer l\u2019English National Ballet School offerte \u00e0 la suite de sa participation au c\u00e9l\u00e8bre Prix de Lausanne en 2007.<\/p>\n\n\n\n<p>Apr\u00e8s un parcours exemplaire au sein de l\u2019\u00c9cole, c\u2019est tout naturellement qu\u2019elle int\u00e8gre l\u2019English National Ballet tout en se produisant sur les plus prestigieuses sc\u00e8nes du monde&nbsp;: Op\u00e9ra Garnier, Royal Opera House, Th\u00e9\u00e2tre du Bolshoi, Royal Albert Hall, Buckingham Palace\u2026 Elle participe \u00e0 de nombreux Galas \u00e0 travers le monde, ainsi qu&#8217;\u00e0 la c\u00e9r\u00e9monie de cl\u00f4ture des Jeux Olympiques de Londres en 2012. &nbsp;<\/p>\n\n\n\n<p>En 2016, Ksenia rejoint le Ballet de la Ville de Berlin en tant que Danseuse Etoile, interpr\u00e9tant les r\u00f4les principaux dans un large r\u00e9pertoire de ballets classiques et contemporains. Au cours de la saison 2019\/2020, elle se produit en tant qu\u2019Etoile invit\u00e9e au Ballet national de Pologne.<\/p>\n\n\n\n<p>Artiste polyvalente, Ksenia a cr\u00e9\u00e9 de nombreux r\u00f4les sous l\u2019\u0153il de Nacho Duato, Itzik Gallili, Aleksei Ratmansky, Alexander Ekman, Richard Siegal, Liam Scarlett, George Williamson, Yabin Wang et a interpr\u00e9t\u00e9 des ballets de Kenneth Macmillan, John Cranko, Jiri Kylian, George Balan-chine, Serge Lifar, Krzysztof Pastor, David Dawson et Wayne Eagling.<\/p>\n\n\n\n<p>\u00c0 l&#8217;\u00e2ge de 20 ans, sa premi\u00e8re performance de Giselle lui vaut une nomination pour le Prix \u00ab&nbsp;Emerging Dancer&nbsp;\u00bb de l&#8217;English National Ballet.&nbsp; En mars 2012, elle incarne le r\u00f4le principal lors de la premi\u00e8re mondiale de \u00ab&nbsp;L&#8217;Oiseau de feu&nbsp;\u00bb de George Williamson, performance exceptionnelle qui lui vaudra le \u00ab&nbsp;Critics&#8217; Circle National Dance Award&nbsp;\u00bb. En 2013, Ksenia est nomin\u00e9e pour le \u00ab&nbsp;Prix Benois de la Danse&nbsp;\u00bb. En 2018, elle remporte le Prix \u00ab&nbsp;Dance Open&nbsp;\u00bb \u00e0 Saint-P\u00e9tersbourg et en 2023, on lui d\u00e9cerne le &#8220;Premio Eccelenza della Danza&#8221; en Italie.<\/p>\n<\/div>\n\n\n\n<div class=\"wp-block-column is-layout-flow wp-block-column-is-layout-flow\">\n<figure class=\"wp-block-image size-large\"><a href=\"https:\/\/www.leshivernales.be\/wp-content\/uploads\/2024\/01\/IMG_3327.jpg\" data-rel=\"lightbox-gallery-zYMhGPeZ\" data-rl_title=\"\" data-rl_caption=\"\" title=\"\"><img decoding=\"async\" width=\"1024\" height=\"682\" data-src=\"https:\/\/www.leshivernales.be\/wp-content\/uploads\/2024\/01\/IMG_3327-1024x682.jpg\" alt=\"\" class=\"wp-image-7158 lazyload\" data-srcset=\"https:\/\/www.leshivernales.be\/wp-content\/uploads\/2024\/01\/IMG_3327-1024x682.jpg 1024w, https:\/\/www.leshivernales.be\/wp-content\/uploads\/2024\/01\/IMG_3327-500x333.jpg 500w, https:\/\/www.leshivernales.be\/wp-content\/uploads\/2024\/01\/IMG_3327-768x512.jpg 768w, https:\/\/www.leshivernales.be\/wp-content\/uploads\/2024\/01\/IMG_3327-600x400.jpg 600w, https:\/\/www.leshivernales.be\/wp-content\/uploads\/2024\/01\/IMG_3327.jpg 1280w\" data-sizes=\"(max-width: 1024px) 100vw, 1024px\" src=\"data:image\/svg+xml;base64,PHN2ZyB3aWR0aD0iMSIgaGVpZ2h0PSIxIiB4bWxucz0iaHR0cDovL3d3dy53My5vcmcvMjAwMC9zdmciPjwvc3ZnPg==\" style=\"--smush-placeholder-width: 1024px; --smush-placeholder-aspect-ratio: 1024\/682;\" \/><\/a><\/figure>\n<\/div>\n<\/div>\n","protected":false},"featured_media":7156,"template":"","annee":[345],"class_list":["post-7155","danseur","type-danseur","status-publish","has-post-thumbnail","hentry","annee-345"],"acf":[],"yoast_head":"<!-- This site is optimized with the Yoast SEO plugin v27.4 - https:\/\/yoast.com\/product\/yoast-seo-wordpress\/ -->\n<title>Ksenia Ovsyanick, Principal of the Staatsballett Berlin - Les Hivernales de la Danse<\/title>\n<meta name=\"robots\" content=\"index, follow, max-snippet:-1, max-image-preview:large, max-video-preview:-1\" \/>\n<link rel=\"canonical\" href=\"https:\/\/www.leshivernales.be\/en\/dancer\/ksenia-ovsyanick-principal-of-the-staatsballett-berlin\/\" \/>\n<meta property=\"og:locale\" content=\"en_US\" \/>\n<meta property=\"og:type\" content=\"article\" \/>\n<meta property=\"og:title\" content=\"Ksenia Ovsyanick, Principal of the Staatsballett Berlin - Les Hivernales de la Danse\" \/>\n<meta property=\"og:description\" content=\"Originaire de Russie, Ksenia d\u00e9bute sa formation au Belorussian State Ballet College, avant d\u2019int\u00e9grer l\u2019English National Ballet School (...)En savoir plus\" \/>\n<meta property=\"og:url\" content=\"https:\/\/www.leshivernales.be\/en\/dancer\/ksenia-ovsyanick-principal-of-the-staatsballett-berlin\/\" \/>\n<meta property=\"og:site_name\" content=\"Les Hivernales de la Danse\" \/>\n<meta property=\"article:publisher\" content=\"https:\/\/www.facebook.com\/leshivernalesdeladanse\/\" \/>\n<meta property=\"article:modified_time\" content=\"2024-01-03T16:32:01+00:00\" \/>\n<meta property=\"og:image\" content=\"https:\/\/www.leshivernales.be\/wp-content\/uploads\/2024\/01\/Ksenia_Ovsyanick_8288-.jpg\" \/>\n\t<meta property=\"og:image:width\" content=\"1200\" \/>\n\t<meta property=\"og:image:height\" content=\"1200\" \/>\n\t<meta property=\"og:image:type\" content=\"image\/jpeg\" \/>\n<meta name=\"twitter:card\" content=\"summary_large_image\" \/>\n<script type=\"application\/ld+json\" class=\"yoast-schema-graph\">{\"@context\":\"https:\\\/\\\/schema.org\",\"@graph\":[{\"@type\":\"WebPage\",\"@id\":\"https:\\\/\\\/www.leshivernales.be\\\/en\\\/dancer\\\/ksenia-ovsyanick-principal-of-the-staatsballett-berlin\\\/\",\"url\":\"https:\\\/\\\/www.leshivernales.be\\\/en\\\/dancer\\\/ksenia-ovsyanick-principal-of-the-staatsballett-berlin\\\/\",\"name\":\"Ksenia Ovsyanick, Principal of the Staatsballett Berlin - Les Hivernales de la Danse\",\"isPartOf\":{\"@id\":\"https:\\\/\\\/www.leshivernales.be\\\/en\\\/#website\"},\"primaryImageOfPage\":{\"@id\":\"https:\\\/\\\/www.leshivernales.be\\\/en\\\/dancer\\\/ksenia-ovsyanick-principal-of-the-staatsballett-berlin\\\/#primaryimage\"},\"image\":{\"@id\":\"https:\\\/\\\/www.leshivernales.be\\\/en\\\/dancer\\\/ksenia-ovsyanick-principal-of-the-staatsballett-berlin\\\/#primaryimage\"},\"thumbnailUrl\":\"https:\\\/\\\/www.leshivernales.be\\\/wp-content\\\/uploads\\\/2024\\\/01\\\/Ksenia_Ovsyanick_8288-.jpg\",\"datePublished\":\"2024-01-03T16:32:00+00:00\",\"dateModified\":\"2024-01-03T16:32:01+00:00\",\"breadcrumb\":{\"@id\":\"https:\\\/\\\/www.leshivernales.be\\\/en\\\/dancer\\\/ksenia-ovsyanick-principal-of-the-staatsballett-berlin\\\/#breadcrumb\"},\"inLanguage\":\"en-US\",\"potentialAction\":[{\"@type\":\"ReadAction\",\"target\":[\"https:\\\/\\\/www.leshivernales.be\\\/en\\\/dancer\\\/ksenia-ovsyanick-principal-of-the-staatsballett-berlin\\\/\"]}]},{\"@type\":\"ImageObject\",\"inLanguage\":\"en-US\",\"@id\":\"https:\\\/\\\/www.leshivernales.be\\\/en\\\/dancer\\\/ksenia-ovsyanick-principal-of-the-staatsballett-berlin\\\/#primaryimage\",\"url\":\"https:\\\/\\\/www.leshivernales.be\\\/wp-content\\\/uploads\\\/2024\\\/01\\\/Ksenia_Ovsyanick_8288-.jpg\",\"contentUrl\":\"https:\\\/\\\/www.leshivernales.be\\\/wp-content\\\/uploads\\\/2024\\\/01\\\/Ksenia_Ovsyanick_8288-.jpg\",\"width\":1200,\"height\":1200},{\"@type\":\"BreadcrumbList\",\"@id\":\"https:\\\/\\\/www.leshivernales.be\\\/en\\\/dancer\\\/ksenia-ovsyanick-principal-of-the-staatsballett-berlin\\\/#breadcrumb\",\"itemListElement\":[{\"@type\":\"ListItem\",\"position\":1,\"name\":\"Home\",\"item\":\"https:\\\/\\\/www.leshivernales.be\\\/en\\\/\"},{\"@type\":\"ListItem\",\"position\":2,\"name\":\"Ksenia Ovsyanick, Principal of the Staatsballett Berlin\"}]},{\"@type\":\"WebSite\",\"@id\":\"https:\\\/\\\/www.leshivernales.be\\\/en\\\/#website\",\"url\":\"https:\\\/\\\/www.leshivernales.be\\\/en\\\/\",\"name\":\"Les Hivernales de la Danse\",\"description\":\"\",\"potentialAction\":[{\"@type\":\"SearchAction\",\"target\":{\"@type\":\"EntryPoint\",\"urlTemplate\":\"https:\\\/\\\/www.leshivernales.be\\\/en\\\/?s={search_term_string}\"},\"query-input\":{\"@type\":\"PropertyValueSpecification\",\"valueRequired\":true,\"valueName\":\"search_term_string\"}}],\"inLanguage\":\"en-US\"}]}<\/script>\n<!-- \/ Yoast SEO plugin. -->","yoast_head_json":{"title":"Ksenia Ovsyanick, Principal of the Staatsballett Berlin - Les Hivernales de la Danse","robots":{"index":"index","follow":"follow","max-snippet":"max-snippet:-1","max-image-preview":"max-image-preview:large","max-video-preview":"max-video-preview:-1"},"canonical":"https:\/\/www.leshivernales.be\/en\/dancer\/ksenia-ovsyanick-principal-of-the-staatsballett-berlin\/","og_locale":"en_US","og_type":"article","og_title":"Ksenia Ovsyanick, Principal of the Staatsballett Berlin - Les Hivernales de la Danse","og_description":"Originaire de Russie, Ksenia d\u00e9bute sa formation au Belorussian State Ballet College, avant d\u2019int\u00e9grer l\u2019English National Ballet School (...)En savoir plus","og_url":"https:\/\/www.leshivernales.be\/en\/dancer\/ksenia-ovsyanick-principal-of-the-staatsballett-berlin\/","og_site_name":"Les Hivernales de la Danse","article_publisher":"https:\/\/www.facebook.com\/leshivernalesdeladanse\/","article_modified_time":"2024-01-03T16:32:01+00:00","og_image":[{"width":1200,"height":1200,"url":"https:\/\/www.leshivernales.be\/wp-content\/uploads\/2024\/01\/Ksenia_Ovsyanick_8288-.jpg","type":"image\/jpeg"}],"twitter_card":"summary_large_image","schema":{"@context":"https:\/\/schema.org","@graph":[{"@type":"WebPage","@id":"https:\/\/www.leshivernales.be\/en\/dancer\/ksenia-ovsyanick-principal-of-the-staatsballett-berlin\/","url":"https:\/\/www.leshivernales.be\/en\/dancer\/ksenia-ovsyanick-principal-of-the-staatsballett-berlin\/","name":"Ksenia Ovsyanick, Principal of the Staatsballett Berlin - Les Hivernales de la Danse","isPartOf":{"@id":"https:\/\/www.leshivernales.be\/en\/#website"},"primaryImageOfPage":{"@id":"https:\/\/www.leshivernales.be\/en\/dancer\/ksenia-ovsyanick-principal-of-the-staatsballett-berlin\/#primaryimage"},"image":{"@id":"https:\/\/www.leshivernales.be\/en\/dancer\/ksenia-ovsyanick-principal-of-the-staatsballett-berlin\/#primaryimage"},"thumbnailUrl":"https:\/\/www.leshivernales.be\/wp-content\/uploads\/2024\/01\/Ksenia_Ovsyanick_8288-.jpg","datePublished":"2024-01-03T16:32:00+00:00","dateModified":"2024-01-03T16:32:01+00:00","breadcrumb":{"@id":"https:\/\/www.leshivernales.be\/en\/dancer\/ksenia-ovsyanick-principal-of-the-staatsballett-berlin\/#breadcrumb"},"inLanguage":"en-US","potentialAction":[{"@type":"ReadAction","target":["https:\/\/www.leshivernales.be\/en\/dancer\/ksenia-ovsyanick-principal-of-the-staatsballett-berlin\/"]}]},{"@type":"ImageObject","inLanguage":"en-US","@id":"https:\/\/www.leshivernales.be\/en\/dancer\/ksenia-ovsyanick-principal-of-the-staatsballett-berlin\/#primaryimage","url":"https:\/\/www.leshivernales.be\/wp-content\/uploads\/2024\/01\/Ksenia_Ovsyanick_8288-.jpg","contentUrl":"https:\/\/www.leshivernales.be\/wp-content\/uploads\/2024\/01\/Ksenia_Ovsyanick_8288-.jpg","width":1200,"height":1200},{"@type":"BreadcrumbList","@id":"https:\/\/www.leshivernales.be\/en\/dancer\/ksenia-ovsyanick-principal-of-the-staatsballett-berlin\/#breadcrumb","itemListElement":[{"@type":"ListItem","position":1,"name":"Home","item":"https:\/\/www.leshivernales.be\/en\/"},{"@type":"ListItem","position":2,"name":"Ksenia Ovsyanick, Principal of the Staatsballett Berlin"}]},{"@type":"WebSite","@id":"https:\/\/www.leshivernales.be\/en\/#website","url":"https:\/\/www.leshivernales.be\/en\/","name":"Les Hivernales de la Danse","description":"","potentialAction":[{"@type":"SearchAction","target":{"@type":"EntryPoint","urlTemplate":"https:\/\/www.leshivernales.be\/en\/?s={search_term_string}"},"query-input":{"@type":"PropertyValueSpecification","valueRequired":true,"valueName":"search_term_string"}}],"inLanguage":"en-US"}]}},"_links":{"self":[{"href":"https:\/\/www.leshivernales.be\/en\/wp-json\/wp\/v2\/danseur\/7155","targetHints":{"allow":["GET"]}}],"collection":[{"href":"https:\/\/www.leshivernales.be\/en\/wp-json\/wp\/v2\/danseur"}],"about":[{"href":"https:\/\/www.leshivernales.be\/en\/wp-json\/wp\/v2\/types\/danseur"}],"wp:featuredmedia":[{"embeddable":true,"href":"https:\/\/www.leshivernales.be\/en\/wp-json\/wp\/v2\/media\/7156"}],"wp:attachment":[{"href":"https:\/\/www.leshivernales.be\/en\/wp-json\/wp\/v2\/media?parent=7155"}],"wp:term":[{"taxonomy":"annee","embeddable":true,"href":"https:\/\/www.leshivernales.be\/en\/wp-json\/wp\/v2\/annee?post=7155"}],"curies":[{"name":"wp","href":"https:\/\/api.w.org\/{rel}","templated":true}]}}

<div class="wp-block-columns is-layout-flex wp-container-core-columns-is-layout-9d6595d7 wp-block-columns-is-layout-flex">
<div class="wp-block-column is-layout-flow wp-block-column-is-layout-flow">
<p>Originaire de Russie, Ksenia débute sa formation au Belorussian State Ballet College, avant d’intégrer l’English National Ballet School offerte à la suite de sa participation au célèbre Prix de Lausanne en 2007.</p>



<p>Après un parcours exemplaire au sein de l’École, c’est tout naturellement qu’elle intègre l’English National Ballet tout en se produisant sur les plus prestigieuses scènes du monde&nbsp;: Opéra Garnier, Royal Opera House, Théâtre du Bolshoi, Royal Albert Hall, Buckingham Palace… Elle participe à de nombreux Galas à travers le monde, ainsi qu&#8217;à la cérémonie de clôture des Jeux Olympiques de Londres en 2012. &nbsp;</p>



<p>En 2016, Ksenia rejoint le Ballet de la Ville de Berlin en tant que Danseuse Etoile, interprétant les rôles principaux dans un large répertoire de ballets classiques et contemporains. Au cours de la saison 2019/2020, elle se produit en tant qu’Etoile invitée au Ballet national de Pologne.</p>



<p>Artiste polyvalente, Ksenia a créé de nombreux rôles sous l’œil de Nacho Duato, Itzik Gallili, Aleksei Ratmansky, Alexander Ekman, Richard Siegal, Liam Scarlett, George Williamson, Yabin Wang et a interprété des ballets de Kenneth Macmillan, John Cranko, Jiri Kylian, George Balan-chine, Serge Lifar, Krzysztof Pastor, David Dawson et Wayne Eagling.</p>



<p>À l&#8217;âge de 20 ans, sa première performance de Giselle lui vaut une nomination pour le Prix «&nbsp;Emerging Dancer&nbsp;» de l&#8217;English National Ballet.&nbsp; En mars 2012, elle incarne le rôle principal lors de la première mondiale de «&nbsp;L&#8217;Oiseau de feu&nbsp;» de George Williamson, performance exceptionnelle qui lui vaudra le «&nbsp;Critics&#8217; Circle National Dance Award&nbsp;». En 2013, Ksenia est nominée pour le «&nbsp;Prix Benois de la Danse&nbsp;». En 2018, elle remporte le Prix «&nbsp;Dance Open&nbsp;» à Saint-Pétersbourg et en 2023, on lui décerne le &#8220;Premio Eccelenza della Danza&#8221; en Italie.</p>
</div>



<div class="wp-block-column is-layout-flow wp-block-column-is-layout-flow">
<figure class="wp-block-image size-large"><a href="https://www.leshivernales.be/wp-content/uploads/2024/01/IMG_3327.jpg" data-rel="lightbox-gallery-zYMhGPeZ" data-rl_title="" data-rl_caption="" title=""><img decoding="async" width="1024" height="682" data-src="https://www.leshivernales.be/wp-content/uploads/2024/01/IMG_3327-1024x682.jpg" alt="" class="wp-image-7158 lazyload" data-srcset="https://www.leshivernales.be/wp-content/uploads/2024/01/IMG_3327-1024x682.jpg 1024w, https://www.leshivernales.be/wp-content/uploads/2024/01/IMG_3327-500x333.jpg 500w, https://www.leshivernales.be/wp-content/uploads/2024/01/IMG_3327-768x512.jpg 768w, https://www.leshivernales.be/wp-content/uploads/2024/01/IMG_3327-600x400.jpg 600w, https://www.leshivernales.be/wp-content/uploads/2024/01/IMG_3327.jpg 1280w" data-sizes="(max-width: 1024px) 100vw, 1024px" src="data:image/svg+xml;base64,PHN2ZyB3aWR0aD0iMSIgaGVpZ2h0PSIxIiB4bWxucz0iaHR0cDovL3d3dy53My5vcmcvMjAwMC9zdmciPjwvc3ZnPg==" style="--smush-placeholder-width: 1024px; --smush-placeholder-aspect-ratio: 1024/682;" /></a></figure>
</div>
</div>

<!-- This site is optimized with the Yoast SEO plugin v27.4 - https://yoast.com/product/yoast-seo-wordpress/ -->
<title>Ksenia Ovsyanick, Principal of the Staatsballett Berlin - Les Hivernales de la Danse</title>
<meta name="robots" content="index, follow, max-snippet:-1, max-image-preview:large, max-video-preview:-1" />
<link rel="canonical" href="https://www.leshivernales.be/en/dancer/ksenia-ovsyanick-principal-of-the-staatsballett-berlin/" />
<meta property="og:locale" content="en_US" />
<meta property="og:type" content="article" />
<meta property="og:title" content="Ksenia Ovsyanick, Principal of the Staatsballett Berlin - Les Hivernales de la Danse" />
<meta property="og:description" content="Originaire de Russie, Ksenia débute sa formation au Belorussian State Ballet College, avant d’intégrer l’English National Ballet School (...)En savoir plus" />
<meta property="og:url" content="https://www.leshivernales.be/en/dancer/ksenia-ovsyanick-principal-of-the-staatsballett-berlin/" />
<meta property="og:site_name" content="Les Hivernales de la Danse" />
<meta property="article:publisher" content="https://www.facebook.com/leshivernalesdeladanse/" />
<meta property="article:modified_time" content="2024-01-03T16:32:01+00:00" />
<meta property="og:image" content="https://www.leshivernales.be/wp-content/uploads/2024/01/Ksenia_Ovsyanick_8288-.jpg" />
	<meta property="og:image:width" content="1200" />
	<meta property="og:image:height" content="1200" />
	<meta property="og:image:type" content="image/jpeg" />
<meta name="twitter:card" content="summary_large_image" />
<script type="application/ld+json" class="yoast-schema-graph">{"@context":"https:\/\/schema.org","@graph":[{"@type":"WebPage","@id":"https:\/\/www.leshivernales.be\/en\/dancer\/ksenia-ovsyanick-principal-of-the-staatsballett-berlin\/","url":"https:\/\/www.leshivernales.be\/en\/dancer\/ksenia-ovsyanick-principal-of-the-staatsballett-berlin\/","name":"Ksenia Ovsyanick, Principal of the Staatsballett Berlin - Les Hivernales de la Danse","isPartOf":{"@id":"https:\/\/www.leshivernales.be\/en\/#website"},"primaryImageOfPage":{"@id":"https:\/\/www.leshivernales.be\/en\/dancer\/ksenia-ovsyanick-principal-of-the-staatsballett-berlin\/#primaryimage"},"image":{"@id":"https:\/\/www.leshivernales.be\/en\/dancer\/ksenia-ovsyanick-principal-of-the-staatsballett-berlin\/#primaryimage"},"thumbnailUrl":"https:\/\/www.leshivernales.be\/wp-content\/uploads\/2024\/01\/Ksenia_Ovsyanick_8288-.jpg","datePublished":"2024-01-03T16:32:00+00:00","dateModified":"2024-01-03T16:32:01+00:00","breadcrumb":{"@id":"https:\/\/www.leshivernales.be\/en\/dancer\/ksenia-ovsyanick-principal-of-the-staatsballett-berlin\/#breadcrumb"},"inLanguage":"en-US","potentialAction":[{"@type":"ReadAction","target":["https:\/\/www.leshivernales.be\/en\/dancer\/ksenia-ovsyanick-principal-of-the-staatsballett-berlin\/"]}]},{"@type":"ImageObject","inLanguage":"en-US","@id":"https:\/\/www.leshivernales.be\/en\/dancer\/ksenia-ovsyanick-principal-of-the-staatsballett-berlin\/#primaryimage","url":"https:\/\/www.leshivernales.be\/wp-content\/uploads\/2024\/01\/Ksenia_Ovsyanick_8288-.jpg","contentUrl":"https:\/\/www.leshivernales.be\/wp-content\/uploads\/2024\/01\/Ksenia_Ovsyanick_8288-.jpg","width":1200,"height":1200},{"@type":"BreadcrumbList","@id":"https:\/\/www.leshivernales.be\/en\/dancer\/ksenia-ovsyanick-principal-of-the-staatsballett-berlin\/#breadcrumb","itemListElement":[{"@type":"ListItem","position":1,"name":"Home","item":"https:\/\/www.leshivernales.be\/en\/"},{"@type":"ListItem","position":2,"name":"Ksenia Ovsyanick, Principal of the Staatsballett Berlin"}]},{"@type":"WebSite","@id":"https:\/\/www.leshivernales.be\/en\/#website","url":"https:\/\/www.leshivernales.be\/en\/","name":"Les Hivernales de la Danse","description":"","potentialAction":[{"@type":"SearchAction","target":{"@type":"EntryPoint","urlTemplate":"https:\/\/www.leshivernales.be\/en\/?s={search_term_string}"},"query-input":{"@type":"PropertyValueSpecification","valueRequired":true,"valueName":"search_term_string"}}],"inLanguage":"en-US"}]}</script>
<!-- / Yoast SEO plugin. -->

Originaire de Russie, Ksenia débute sa formation au Belorussian State Ballet College, avant d’intégrer l’English National Ballet School (...)En savoir plus
